NOAA-Style Climate Reports


Relatório para o 2019 Abril
                   Monthly Climatological Summary for abr 2019

Name: Alto dos Moinhos, Cercal CDV   City: Cercal CDV   State: Portugal
Elevation: 124 m  Lat: N 39° 13' 34"   Lon: W 008° 59' 50"

                  Temperature (°C), Rain (mm), Wind Speed (km/h)

                                      Heat  Cool        Avg
    Mean                              Deg   Deg         Wind                 Dom
Day Temp  High   Time   Low    Time   Days  Days  Rain  Speed High   Time    Dir
----------------------------------------------------------------------------------
 1  14,5  19,9   15:45  10,6   23:25   3,9   0,1   2,2   5,3  28,9   17:14   NNO
 2  13,3  19,9   15:34   8,3   04:21   5,1   0,1   0,0  11,0  36,8   18:01   NNO
 3  11,3  15,1   14:45   9,4   05:36   7,0   0,0   0,0  20,8  56,2   17:17   NNO
 4  10,1  15,5   14:29   5,7   07:15   8,2   0,0   1,8   9,7  33,2   00:30   NNO
 5   9,3  13,2   16:51   5,5   06:00   9,0   0,0   8,6  11,6  48,3   14:43   NNO
 6  10,7  14,8   14:06   7,7   03:46   7,6   0,0   4,0  11,8  46,1   11:21   NNO
 7  12,5  16,2   16:10   9,6   00:00   5,6   0,0   1,4   7,3  28,9   12:03   SSO
 8  12,4  16,5   14:01   7,9   07:29   5,9   0,0   3,2   5,9  30,3   16:17    NO
 9  12,3  15,8   16:07   9,2   07:01   6,0   0,0   2,4  11,9  46,9   12:48   NNO
10  12,5  16,8   16:13  10,2   01:48   5,8   0,0   1,4  14,2  38,9   17:44   NNO
11  12,7  17,3   14:52   9,8   05:11   5,6   0,0   0,0  15,0  36,1   18:35   NNO
12  13,6  20,7   14:55   9,6   06:51   4,8   0,1   0,0  11,2  33,9   18:19   NNO
13  14,2  17,1   13:41  10,9   04:53   4,1   0,0   1,6   4,7  18,7   00:00     S
14  16,9  21,2   17:57  14,4   23:57   1,9   0,4   0,2   5,7  20,9   15:28     S
15  13,8  18,1   14:30   8,6   23:48   4,5   0,0   0,4   7,8  31,0   18:24   NNO
16  12,2  20,5   15:28   5,0   06:59   6,3   0,2   0,0   4,6  26,7   15:48   SSE
17  12,6  14,7   17:06  10,3   00:03   5,7   0,0   5,8   7,2  33,9   16:21     S
18  13,1  18,3   14:31   7,9   07:09   5,2   0,0   0,6   6,8  34,6   17:24   NNO
19  13,7  17,6   18:27  10,8   00:35   4,6   0,0   2,6   8,2  27,4   11:19   NNO
20  17,2  24,8   14:41  10,5   06:23   2,6   1,5   0,0   8,0  31,7   16:38   NNO
21  16,6  22,0   13:26  12,3   05:47   2,3   0,7   0,0  11,6  43,3   16:42   NNO
22  14,6  19,3   14:18  10,1   22:37   3,7   0,0   4,4  11,6  36,1   21:15   NNO
23  10,2  14,6   14:46   7,7   09:58   8,1   0,0   7,8   9,5  58,4   05:51    NO
24  12,8  17,0   13:29   9,2   01:21   5,5   0,0   9,4  10,2  41,8   17:24    SO
25  12,5  16,4   15:11   9,3   07:42   5,8   0,0   1,6  10,5  43,3   17:31   NNO
----------------------------------------------------------------------------------
    13,0  24,8    20     5,0    16   134,8   3,1  59,4   9,7  58,4    23     NNO

Max >=  25,0:  0
Max <=  18,0: 15
Min <=  10,0: 16
Min <=   5,0:  1
Max Rain: 9,4 on day 24
Days of Rain: 17 (>= 0,3 mm)  10 (>= 2,0 mm)  0 (>= 15,0 mm)
Heat Base: 18,3  Cool Base: 18,3  Method: Integration