NOAA-Style Climate Reports


Relatório para o 2020 Fevereiro
                   Monthly Climatological Summary for fev 2020

Name: Alto dos Moinhos, Cercal CDV   City: Cercal CDV   State: Portugal
Elevation: 124 m  Lat: N 39° 13' 34"   Lon: W 008° 59' 50"

                  Temperature (°C), Rain (mm), Wind Speed (km/h)

                                      Heat  Cool        Avg
    Mean                              Deg   Deg         Wind                 Dom
Day Temp  High   Time   Low    Time   Days  Days  Rain  Speed High   Time    Dir
----------------------------------------------------------------------------------
 1  15,5  17,4   12:33  13,4   23:55   2,8   0,0   0,2   5,0  20,2   12:20     S
 2  15,1  20,9   16:31  11,4   07:45   3,4   0,3   0,0   5,5  25,9   08:44   SSE
 3  15,1  22,1   12:53  10,2   23:56   3,6   0,5   0,2   5,9  21,6   13:07   SSE
 4  13,3  18,9   14:19   9,0   23:58   5,1   0,0   0,0   7,8  26,7   15:25   NNO
 5  13,8  21,7   16:31   7,3   02:15   4,7   0,3   0,0   6,2  27,4   12:55   SSE
 6  12,1  17,4   15:08   8,6   04:04   6,2   0,0   0,0   6,0  33,2   12:16   SSE
 7  12,1  17,6   12:58   7,7   03:07   6,2   0,0   0,0   3,8  18,0   16:54   SSE
 8  12,1  16,2   15:03   9,3   07:29   6,2   0,0   2,8   7,2  37,5   18:49    NO
 9  11,8  16,0   13:01   6,7   07:10   6,5   0,0   0,0   3,7  17,3   00:33   NNO
10  12,5  16,2   15:36   8,3   03:48   5,8   0,0   0,0   4,2  22,4   16:33   NNO
11  13,4  17,1   14:12  12,4   03:03   4,9   0,0   0,0  10,8  28,9   14:40   NNO
12  12,7  14,4   14:39  10,4   23:45   5,6   0,0   0,0   4,3  18,0   05:03   NNO
13  12,1  17,4   16:15   8,6   01:25   6,2   0,0   0,8   3,9  18,7   12:38   ONO
14  12,0  19,3   13:21   6,3   07:19   6,4   0,0   0,2   2,8  13,0   12:15     S
15  11,4  18,0   15:25   5,0   07:02   6,9   0,0   0,2   2,7  18,7   17:24    SE
16  11,7  16,8   15:20   6,6   06:40   6,6   0,0   0,0   7,5  22,4   12:29     S
17  13,5  16,2   13:51   9,8   23:54   4,8   0,0   0,6  14,7  39,6   06:39   NNO
18  10,6  14,2   14:33   8,3   06:30   7,7   0,0   0,0  19,2  47,6   13:20   NNO
19  12,0  21,7   16:40   4,8   07:47   6,5   0,3   0,0   5,0  20,9   00:07   NNO
20  11,8  20,8   14:07   5,5   02:30   6,6   0,2   0,0   4,8  23,8   22:19   NNO
21  14,2  25,1   16:41   6,4   07:23   4,8   0,7   0,0   4,8  18,0   12:40    NO
----------------------------------------------------------------------------------
    12,8  25,1    21     4,8    19   117,5   2,3   5,0   6,5  47,6    18     NNO

Max >=  25,0:  1
Max <=  18,0: 13
Min <=  10,0: 16
Min <=   5,0:  2
Max Rain: 2,8 on day 8
Days of Rain: 3 (>= 0,3 mm)  1 (>= 2,0 mm)  0 (>= 15,0 mm)
Heat Base: 18,3  Cool Base: 18,3  Method: Integration