NOAA-Style Climate Reports


Relatrio para o 2014 Novembro
                   Monthly Climatological Summary for Nov 2014

Name: Alto dos Moinhos, Cercal CDV   City: Cercal CDV   State: Portugal
Elevation: 124 m  Lat: N 39° 13' 34"   Lon: W 008° 59' 50"

                  Temperature (°C), Rain (mm), Wind Speed (km/h)

                                      Heat  Cool        Avg
    Mean                              Deg   Deg         Wind                 Dom
Day Temp  High   Time   Low    Time   Days  Days  Rain  Speed High   Time    Dir
----------------------------------------------------------------------------------
 1  18,5  22,5   13:00  15,1   23:59   0,6   0,7   0,5   7,6  45,0   15:40   NNO
 2  15,9  20,1   13:51  13,6   21:22   2,6   0,1   0,0   7,3  42,7   02:38   NNO
 3  16,0  19,4   11:14  12,4   06:39   2,4   0,1  22,0   9,7  60,2   22:37     O
 4  12,2  15,9   13:39  10,3   21:31   6,1   0,0  12,5  13,4  58,0   06:48   NNO
 5  13,0  17,4   13:28   9,6   23:45   5,3   0,0   0,0  10,1  44,2   13:19   NNO
 6  14,2  18,8   11:57   9,6   00:14   4,1   0,0   0,0   5,3  40,4   21:45   SSO
 7  16,0  18,4   14:37  12,6   23:00   2,3   0,0   5,0   7,4  41,9   07:03   NNO
 8  14,2  18,5   11:12  11,0   23:51   4,1   0,0  11,3   6,0  52,6   17:48   NNO
 9  11,9  16,0   14:29   9,5   22:43   6,4   0,0   4,2   7,5  48,1   13:16   NNO
10  12,5  16,7   19:55   8,7   04:56   5,8   0,0  20,3   7,5  51,0   12:18     S
11  15,6  18,2   11:17  13,6   21:08   2,7   0,0   2,5   4,7  63,3   03:52   NNO
12  16,0  20,4   13:55  12,6   03:58   2,4   0,1   2,5   2,4  29,0   08:57    SO
13  17,6  20,2   12:58  14,5   23:50   1,0   0,3  19,0   0,0   4,6   00:43   ---
14  13,3  18,5   12:26   9,1   23:12   4,9   0,0   9,8   1,0  45,8   20:33   NNO
15  13,6  17,6   10:58  10,5   00:42   4,7   0,0   0,5   5,3  54,2   15:08   NNO
16  13,6  17,8   13:36  10,4   05:35   4,7   0,0   0,0   3,3  23,7   13:49   NNO
17  13,5  18,4   14:29   8,2   23:58   4,8   0,0   0,0   2,8  24,4   12:43   NNO
18  12,4  16,3   15:20   8,1   00:00   5,9   0,0   7,5  12,6  46,5   11:41     S
19  14,6  16,8   22:57  13,7   01:44   3,7   0,0  45,7   5,3  47,3   22:37   SSE
20  15,3  16,8   00:00  13,2   22:52   3,0   0,0  13,5   6,0  44,2   05:12     S
21  15,7  20,9   13:24  12,3   07:48   2,9   0,3   0,0   4,6  38,2   03:46   SSE
22  14,8  17,3   15:03  11,6   02:49   3,5   0,0   2,0   6,0  33,6   17:23    NO
23  14,2  15,0   05:38  13,5   19:09   4,1   0,0   2,0  11,9  51,1   12:39   NNO
24  15,7  20,8   11:12  11,8   07:09   2,9   0,4   0,0   8,3  48,8   20:04   NNO
25  14,2  17,1   14:50   9,7   23:56   4,0   0,0   0,0   9,1  42,7   01:46   NNO
26  10,5  12,7   14:37   7,6   03:08   7,7   0,0  19,0   5,1  38,9   08:18   SSE
27  11,1  14,3   13:47   8,0   04:55   7,2   0,0  15,7   7,9  53,4   21:14     S
28  10,9  14,9   12:25   8,6   08:04   7,4   0,0   2,8   7,2  37,4   00:44   SSO
29  12,3  16,8   13:11   7,6   08:06   6,0   0,0   0,0  11,1  53,4   23:02   NNO
30  14,5  16,5   14:21  12,3   07:22   3,8   0,0   0,7  11,5  45,8   14:31   NNO
----------------------------------------------------------------------------------
    14,1  22,5     1     7,6    26   127,0   2,0 219,0   6,9  63,3    11      NO

Max >=  27,0:  0
Max <=   0,0:  0
Min <=   0,0:  0
Min <= -18,0:  0
Max Rain: 45,7 on day 19
Days of Rain: 21 (>= 0,2 mm)  18 (>= 2,0 mm)  3 (>= 20,0 mm)
Heat Base: 18,3  Cool Base: 18,3  Method: Integration