NOAA-Style Climate Reports


Relatório para o 2019
                   Annual Climatological Summary for 2019

Name: Alto dos Moinhos, Cercal CDV   City: Cercal CDV   State: Portugal
Elevation: 124 m  Lat: N 39° 13' 34"   Lon: W 008° 59' 50"

                  Temperature (°C), Heat Base: 18,3  Cool Base: 18,3
                          Dep.  Heat  Cool                       Max  Max  Min  Min
        Mean  Mean        From  Deg   Deg                        >=   <=   <=   <=
 YR MO  Max   Min   Mean  Norm  Days  Days  Hi  Date  Low  Date 25,0 18,0 10,0   5,0
------------------------------------------------------------------------------------
 19  1  15,7   5,5   9,8   0.0   262     0  22,5   9  -1,1    6    0   26   25   15
 19  2  17,8   6,2  11,2   0.0   200     3  25,1  25   0,2    4    1   16   28    8
 19  3  20,2   8,1  13,8   0.0   154    13  26,0  25   4,4   15    1    9   23    3
 19  4  18,3   9,5  13,4   0.0   153     6  26,5  28   5,0   16    1   16   17    1
 19  5  23,9  13,1  17,9   0.0    65    53  34,9  30   8,7   19   11    2    1    0
 19  6  23,0  13,5  17,5   0.0    56    34  34,0   1   8,5    6    5    0    2    0
 19  7  25,1  16,4  19,8   0.0    17    64  32,0  10  11,2    5   14    0    0    0
 19  8  26,6  16,8  20,6   0.0    13    84  36,4  22  14,9   12   22    0    0    0
 19  9  30,5  15,6  22,2   0.0     9    64  35,4   3  11,2   11   12    0    0    0
 19 10
 19 11
 19 12
------------------------------------------------------------------------------------
        22,3  11,6  16,3   0.0   934   325  36,4 ago  -1,1  jan   67   69   96   27

                                Precipitation (mm)

              Dep.   Max        Days of Rain
              From   Obs.           >=
 YR MO Total  Norm   Day Date  0,3  2,0 15,0
---------------------------------------------
 19  1  38,4   0.0  14,4  31     8    4    0
 19  2  26,4   0.0  11,4  17     5    4    0
 19  3  17,4   0.0   9,8   6     4    2    0
 19  4  59,4   0.0   9,4  24    17   10    0
 19  5   5,8   0.0   4,2   8     4    1    0
 19  6   5,2   0.0   1,8  25     4    0    0
 19  7   1,6   0.0   1,6  27     1    0    0
 19  8   2,8   0.0   1,6   9     2    0    0
 19  9   0,0   0.0   0,0   0     0    0    0
 19 10
 19 11
 19 12
---------------------------------------------
       157,0   0.0  14,4  jan   45   21    0

                                Wind Speed (km/h)
                          Dom
 YR MO   Avg.  Hi   Date  Dir
------------------------------
 19  1   9,4  62,7   23   NNO
 19  2   7,3  83,6    1    NO
 19  3   9,5  54,1    6   NNO
 19  4  10,5  58,4   23   NNO
 19  5  13,2  60,6   16   NNO
 19  6  13,6  51,2   11   NNO
 19  7  15,9  54,8   30   NNO
 19  8  17,3  55,5   19   NNO
 19  9  11,4  60,6   10   NNO
 19 10
 19 11
 19 12
------------------------------
        12,0  83,6  fev   NNO