NOAA-Style Climate Reports


Relatório para o 2019 Maio
                   Monthly Climatological Summary for mai 2019

Name: Alto dos Moinhos, Cercal CDV   City: Cercal CDV   State: Portugal
Elevation: 124 m  Lat: N 39° 13' 34"   Lon: W 008° 59' 50"

                  Temperature (°C), Rain (mm), Wind Speed (km/h)

                                      Heat  Cool        Avg
    Mean                              Deg   Deg         Wind                 Dom
Day Temp  High   Time   Low    Time   Days  Days  Rain  Speed High   Time    Dir
----------------------------------------------------------------------------------
 1  15,2  19,6   14:05  12,7   00:00   3,2   0,1   0,0  22,1  46,1   16:03   NNO
 2  17,7  25,8   13:27  12,0   05:50   2,4   1,8   0,0  13,1  33,2   15:21   NNO
 3  18,4  25,3   13:03  13,3   06:03   1,7   1,7   0,0  12,7  35,3   16:55   NNO
 4  18,7  27,6   15:28  11,6   06:52   2,0   2,5   0,0   8,7  33,2   17:15   NNO
 5  15,9  22,8   13:52  11,8   06:05   3,0   0,6   0,0  12,1  32,4   17:48   NNO
 6  15,4  20,0   15:25  12,0   06:23   3,1   0,2   0,0   7,2  31,0   17:05   NNO
 7  17,0  19,1   11:10  14,0   00:00   1,4   0,1   0,0   6,5  25,9   13:29   SSO
 8  16,5  20,5   14:12  14,1   23:51   1,9   0,1   4,2   7,4  32,4   13:02   ONO
 9  16,1  19,2   16:13  13,6   04:18   2,2   0,1   0,8   6,7  25,9   19:44    SO
10  17,1  21,0   15:39  13,6   23:19   1,5   0,3   0,4   8,3  33,9   15:41    NO
11  17,3  23,4   14:08  12,2   06:20   2,3   1,3   0,0  14,5  34,6   08:17   NNO
12  22,7  32,6   17:15  12,3   02:17   1,0   5,4   0,0   4,8  28,9   13:09   ESE
13  25,0  33,5   16:12  18,0   23:59   0,0   6,7   0,0   7,0  24,5   17:45   NNE
14  21,6  29,4   14:05  14,5   02:52   0,6   4,0   0,0   7,8  32,4   16:08   NNO
15  17,7  23,9   14:30  13,8   06:49   1,8   1,2   0,0  17,5  44,7   22:15   NNO
16  14,8  18,3   13:41  12,7   23:34   3,5   0,0   0,0  25,8  60,6   12:19   NNO
17  13,9  18,0   14:55  11,8   05:25   4,4   0,0   0,0  19,3  46,9   10:53   NNO
18  13,5  16,7   15:00  10,6   05:02   4,8   0,0   0,0  13,6  38,2   13:22   NNO
19  14,5  20,1   13:35   8,7   06:53   4,0   0,2   0,0  10,7  33,2   16:33   NNO
20  15,2  20,8   14:51  10,8   05:34   3,4   0,3   0,0  14,5  38,2   16:36   NNO
21  17,1  22,2   14:12  13,5   04:31   2,0   0,8   0,4   9,5  36,8   18:21   NNO
22  17,0  22,2   14:05  13,1   04:36   2,2   0,9   0,0  15,9  37,5   18:19   NNO
23  16,5  21,7   13:04  13,6   04:16   2,3   0,5   0,0  21,0  46,1   20:13   NNO
24  16,5  20,7   14:15  13,8   04:47   2,1   0,3   0,0  26,0  54,1   15:46   NNO
25  18,9  25,5   14:00  13,3   06:27   1,6   2,2   0,0  14,4  38,9   14:47   NNO
26  18,8  26,3   12:33  14,3   05:35   1,6   2,1   0,0  17,3  46,1   15:17   NNO
----------------------------------------------------------------------------------
    17,3  33,5    13     8,7    19    60,0  33,4   5,8  13,2  60,6    16     NNO

Max >=  25,0:  8
Max <=  18,0:  2
Min <=  10,0:  1
Min <=   5,0:  0
Max Rain: 4,2 on day 8
Days of Rain: 4 (>= 0,3 mm)  1 (>= 2,0 mm)  0 (>= 15,0 mm)
Heat Base: 18,3  Cool Base: 18,3  Method: Integration