NOAA-Style Climate Reports


Relatório para o 2018 Maio
                   Monthly Climatological Summary for mai 2018

Name: Alto dos Moinhos, Cercal CDV   City: Cercal CDV   State: Portugal
Elevation: 124 m  Lat: N 39° 13' 34"   Lon: W 008° 59' 50"

                  Temperature (°C), Rain (mm), Wind Speed (km/h)

                                      Heat  Cool        Avg
    Mean                              Deg   Deg         Wind                 Dom
Day Temp  High   Time   Low    Time   Days  Days  Rain  Speed High   Time    Dir
----------------------------------------------------------------------------------
 1  12,0  16,1   14:42   7,9   23:46   6,3   0,0   0,0  15,0  40,4   12:25   NNO
 2  11,2  15,8   17:06   7,0   02:40   7,1   0,0   0,6   3,8  22,4   14:41    SO
 3  13,3  17,2   11:06  10,6   02:12   5,0   0,0   0,0  16,5  40,4   12:48   NNO
 4  15,6  22,4   14:33   9,7   06:53   3,4   0,7   0,0   9,2  30,3   15:21   NNO
 5  16,7  25,4   15:42   8,4   06:33   3,3   1,7   0,0   6,4  31,0   16:10   NNO
 6  18,2  26,6   13:54  11,0   06:06   2,2   2,1   0,0   8,3  35,3   17:45   NNO
 7  17,6  24,8   14:17  13,1   03:33   1,9   1,3   0,0  12,1  36,8   17:24   NNO
 8  14,3  16,9   16:46  13,1   05:20   4,0   0,0   0,0  21,0  47,6   16:14   NNO
 9  13,7  14,8   17:32  12,3   22:23   4,6   0,0   0,2  22,4  49,7   18:41   NNO
10  14,9  19,7   16:20  12,1   06:55   3,5   0,1   0,0  20,2  53,4   02:16   NNO
11  14,9  21,2   15:35  11,9   06:58   3,5   0,2   0,0  13,2  36,1   23:19   NNO
12  13,0  16,7   14:40   9,3   23:57   5,3   0,0   0,2  18,3  46,1   16:54   NNO
13  12,7  18,0   15:27   7,5   00:51   5,5   0,0   0,0  15,8  40,4   17:12   NNO
14  14,0  18,4   15:28   0,0   00:28   4,2   0,0   0,0  19,7  50,5   18:23   NNO
15  17,0  23,7   15:37  12,4   06:27   2,6   1,3   0,0  14,7  38,9   15:51   NNO
16  19,5  28,6   14:25  12,2   04:34   1,9   3,1   0,0  11,3  31,7   00:47   NNO
17  19,7  28,3   14:45  13,7   06:59   1,3   2,7   0,0  11,4  36,1   18:42   NNO
18  17,6  24,5   15:17  13,2   06:18   2,1   1,4   0,0   8,4  28,1   15:59   NNO
19  17,7  25,8   14:10  10,4   06:24   2,4   1,9   0,0   7,8  31,0   18:10   NNO
20  16,1  21,7   17:26  13,8   23:47   2,3   0,2   0,0  13,4  33,2   18:54   NNO
21  16,0  22,5   14:11  12,2   03:16   3,1   0,7   0,0   9,1  31,0   17:27   NNO
22  15,5  20,0   16:51  11,7   01:59   3,0   0,2   0,0   5,8  33,9   13:31     S
23  16,4  24,1   14:52  10,6   05:47   2,8   0,9   0,0   7,1  29,6   19:04    NO
24  15,3  16,7   16:26  14,2   23:42   2,5   0,0  10,2   5,0  28,9   08:31   NNO
----------------------------------------------------------------------------------
    15,5  28,6    16     0,0    14    83,8  18,5  11,2  12,4  53,4    10     NNO

Max >=  25,0:  5
Max <=  18,0:  8
Min <=  10,0:  7
Min <=   5,0:  1
Max Rain: 10,2 on day 24
Days of Rain: 2 (>= 0,3 mm)  1 (>= 2,0 mm)  0 (>= 15,0 mm)
Heat Base: 18,3  Cool Base: 18,3  Method: Integration