NOAA-Style Climate Reports


Relatório para o 2019 Setembro
                   Monthly Climatological Summary for set 2019

Name: Alto dos Moinhos, Cercal CDV   City: Cercal CDV   State: Portugal
Elevation: 124 m  Lat: N 39° 13' 34"   Lon: W 008° 59' 50"

                  Temperature (°C), Rain (mm), Wind Speed (km/h)

                                      Heat  Cool        Avg
    Mean                              Deg   Deg         Wind                 Dom
Day Temp  High   Time   Low    Time   Days  Days  Rain  Speed High   Time    Dir
----------------------------------------------------------------------------------
 1  19,6  25,8   15:59  16,4   07:00   0,6   1,9   0,0  19,7  42,6   02:53   NNO
 2  22,8  34,4   15:04  14,6   07:41   0,8   5,4   0,0  10,3  32,4   18:17   NNO
 3  25,1  35,4   14:28  16,1   07:53   0,3   7,1   0,0   8,2  35,3   17:33   NNO
 4  23,2  30,3   14:11  17,0   23:50   0,1   5,0   0,0  14,0  36,8   18:32   NNO
 5  22,9  33,7   13:46  16,1   05:27   0,6   5,2   0,0  11,4  35,3   01:55   NNO
 6  24,2  32,9   15:00  17,8   00:16   0,0   6,0   0,0   8,6  31,0   16:44   NNO
 7  23,3  32,9   15:20  13,9   03:14   0,4   5,4   0,0   7,0  27,4   15:40   NNO
 8  21,9  32,4   15:42  12,7   07:30   1,3   4,9   0,0   6,6  30,3   15:18   NNO
 9  17,6  22,1   15:08  15,4   05:40   1,3   0,6   0,0  17,3  49,7   17:59   NNO
10  17,0  21,0   14:39  14,4   06:46   1,7   0,4   0,0  23,8  60,6   15:28   NNO
11  19,1  26,5   13:00  11,2   07:46   1,8   2,6   0,0  12,1  39,6   15:31   NNO
12  24,2  33,9   16:03  14,0   02:51   0,5   6,5   0,0   6,7  35,3   14:40   NNE
13  26,1  33,7   14:23  19,5   04:15   0,0   7,8   0,0   6,7  36,8   15:53    NE
14  24,4  31,4   15:09  18,6   07:30   0,0   6,1   0,0   7,0  33,2   17:08   NNE
15  23,3  29,7   13:53  17,9   23:54   0,0   5,0   0,0   7,9  32,4   14:54   NNO
16  19,8  28,2   14:44  14,7   07:29   0,9   2,4   0,0   8,0  28,9   17:20   NNO
17  19,5  27,7   14:12  13,9   06:30   1,3   2,4   0,0   7,5  32,4   14:53   NNO
18  18,2  24,9   14:20  14,8   02:03   1,4   1,3   0,0  13,7  33,9   16:41   NNO
19  19,2  24,1   14:50  17,3   06:13   0,4   1,2   0,0  13,1  33,2   14:19   NNO
20  18,9  23,2   14:17  16,2   07:55   0,6   1,2   2,0   6,2  22,4   21:31     S
21  18,7  21,9   14:29  15,9   20:26   0,4   0,8   6,4   7,7  42,6   14:38     S
----------------------------------------------------------------------------------
    21,4  35,4     3    11,2    11    14,4  79,2   8,4  10,6  60,6    10     NNO

Max >=  25,0: 15
Max <=  18,0:  0
Min <=  10,0:  0
Min <=   5,0:  0
Max Rain: 6,4 on day 21
Days of Rain: 2 (>= 0,3 mm)  2 (>= 2,0 mm)  0 (>= 15,0 mm)
Heat Base: 18,3  Cool Base: 18,3  Method: Integration