NOAA-Style Climate Reports


Relatório para o 2017 Junho
                   Monthly Climatological Summary for jun 2017

Name: Alto dos Moinhos, Cercal CDV   City: Cercal CDV   State: Portugal
Elevation: 124 m  Lat: N 39° 13' 34"   Lon: W 008° 59' 50"

                  Temperature (°C), Rain (mm), Wind Speed (km/h)

                                      Heat  Cool        Avg
    Mean                              Deg   Deg         Wind                 Dom
Day Temp  High   Time   Low    Time   Days  Days  Rain  Speed High   Time    Dir
----------------------------------------------------------------------------------
 1  17,6  23,0   14:39  15,1   02:50   1,5   0,8   0,0  16,3  42,6   23:19   NNO
 2  17,9  23,3   15:05  14,5   05:37   1,4   1,0   0,0  18,5  52,6   20:01   NNO
 3  17,0  19,9   12:40  14,8   23:19   1,5   0,2   0,0  20,8  60,6   15:21   NNO
 4  16,8  20,3   12:52  14,3   05:29   1,8   0,3   0,0  22,8  85,8   11:59   NNO
 5  17,7  22,2   14:42  13,5   06:11   1,6   1,0   0,0  14,6  41,8   10:45   NNO
 6  17,8  22,5   13:45  14,2   23:39   1,3   0,8   0,4  12,7  42,6   12:19   NNO
 7  20,2  28,8   14:20  13,3   05:09   1,6   3,5   0,0  12,3  45,4   11:46    NO
 8  19,0  23,3   17:19  16,1   06:50   0,6   1,3   0,0  14,0  54,8   20:58    NO
 9  19,7  25,2   14:09  16,6   23:57   0,5   1,9   0,0  13,3  51,2   14:34   NNO
10  19,5  25,4   13:06  15,4   04:46   1,0   2,2   0,0  13,6  42,6   16:57    NO
11  19,8  25,2   14:12  16,5   23:24   0,4   2,0   0,0  17,9  44,7   07:13   NNO
12  19,7  26,8   16:12  15,3   05:51   1,0   2,4   0,0  14,7  46,1   00:54    NO
13  26,6  33,8   16:45  19,0   00:00   0,0   3,4   0,0   9,8  31,7   22:18    NO
14  20,0  26,7   14:19  16,1   05:57   0,6   2,3   0,0  11,4  41,1   18:10    NO
15  19,0  24,0   14:45  15,8   03:34   0,9   1,7   0,0  16,7  50,5   10:29    NO
16  22,4  31,4   15:50  15,9   06:13   0,7   4,8   0,0  12,7  38,9   05:08    NO
17  28,6  38,3   13:55  18,6   02:36   0,0  10,3   0,0   6,8  33,9   17:30   NNO
18  28,2  33,0   16:32  22,1   23:59   0,0   9,9   0,0   6,9  33,9   17:02    NO
19  26,6  39,3   16:54  18,9   05:51   0,0   8,3   0,0   5,4  42,6   18:37     N
20  26,0  35,2   14:14  18,4   05:14   0,0   7,7   0,0   7,4  44,0   17:29   ONO
21  21,6  26,9   16:14  18,4   07:08   0,0   3,3   0,0   7,5  33,9   17:42    NO
22  20,6  25,7   15:52  17,5   06:25   0,1   2,4   0,0  12,4  53,4   18:42   NNO
23  20,6  25,9   12:15  16,9   05:11   0,3   2,6   0,0  13,0  37,5   16:44   NNO
24  18,7  22,6   16:13  15,9   06:19   0,6   1,0   0,0  11,7  36,8   07:45    NO
----------------------------------------------------------------------------------
    20,9  39,3    19    13,3     7    17,4  75,1   0,4  13,1  85,8     4     NNO

Max >=  25,0: 15
Max <=  18,0:  0
Min <=  10,0:  0
Min <=   5,0:  0
Max Rain: 0,4 on day 6
Days of Rain: 1 (>= 0,3 mm)  0 (>= 2,0 mm)  0 (>= 15,0 mm)
Heat Base: 18,3  Cool Base: 18,3  Method: Integration