NOAA-Style Climate Reports


Relatrio para o 2014 Junho
                   Monthly Climatological Summary for Jun 2014

Name: Alto dos Moinhos, Cercal CDV   City: Cercal CDV   State: Portugal
Elevation: 124 m  Lat: N 39° 13' 34"   Lon: W 008° 59' 50"

                  Temperature (°C), Rain (mm), Wind Speed (km/h)

                                      Heat  Cool        Avg
    Mean                              Deg   Deg         Wind                 Dom
Day Temp  High   Time   Low    Time   Days  Days  Rain  Speed High   Time    Dir
----------------------------------------------------------------------------------
 1  17,9  24,7   12:19  10,6   05:28   2,1   1,8   0,0  13,5  52,6   17:17   NNO
 2  15,9  20,8   16:33  13,7   01:51   2,5   0,2   0,0  21,0  65,8   18:53   NNO
 3  15,9  19,4   16:13  14,0   06:06   2,4   0,1   0,0  22,3  53,7   18:37   NNO
 4  15,6  20,2   16:08  12,5   23:13   2,8   0,2   0,0  17,1  48,3   13:29     N
 5  16,1  24,0   16:55   9,0   06:35   3,2   1,0   0,0   7,5  35,4   15:06   OSO
 6  16,0  19,7   13:59  13,7   23:52   2,4   0,1   9,5   9,8  50,1   08:30     S
 7  16,5  21,5   16:36  12,3   23:49   2,5   0,7   0,3   9,7  39,9   14:46   SSO
 8  15,3  22,7   15:09  10,7   05:06   2,8   0,4   0,0   4,7  33,4   14:33    SO
 9  17,7  23,0   15:09  12,8   05:55   1,8   1,2   0,0   6,5  39,0   15:29   NNO
10  17,7  22,4   15:58  14,9   04:23   1,5   0,9   0,0  14,2  40,4   19:03   NNO
11  19,4  26,5   14:34  14,2   05:57   1,3   2,5   0,0  14,8  41,1   16:59   NNO
12  23,8  33,7   14:02  17,0   06:19   0,1   5,5   0,0  12,4  39,9   17:28   NNO
13  21,6  28,3   16:15  16,8   06:46   0,2   3,5   0,0  16,8  40,8   03:43   NNO
14  24,5  32,7   15:54  17,4   01:02   0,0   6,1   0,0  13,7  38,5   16:24   NNO
15  25,6  34,4   16:55  16,8   05:26   0,1   7,4   0,0   8,5  36,9   17:48   NNE
16  25,4  32,9   16:00  18,1   02:03   0,0   7,1   0,0   8,4  33,0   17:59     N
17  21,0  27,6   17:55  15,3   02:53   0,6   3,3   0,0   9,1  35,9   12:00     S
18  19,3  23,2   17:31  15,9   03:01   0,5   1,5   0,0   6,0  35,9   18:07   NNO
19  19,0  24,2   13:53  13,0   06:16   1,1   1,8   0,0   8,1  40,7   16:35   NNO
20  19,1  24,6   16:05  12,1   06:28   1,3   2,0   0,0   8,3  36,7   17:45   SSO
21  19,7  24,2   15:02  14,9   23:57   0,5   1,9   0,0   7,9  39,4   13:23   SSO
22  16,7  21,3   16:54  12,3   05:07   2,0   0,4  21,0   3,9  34,1   13:29     N
23  17,2  23,1   14:16  15,1   03:07   1,6   0,5   2,2   3,8  30,7   13:35   SSO
24  18,9  22,9   14:39  15,3   00:31   0,8   1,5   0,0  12,0  40,4   17:40   NNO
25  18,6  22,0   13:50  16,5   23:54   0,5   0,7   0,0  17,5  46,1   13:51   NNO
26  19,0  23,3   15:58  15,9   04:18   0,7   1,4   0,0  15,0  40,9   14:30   NNO
27  19,0  23,4   16:24  15,2   04:04   0,9   1,6   0,0  14,1  39,8   17:27   NNO
28  18,0  22,9   13:10  13,3   04:48   1,4   1,1   0,3   9,7  40,7   18:18   NNO
29  18,1  22,4   15:52  14,9   06:29   1,2   1,0   0,0  17,0  44,7   16:53     N
30  18,3  22,8   16:41  14,5   06:02   1,3   1,3   0,0  16,2  41,2   18:13   NNO
----------------------------------------------------------------------------------
    18,9  34,4    15     9,0     5    40,1  58,7  33,3  11,7  65,8     2     NNO

Max >=  27,0:  6
Max <=   0,0:  0
Min <=   0,0:  0
Min <= -18,0:  0
Max Rain: 21,0 on day 22
Days of Rain: 5 (>= 0,2 mm)  3 (>= 2,0 mm)  1 (>= 20,0 mm)
Heat Base: 18,3  Cool Base: 18,3  Method: Integration