NOAA-Style Climate Reports


Relatrio para o 2024 Junho
                   Monthly Climatological Summary for jun 2024

Name: Alto dos Moinhos, Cercal CDV   City: Cercal CDV   State: Portugal
Elevation: 124 m  Lat: N 39° 13' 34"   Lon: W 008° 59' 50"

                  Temperature (°C), Rain (mm), Wind Speed (km/h)

                                      Heat  Cool        Avg
    Mean                              Deg   Deg         Wind                 Dom
Day Temp  High   Time   Low    Time   Days  Days  Rain  Speed High   Time    Dir
----------------------------------------------------------------------------------
 1  24,8  36,9   15:03  15,7   05:45   0,3   6,8   0,0   9,0  31,0   17:01    NO
 2  23,0  35,8   14:05  16,2   04:48   0,1   4,8   0,0  10,3  38,9   15:40   NNO
 3  22,4  28,2   15:20  17,1   06:41   0,1   4,1   0,0  10,5  34,6   17:52   NNO
 4  21,0  26,8   15:45  17,1   06:43   0,1   2,8   0,0  14,0  36,1   18:42   NNO
 5  19,2  23,4   15:49  16,0   23:49   0,7   1,6   0,0  14,3  33,2   20:33   NNO
 6  19,0  27,5   14:18  14,5   05:35   1,3   2,0   0,0  15,6  34,6   23:03    NO
 7  20,7  27,9   13:00  16,8   06:02   0,2   2,6  11,6   8,5  37,5   01:07     O
 8  18,9  21,8   17:37  16,4   23:58   0,3   0,9   2,0   6,3  23,1   00:56   SSO
 9  18,0  21,8   12:21  15,7   02:42   0,9   0,6   0,0   9,9  29,6   21:23   NNO
10  19,2  25,0   17:28  16,0   03:09   0,8   1,7   0,0   9,4  27,4   22:16   NNO
11  18,2  22,2   14:34  16,0   05:21   1,0   0,9   0,0  20,1  48,3   17:49   NNO
12  17,5  21,5   15:21  15,0   23:55   1,4   0,7   0,0  21,7  53,4   16:27   NNO
13  17,8  22,8   15:43  14,2   03:30   1,7   1,2   0,0  18,6  42,6   14:39   NNO
14  18,4  23,5   13:33  15,1   22:47   1,1   1,2   0,0  16,9  40,4   15:43   NNO
15  16,9  21,4   14:14  13,3   05:13   2,0   0,7   0,0  18,3  44,7   13:22   NNO
16  18,4  23,4   15:39  14,4   03:12   1,4   1,5   0,0  14,4  39,6   15:02   NNO
17  19,2  24,5   14:08  14,9   06:06   0,7   1,6   1,0   6,5  30,3   17:40     O
18  18,8  22,6   17:42  15,8   03:26   0,8   1,3   5,4   8,5  31,0   14:33   ONO
19  17,9  22,7   15:29  13,9   06:42   1,4   1,0   0,0  12,1  40,4   13:12   NNO
20  17,3  20,9   14:17  14,7   23:54   1,4   0,3   0,0  17,8  40,4   13:00   NNO
21  17,8  22,1   13:45  14,3   23:50   1,5   1,0   0,0  19,7  45,4   16:54   NNO
22  18,5  25,0   14:10  13,3   04:53   1,8   2,0   0,0  19,2  42,6   17:17    NO
23  20,1  26,1   14:41  16,2   07:28   0,7   2,5   0,0  19,7  40,4   02:37    NO
24  19,1  25,9   14:47  16,7   05:33   0,7   1,5   0,0  21,2  46,1   19:22    NO
25  17,7  20,7   14:36  15,7   23:31   1,1   0,5   0,0  18,1  42,6   02:58   NNO
26  19,2  24,8   15:39  15,8   00:00   0,8   1,7   1,2   8,0  23,8   00:54    NO
27  19,1  24,6   15:38  15,9   05:35   0,6   1,4   0,4  11,1  29,6   05:03    NO
28  17,7  19,7   13:59  16,6   23:53   0,7   0,2   6,0   9,5  32,4   16:18   NNO
29  16,8  19,6   17:14  16,0   06:34   1,5   0,0   0,0  14,8  37,5   17:04   NNO
30  18,7  23,0   14:16  16,6   23:32   0,6   1,1   1,2  10,2  33,9   17:22   NNO
----------------------------------------------------------------------------------
    19,0  36,9     1    13,3    15    27,7  50,2  28,8  13,8  53,4    12      NO

Max >=  25,0: 10
Max <=  18,0:  0
Min <=  10,0:  0
Min <=   5,0:  0
Max Rain: 11,6 on day 7
Days of Rain: 8 (>= 0,3 mm)  4 (>= 2,0 mm)  0 (>= 15,0 mm)
Heat Base: 18,3  Cool Base: 18,3  Method: Integration