NOAA-Style Climate Reports


Relatrio para o 2024 Maro
                   Monthly Climatological Summary for mar 2024

Name: Alto dos Moinhos, Cercal CDV   City: Cercal CDV   State: Portugal
Elevation: 124 m  Lat: N 39° 13' 34"   Lon: W 008° 59' 50"

                  Temperature (°C), Rain (mm), Wind Speed (km/h)

                                      Heat  Cool        Avg
    Mean                              Deg   Deg         Wind                 Dom
Day Temp  High   Time   Low    Time   Days  Days  Rain  Speed High   Time    Dir
----------------------------------------------------------------------------------
 1  12,0  16,1   11:49   9,1   02:27   6,3   0,0   1,2   9,8  34,6   14:18    NO
 2  11,5  15,1   14:26   9,1   23:37   6,8   0,0   7,8  14,3  53,4   16:25    NO
 3  12,1  16,5   14:20   8,7   02:39   6,2   0,0   0,6  10,1  37,5   11:17    NO
 4  13,3  17,3   14:25  10,6   23:13   5,0   0,0   2,0  10,1  44,7   13:49    NO
 5  11,8  17,1   14:43   7,1   07:05   6,5   0,0   0,0   5,7  23,8   17:25   NNO
 6  10,6  16,9   14:23   4,7   06:30   7,7   0,0   0,2   6,4  27,4   16:29   SSE
 7  10,9  14,3   14:49   9,2   07:58   7,4   0,0  20,2  10,8  41,8   23:22    SO
 8  11,5  15,3   12:32   8,9   07:12   6,8   0,0  10,4  10,8  54,8   18:01     O
 9  10,7  13,8   15:03   8,4   05:32   7,6   0,0   8,0  12,7  50,5   12:20    NO
10  13,0  16,6   13:37   9,6   04:27   5,3   0,0   2,6  18,0  58,4   10:38   NNO
11  12,9  17,2   15:13   8,7   05:26   5,4   0,0   0,0   8,9  31,0   15:04   NNO
12  13,1  20,1   15:52   5,5   05:42   5,4   0,2   0,0   4,5  24,5   14:35   SSE
13  14,2  20,6   14:51   9,5   03:51   4,4   0,3   0,0   5,8  29,6   11:54   SSE
14  13,9  20,1   14:47   7,6   05:00   4,5   0,1   0,0   6,0  25,9   13:40   SSE
15  15,4  16,8   19:33  14,2   21:49   2,9   0,0   7,6   5,4  16,6   22:16   SSE
16  16,9  22,7   15:23  13,1   23:56   2,1   0,7   0,0   6,0  25,9   13:18   SSE
17  18,0  26,5   15:09  12,2   02:30   2,2   1,9   0,0   3,8  15,9   10:59   SSE
18  16,8  24,8   14:55  11,7   07:00   2,5   1,0   0,0   9,1  33,9   15:51    NO
19  14,4  18,5   16:27  12,2   22:57   3,9   0,0   0,0  15,1  34,6   11:51    NO
20  14,2  19,4   12:41  11,2   06:40   4,1   0,0   0,0  16,2  41,8   20:37   NNO
21  15,9  21,3   14:25  10,3   07:02   3,0   0,6   0,0   7,5  30,3   00:15    NO
22  20,5  25,2   13:46  17,0   22:10   0,0   2,3   0,0   4,4  30,3   05:37   SSE
23  22,2  27,9   14:27  17,0   23:50   0,0   3,9   0,0   5,1  24,5   14:28   SSE
24  18,7  24,4   14:12  14,1   23:23   1,1   1,5   0,0   8,2  31,0   20:29    NO
25  12,4  14,4   14:10   8,5   23:20   5,9   0,0   0,4  19,1  59,1   14:44   NNO
26   9,9  13,4   15:48   5,9   06:03   8,4   0,0   6,2  14,2  58,4   16:15    NO
27  13,9  17,4   13:02  11,0   23:58   4,4   0,0  11,6  13,5  57,7   11:27   ONO
28  12,8  17,8   12:12  10,4   21:27   5,5   0,0   5,8  10,8  52,6   14:16   SSO
29  10,8  16,5   12:56   8,3   06:04   7,5   0,0   4,6   7,5  48,3   15:47     S
30  10,3  14,8   15:31   7,7   02:05   8,0   0,0   3,0  10,0  31,0   14:44   SSO
31  11,3  15,5   14:44   7,0   07:59   6,7   0,0  11,2   7,0  38,2   07:02   ONO
----------------------------------------------------------------------------------
    13,7  27,9    23     4,7     6   153,5  12,5 103,4   9,6  59,1    25     ONO

Max >=  25,0:  3
Max <=  18,0: 19
Min <=  10,0: 18
Min <=   5,0:  1
Max Rain: 20,2 on day 7
Days of Rain: 16 (>= 0,3 mm)  13 (>= 2,0 mm)  1 (>= 15,0 mm)
Heat Base: 18,3  Cool Base: 18,3  Method: Integration