NOAA-Style Climate Reports


Relatrio para o 2023 Dezembro
                   Monthly Climatological Summary for dez 2023

Name: Alto dos Moinhos, Cercal CDV   City: Cercal CDV   State: Portugal
Elevation: 124 m  Lat: N 39° 13' 34"   Lon: W 008° 59' 50"

                  Temperature (°C), Rain (mm), Wind Speed (km/h)

                                      Heat  Cool        Avg
    Mean                              Deg   Deg         Wind                 Dom
Day Temp  High   Time   Low    Time   Days  Days  Rain  Speed High   Time    Dir
----------------------------------------------------------------------------------
 1  11,2  15,1   13:00   8,4   05:16   7,1   0,0   2,2   8,9  34,6   14:54   NNO
 2  11,3  16,9   13:40   6,9   23:56   7,0   0,0   0,4   4,7  25,2   14:16   NNO
 3   8,9  14,3   23:20   5,2   06:35   9,4   0,0   8,0   7,9  32,4   23:20   SSE
 4  13,3  17,6   12:14   9,2   23:52   5,0   0,0   0,2   6,5  28,9   14:05   NNO
 5   9,2  10,0   14:25   8,6   07:16   9,1   0,0   1,0   4,2  19,5   19:37   SSE
 6  11,0  14,8   12:54   7,6   06:25   7,3   0,0   0,0   3,6  15,9   15:08   SSE
 7  13,8  18,5   13:21  11,0   01:20   4,5   0,0   3,2   9,2  43,3   13:37     S
 8  15,1  18,3   13:43  12,7   04:56   3,2   0,0   0,0   6,6  36,1   03:46   NNO
 9  17,0  20,9   13:50  15,1   02:10   1,6   0,3   1,0   6,4  24,5   14:56   SSO
10  16,6  18,7   15:22  14,4   05:45   1,7   0,0   0,0   8,1  21,6   04:30     S
11  15,2  17,0   15:21  12,5   06:12   3,1   0,0   0,0   8,5  28,9   21:36   SSE
12  16,3  21,9   11:47  13,9   21:35   2,4   0,4   5,4   6,9  34,6   17:42    NO
13  13,2  16,3   11:23  10,7   21:15   5,1   0,0   0,2  12,1  40,4   11:25   NNO
14  11,3  16,4   14:05   6,6   23:49   7,0   0,0   0,0   8,9  31,7   11:24   NNO
15  11,7  17,9   14:14   6,2   02:51   6,6   0,0   0,0   5,0  18,0   22:49   SSE
16  11,5  18,8   13:32   7,1   22:13   6,8   0,0   0,0   4,9  20,2   00:15   SSE
17   9,3  17,6   14:35   4,9   06:40   9,0   0,0   0,0   3,0  15,1   10:58    SE
18   8,8  16,7   14:54   4,1   23:56   9,5   0,0   0,2   3,8  16,6   10:36   SSE
19   8,5  13,8   13:43   1,9   08:16   9,8   0,0   0,0  10,3  35,3   17:42   NNO
20  12,8  16,5   13:32  10,0   23:08   5,5   0,0   0,0  18,0  49,7   08:11   NNO
21  11,8  15,8   13:35   9,1   03:34   6,5   0,0   0,0  15,9  44,0   12:13   NNO
22  12,6  17,3   15:06   6,8   23:59   5,7   0,0   0,0  10,6  28,9   05:24    NO
23   9,0  18,5   14:35   3,1   07:24   9,3   0,0   0,0   2,7  13,7   07:46    SE
24   9,1  16,5   15:29   4,8   03:37   9,1   0,0   0,2   3,3  14,4   11:30    SE
25   7,8  12,0   14:21   4,0   04:04  10,5   0,0   0,0   2,9  17,3   08:27   ESE
26   9,5  15,6   13:49   5,6   01:25   8,8   0,0   0,2   4,9  20,9   12:08   SSE
27   7,3   8,6   16:16   6,3   04:16  11,0   0,0   0,2   6,7  21,6   01:16   SSE
28   9,6  12,7   15:12   7,2   01:17   8,7   0,0   0,0   5,7  19,5   14:37   SSE
29  10,5  13,3   13:09   8,8   05:06   7,8   0,0   0,0   4,3  19,5   12:33   SSE
30  11,4  14,4   14:35   8,3   05:05   6,9   0,0   0,0   6,3  21,6   15:08   SSE
31  11,8  15,4   13:14   8,5   04:04   6,5   0,0   0,4   4,3  30,3   11:55   NNO
----------------------------------------------------------------------------------
    11,5  21,9    12     1,9    19   211,5   0,7  22,8   6,9  49,7    20     ONO

Max >=  25,0:  0
Max <=  18,0: 24
Min <=  10,0: 24
Min <=   5,0:  6
Max Rain: 8,0 on day 3
Days of Rain: 8 (>= 0,3 mm)  4 (>= 2,0 mm)  0 (>= 15,0 mm)
Heat Base: 18,3  Cool Base: 18,3  Method: Integration