NOAA-Style Climate Reports


Relatrio para o 2023 Agosto
                   Monthly Climatological Summary for ago 2023

Name: Alto dos Moinhos, Cercal CDV   City: Cercal CDV   State: Portugal
Elevation: 124 m  Lat: N 39° 13' 34"   Lon: W 008° 59' 50"

                  Temperature (°C), Rain (mm), Wind Speed (km/h)

                                      Heat  Cool        Avg
    Mean                              Deg   Deg         Wind                 Dom
Day Temp  High   Time   Low    Time   Days  Days  Rain  Speed High   Time    Dir
----------------------------------------------------------------------------------
 1  22,4  28,6   14:21  18,8   07:04   0,0   4,1   0,0  19,4  45,4   23:23   NNO
 2  22,2  28,6   14:16  18,5   23:59   0,0   3,9   0,0  17,8  43,3   15:45   NNO
 3  20,2  25,1   14:00  16,9   06:48   0,3   2,2   0,0  23,4  64,9   15:45   NNO
 4  21,0  27,3   15:13  15,0   06:47   0,7   3,5   0,0  19,1  42,6   15:54   NNO
 5  25,3  39,4   13:49  16,2   07:03   0,2   7,2   0,0  12,7  39,6   19:58    NO
 6  27,1  36,9   14:38  19,8   04:12   0,0   8,8   0,0  15,6  38,9   02:50    NO
 7  31,2  47,0   16:26  19,7   05:36   0,0  12,9   0,0   9,1  34,6   17:17   NNO
 8  26,5  39,5   17:08  18,4   05:34   0,0   8,2   0,0   8,8  35,3   14:13     S
 9  24,3  34,2   13:42  19,5   03:50   0,0   6,0   0,0   9,5  36,1   17:47   NNO
10  23,4  32,2   14:44  19,5   05:36   0,0   5,1   0,0  17,2  41,8   17:09   NNO
11  23,3  29,8   15:58  18,4   05:17   0,0   5,0   0,0  20,1  45,4   13:39   NNO
12  22,8  28,5   13:18  18,4   23:40   0,0   4,5   0,0  19,1  46,1   18:02   NNO
13  20,7  25,7   15:59  17,9   23:51   0,0   2,4   0,0  22,4  47,6   08:23   NNO
14  20,8  27,6   15:07  16,8   05:52   0,3   2,9   0,0  19,6  46,1   16:52   NNO
15  21,4  26,8   14:30  18,1   06:44   0,0   3,1   0,0  19,6  46,1   14:54   NNO
16  20,9  26,1   14:52  18,1   05:09   0,0   2,7   0,0  22,2  52,6   13:36   NNO
17  22,7  28,7   15:00  19,0   05:42   0,0   4,4   0,0  18,1  42,6   02:03   NNO
18  25,3  34,0   15:37  19,9   06:44   0,0   7,0   0,0   7,8  31,7   15:11    NO
19  25,9  34,4   15:41  22,1   05:24   0,0   7,6   0,0   9,0  31,0   17:39    NO
20  23,8  29,5   13:52  19,1   08:04   0,0   5,5   0,0  16,4  36,8   13:05   NNO
21  24,8  35,4   15:36  18,7   04:26   0,0   6,5   0,0  18,4  36,8   16:46    NO
22  29,6  44,7   14:14  21,0   06:16   0,0  11,3   0,0  12,2  34,6   16:57    NO
23  27,8  44,2   15:24  20,6   07:24   0,0   9,5   0,0  11,9  38,2   17:52   NNO
24  23,1  32,2   15:01  19,1   07:29   0,0   4,8   0,0  18,5  38,2   18:34    NO
25  22,0  28,9   14:10  18,5   05:02   0,0   3,7   0,0  19,2  41,1   15:13   NNO
26  20,3  24,7   14:51  17,8   23:27   0,0   2,1   0,0  24,4  56,9   13:54   NNO
27  19,8  24,8   15:01  16,2   05:20   0,5   2,0   0,0  21,2  54,8   14:03   NNO
28  19,9  25,8   13:30  16,1   06:57   0,6   2,2   0,0  20,2  57,7   17:24   NNO
29  20,1  24,7   14:46  17,1   06:57   0,3   2,1   0,0  23,6  53,4   16:04   NNO
30  20,3  25,7   13:13  17,3   05:47   0,1   2,1   0,0  19,9  51,2   13:58   NNO
31  20,8  27,8   14:36  16,7   07:03   0,3   2,8   0,0  18,5  41,1   16:42   NNO
----------------------------------------------------------------------------------
    23,2  47,0     7    15,0     4     3,3 156,1   0,0  17,3  64,9     3     NNO

Max >=  25,0: 28
Max <=  18,0:  0
Min <=  10,0:  0
Min <=   5,0:  0
Max Rain: 0,0 on day 0
Days of Rain: 0 (>= 0,3 mm)  0 (>= 2,0 mm)  0 (>= 15,0 mm)
Heat Base: 18,3  Cool Base: 18,3  Method: Integration