NOAA-Style Climate Reports


Relatrio para o 2023 Janeiro
                   Monthly Climatological Summary for jan 2023

Name: Alto dos Moinhos, Cercal CDV   City: Cercal CDV   State: Portugal
Elevation: 124 m  Lat: N 39° 13' 34"   Lon: W 008° 59' 50"

                  Temperature (°C), Rain (mm), Wind Speed (km/h)

                                      Heat  Cool        Avg
    Mean                              Deg   Deg         Wind                 Dom
Day Temp  High   Time   Low    Time   Days  Days  Rain  Speed High   Time    Dir
----------------------------------------------------------------------------------
 1  14,7  18,3   13:05  11,2   23:56   3,6   0,0   9,8  10,7  37,5   15:11   SSO
 2  11,0  16,5   13:50   7,0   23:49   7,3   0,0   0,2   4,3  24,5   15:05   NNO
 3   9,9  16,9   10:35   5,1   07:01   8,4   0,0   0,0   5,3  25,2   15:08   NNO
 4   9,9  18,0   13:57   4,3   06:30   8,4   0,0   0,2   2,5  12,3   07:53    SE
 5  10,4  17,2   15:11   6,6   07:52   7,9   0,0   0,0   4,0  16,6   12:03   SSE
 6  10,9  15,6   13:39   5,9   02:47   7,4   0,0   0,0   6,1  20,9   14:20   SSE
 7  13,9  17,5   13:39  11,0   04:23   4,4   0,0   6,0  11,0  33,9   18:00   SSO
 8  16,2  18,0   12:28  14,8   00:00   2,1   0,0   4,2  12,4  44,0   18:14   ONO
 9  14,6  18,7   14:38  10,2   22:51   3,7   0,0   1,8   6,6  34,6   00:01   NNO
10  13,5  16,0   15:47  11,1   01:25   4,8   0,0   0,0   6,6  26,7   16:55     S
11  14,1  17,8   12:04  10,7   23:53   4,2   0,0   4,2  12,3  33,2   14:06   NNO
12  11,7  16,7   13:04   7,1   23:36   6,6   0,0   0,0   8,2  20,9   13:07    NO
13  11,9  18,1   12:57   6,5   01:26   6,4   0,0   0,0   2,8  15,1   13:33   NNO
14  10,5  12,5   15:30   8,5   02:40   7,8   0,0   0,0   4,2  19,5   13:32   SSE
15  11,7  14,3   13:51   9,5   21:13   6,6   0,0   0,8  11,1  41,8   11:01   NNO
16  12,7  15,8   10:56  10,4   00:00   5,6   0,0   2,0  14,7  44,7   16:06    NO
17  12,3  15,5   11:40   8,5   23:32   6,0   0,0   7,6  22,4  62,0   02:25   NNO
18   9,0  11,9   12:04   7,0   23:08   9,3   0,0   3,0  13,3  49,0   02:00   NNO
19  10,2  14,8   13:09   4,6   07:00   8,1   0,0   0,6  10,5  41,1   14:20   NNO
20  13,8  16,4   12:49  12,6   00:00   4,5   0,0   0,6  15,2  40,4   12:44   NNO
21  13,9  17,1   14:09  12,6   23:54   4,4   0,0   0,0  18,2  51,2   12:05   NNO
22  10,9  16,3   14:16   6,0   23:40   7,4   0,0   0,0   4,9  23,8   00:01     O
23   8,1  16,1   11:04   2,0   07:49  10,2   0,0   0,0   4,5  20,9   15:16   NNO
24  10,1  14,9   15:06   1,9   07:13   8,2   0,0   0,0   3,1  22,4   11:52    SE
25  10,3  15,1   15:20   1,9   07:22   7,9   0,0   0,0   4,9  19,5   13:30    NO
26   8,3  13,3   14:40   3,0   01:50  10,0   0,0   1,2  12,4  44,0   13:50    NO
27   9,4  13,7   15:00   5,6   06:35   8,9   0,0   0,0  13,2  39,7   14:10    NO
28   9,0  15,2   14:21   3,0   08:36   9,2   0,0   0,0   6,4  25,2   13:21   NNO
29   7,9  15,3   14:43   3,2   23:41  10,3   0,0   0,0   3,1  18,7   10:05    SE
30   8,3  15,4   15:10   3,8   07:15  10,0   0,0   0,0   4,4  21,6   10:20    SE
31   9,1  16,5   14:25   2,5   04:20   9,2   0,0   0,0   6,7  22,4   15:50    NO
----------------------------------------------------------------------------------
    11,2  18,7     9     1,9    24   218,8   0,0  42,2   8,6  62,0    17      NO

Max >=  25,0:  0
Max <=  18,0: 28
Min <=  10,0: 22
Min <=   5,0: 10
Max Rain: 9,8 on day 1
Days of Rain: 12 (>= 0,3 mm)  7 (>= 2,0 mm)  0 (>= 15,0 mm)
Heat Base: 18,3  Cool Base: 18,3  Method: Integration