NOAA-Style Climate Reports


Relatrio para o 2022 Agosto
                   Monthly Climatological Summary for ago 2022

Name: Alto dos Moinhos, Cercal CDV   City: Cercal CDV   State: Portugal
Elevation: 124 m  Lat: N 39° 13' 34"   Lon: W 008° 59' 50"

                  Temperature (°C), Rain (mm), Wind Speed (km/h)

                                      Heat  Cool        Avg
    Mean                              Deg   Deg         Wind                 Dom
Day Temp  High   Time   Low    Time   Days  Days  Rain  Speed High   Time    Dir
----------------------------------------------------------------------------------
 1  25,0  35,0   14:58  18,2   05:22   0,0   6,7   0,0  15,3  36,1   13:41   NNO
 2  22,7  30,7   16:01  18,5   01:10   0,0   4,4   0,0  14,4  43,3   18:21   NNO
 3  19,8  22,7   15:30  18,3   04:58   0,0   1,5   0,0  19,9  50,5   19:18   NNO
 4  19,6  23,7   16:06  17,8   04:11   0,1   1,4   0,0  19,1  45,4   02:11   NNO
 5  21,0  27,9   15:26  18,2   07:53   0,0   2,7   0,0  14,4  39,6   01:01   NNO
 6  21,3  30,1   15:53  17,7   06:41   0,1   3,0   0,0   9,4  31,7   17:22   NNO
 7  21,6  30,8   15:01  14,9   05:49   0,6   3,8   0,0   8,3  30,3   16:50   NNO
 8  21,7  29,0   14:00  17,4   06:20   0,2   3,6   0,0  11,4  33,9   14:10   NNO
 9  22,6  32,8   14:59  17,9   02:39   0,1   4,4   0,0  11,4  33,9   19:48   NNO
10  21,7  30,2   15:22  15,5   07:07   0,5   3,8   0,0   8,3  36,1   16:47   NNO
11  21,5  29,8   15:58  14,0   06:44   0,8   4,0   0,0   8,6  34,6   16:13   NNO
12  22,8  31,1   14:18  17,8   06:55   0,0   4,5   0,0  12,1  38,2   18:14   NNO
13  21,6  27,8   14:05  17,6   06:34   0,1   3,4   0,0  15,9  41,8   17:40   NNO
14  21,0  26,9   14:49  17,5   06:58   0,1   2,9   0,0  17,7  48,3   17:33   NNO
15  21,4  26,4   15:25  18,3   06:56   0,0   3,1   0,0  17,5  41,1   17:56   NNO
16  20,5  25,0   13:53  18,1   07:17   0,0   2,2   0,0  17,1  49,0   13:39   NNO
17  19,7  24,0   13:31  16,9   22:51   0,4   1,8   0,0  24,2  59,1   14:40   NNO
18  21,2  29,4   15:49  15,2   07:06   0,8   3,7   0,0  16,2  38,2   02:07   NNO
19  26,7  38,2   14:41  15,8   05:58   0,2   8,7   0,0  10,1  38,2   16:07   NNO
20  22,4  30,4   15:13  17,3   07:40   0,1   4,2   0,0  17,4  41,1   16:50   NNO
21  20,3  26,2   16:21  16,6   01:49   0,5   2,5   0,0  23,3  51,9   20:34   NNO
22  20,8  29,6   15:39  16,6   07:00   0,4   2,9   0,0  19,9  43,3   17:34   NNO
23  22,3  32,6   14:23  17,8   06:44   0,1   4,1   0,0  15,9  40,4   04:47   NNO
24  19,6  23,6   13:51  17,9   01:22   0,1   1,4   0,0  19,0  46,9   16:43   NNO
25  19,9  25,3   15:20  17,9   07:25   0,1   1,7   0,0  19,8  44,0   15:55   NNO
26  20,5  27,5   15:55  17,4   06:38   0,2   2,3   0,0  17,2  42,6   01:27   NNO
27  21,0  29,9   15:05  16,6   07:24   0,4   3,1   0,0  10,4  30,3   17:28    NO
28  21,0  30,7   15:50  15,8   07:34   0,6   3,3   0,0   9,2  35,3   17:48   ONO
29  20,0  27,6   16:01  13,5   07:04   1,1   2,8   0,0   7,2  30,3   14:57   NNO
30  21,1  27,3   15:31  17,8   03:22   0,1   2,8   0,0  13,1  40,4   15:15   NNO
31  21,1  27,1   14:24  16,8   05:26   0,2   3,0   0,0  14,7  40,4   17:34   NNO
----------------------------------------------------------------------------------
    21,4  38,2    19    13,5    29     7,9 103,7   0,0  14,8  59,1    17     NNO

Max >=  25,0: 27
Max <=  18,0:  0
Min <=  10,0:  0
Min <=   5,0:  0
Max Rain: 0,0 on day 0
Days of Rain: 0 (>= 0,3 mm)  0 (>= 2,0 mm)  0 (>= 15,0 mm)
Heat Base: 18,3  Cool Base: 18,3  Method: Integration