NOAA-Style Climate Reports


Relatrio para o 2022 Julho
                   Monthly Climatological Summary for jul 2022

Name: Alto dos Moinhos, Cercal CDV   City: Cercal CDV   State: Portugal
Elevation: 124 m  Lat: N 39° 13' 34"   Lon: W 008° 59' 50"

                  Temperature (°C), Rain (mm), Wind Speed (km/h)

                                      Heat  Cool        Avg
    Mean                              Deg   Deg         Wind                 Dom
Day Temp  High   Time   Low    Time   Days  Days  Rain  Speed High   Time    Dir
----------------------------------------------------------------------------------
 1  19,1  25,3   15:07  14,5   05:57   1,3   2,1   0,0  20,3  44,0   19:24   NNO
 2  21,1  30,0   15:34  16,2   04:37   0,6   3,5   0,0  17,3  41,1   17:44   NNO
 3  21,5  29,4   14:13  17,2   05:36   0,2   3,4   0,0  11,9  41,1   14:34   NNO
 4  21,2  30,4   15:07  17,6   05:48   0,2   3,0   0,0  10,0  37,5   19:02   NNO
 5  21,2  28,8   16:01  16,8   04:17   0,4   3,3   0,0  14,5  40,4   16:07   NNO
 6  23,3  31,8   13:26  17,5   06:05   0,2   5,1   0,0  14,1  46,1   15:47   NNO
 7  28,0  37,3   14:23  19,0   06:53   0,0   9,7   0,0  11,6  38,9   15:13   NNO
 8  30,3  39,7   14:40  19,3   05:21   0,0  12,0   0,0   9,7  38,9   18:24   NNO
 9  30,1  38,8   14:12  21,9   06:35   0,0  11,8   0,0  12,9  42,6   15:40   NNO
10  24,6  31,0   15:33  17,4   23:57   0,0   6,3   0,0  17,5  42,6   15:55   NNO
11  20,0  26,8   13:50  15,2   06:20   0,8   2,5   0,0  19,4  44,0   11:50   NNO
12  27,0  38,7   17:45  16,1   07:00   0,3   9,0   0,0   6,9  35,3   18:50    NO
13  30,3  42,4   16:25  22,6   04:35   0,0  12,0   0,0   7,5  38,9   16:50   NNO
14  27,5  36,8   13:22  22,5   23:34   0,0   9,1   0,0  10,6  47,6   15:02    NO
15  23,9  33,2   14:26  17,9   06:24   0,0   5,6   0,0  10,4  38,2   17:00   NNO
16  23,7  34,9   14:18  18,1   05:37   0,0   5,5   0,0  12,9  41,8   16:36   NNO
17  23,5  33,9   14:43  18,0   06:19   0,0   5,2   0,0  13,7  42,6   13:41   NNO
18  22,0  28,8   15:57  15,1   06:46   0,4   4,1   0,0   8,3  33,2   13:32    NO
19  21,5  26,8   14:09  17,8   06:54   0,0   3,3   0,0  15,1  41,8   14:47   NNO
20  21,6  27,5   16:17  17,7   02:55   0,1   3,4   0,0  20,4  42,6   04:37   NNO
21  20,8  26,8   15:44  18,3   01:00   0,0   2,5   0,0  21,0  42,6   21:38   NNO
22  21,6  29,4   15:03  17,7   06:26   0,1   3,4   0,0  19,2  42,6   00:35   NNO
23  22,2  30,6   14:45  17,6   06:36   0,1   4,1   0,0  17,8  41,8   18:22   NNO
24  21,7  29,5   14:35  17,5   01:05   0,2   3,5   0,0  17,4  37,5   05:40   NNO
25  21,7  28,2   14:57  16,5   06:43   0,4   3,7   0,0  17,7  44,7   18:50   NNO
26  21,9  28,0   14:17  17,9   04:40   0,1   3,6   0,0  19,9  46,9   16:57   NNO
27  20,3  24,9   14:06  17,5   23:56   0,1   2,1   0,0  24,9  59,1   16:51   NNO
28  20,9  27,4   13:52  17,0   02:54   0,3   3,0   0,0  22,1  50,5   14:51   NNO
29  21,4  26,1   15:23  18,3   06:09   0,0   3,1   0,0  23,7  52,6   16:45   NNO
30  24,7  34,8   14:56  18,2   07:07   0,0   6,4   0,0  14,2  38,2   03:01   NNO
31  27,0  37,3   13:56  19,3   06:36   0,0   8,7   0,0  13,3  38,2   15:29   NNO
----------------------------------------------------------------------------------
    23,4  42,4    13    14,5     1     5,8 164,0   0,0  15,4  59,1    27     NNO

Max >=  25,0: 30
Max <=  18,0:  0
Min <=  10,0:  0
Min <=   5,0:  0
Max Rain: 0,0 on day 0
Days of Rain: 0 (>= 0,3 mm)  0 (>= 2,0 mm)  0 (>= 15,0 mm)
Heat Base: 18,3  Cool Base: 18,3  Method: Integration