NOAA-Style Climate Reports


Relatrio para o 2021 Agosto
                   Monthly Climatological Summary for ago 2021

Name: Alto dos Moinhos, Cercal CDV   City: Cercal CDV   State: Portugal
Elevation: 124 m  Lat: N 39° 13' 34"   Lon: W 008° 59' 50"

                  Temperature (°C), Rain (mm), Wind Speed (km/h)

                                      Heat  Cool        Avg
    Mean                              Deg   Deg         Wind                 Dom
Day Temp  High   Time   Low    Time   Days  Days  Rain  Speed High   Time    Dir
----------------------------------------------------------------------------------
 1  19,5  25,8   14:38  15,0   05:59   1,1   2,3   0,0  12,4  38,2   13:00   NNO
 2  20,1  24,7   15:13  16,8   23:55   0,1   1,9   0,0  12,5  41,1   18:51   NNO
 3  19,4  25,1   15:27  16,1   04:42   0,7   1,8   0,0  20,0  46,9   20:14   NNO
 4  21,1  26,7   15:39  18,3   00:55   0,0   2,8   0,0  19,2  46,1   16:45   NNO
 5  21,2  27,2   14:22  17,5   06:09   0,1   3,1   0,0  20,3  47,6   16:10   NNO
 6  21,1  26,6   15:06  17,6   04:58   0,1   2,9   0,0  16,3  38,9   09:40   NNO
 7  20,3  25,2   14:47  17,4   22:57   0,2   2,2   0,0  16,1  47,6   17:02   NNO
 8  19,2  24,1   13:36  15,8   05:01   0,9   1,8   0,0  20,6  44,0   09:34   NNO
 9  19,5  26,2   14:46  15,3   06:17   1,1   2,3   0,0  17,0  37,5   11:14   NNO
10  20,4  26,7   15:11  16,1   03:41   0,6   2,8   0,0  19,4  44,0   07:23   NNO
11  20,4  25,3   13:28  17,7   06:21   0,1   2,2   0,0  22,3  49,7   15:08   NNO
12  21,0  27,0   15:48  17,8   23:35   0,1   2,7   0,0  19,7  46,1   06:21   NNO
13  21,4  28,6   15:20  17,2   01:45   0,2   3,3   0,0  18,2  41,1   17:28   NNO
14  20,5  28,8   15:35  16,2   06:20   0,4   2,7   0,0  17,0  39,6   17:02   NNO
15  20,8  27,9   15:42  16,3   07:12   0,4   2,9   0,0  19,3  40,4   20:09   NNO
16  20,3  26,3   13:25  16,6   06:51   0,5   2,5   0,0  22,0  54,1   20:50   NNO
17  20,2  28,9   15:19  15,3   06:56   0,9   2,9   0,0  19,9  50,5   03:43   NNO
18  19,0  25,3   13:58  15,2   06:01   1,0   1,7   0,0  20,2  52,6   16:47   NNO
19  18,8  24,1   14:37  15,6   06:42   1,0   1,5   0,0  23,0  48,3   17:23   NNO
20  19,8  25,7   15:52  16,3   00:41   0,7   2,2   0,0  20,3  45,4   19:20   NNO
21  21,4  28,6   14:03  16,9   05:59   0,3   3,4   0,0  17,9  51,2   15:57   NNO
22  20,8  27,2   14:34  16,1   07:00   0,3   2,8   0,0  18,6  46,1   16:28   NNO
23  21,6  29,2   14:06  16,8   06:36   0,4   3,7   0,0  17,9  40,4   15:56   NNO
24  22,2  30,9   16:20  18,2   08:45   0,0   3,9   0,0   8,8  32,4   00:14    NO
25  21,7  29,1   17:03  18,1   02:26   0,0   3,4   0,0   8,5  32,4   13:37     S
26  21,1  29,9   15:15  15,1   04:48   0,8   3,5   0,0   7,2  30,3   19:16    NO
27  20,9  27,6   14:18  15,3   04:30   0,5   3,1   0,0   8,7  35,3   14:34   NNO
28  20,6  28,3   14:40  15,3   07:16   0,6   2,9   0,0   9,1  36,1   16:51   NNO
29  21,9  27,7   15:26  18,3   06:53   0,0   3,6   0,0  12,0  40,4   17:51   NNO
30  22,0  28,5   14:20  17,6   01:59   0,0   3,8   0,0   7,9  36,1   18:48   NNO
31  22,4  30,5   13:59  17,6   05:55   0,0   4,1   0,0  11,2  38,9   15:01   NNO
----------------------------------------------------------------------------------
    20,7  30,9    24    15,0     1    13,1  86,7   0,0  16,3  54,1    16     NNO

Max >=  25,0: 28
Max <=  18,0:  0
Min <=  10,0:  0
Min <=   5,0:  0
Max Rain: 0,0 on day 0
Days of Rain: 0 (>= 0,3 mm)  0 (>= 2,0 mm)  0 (>= 15,0 mm)
Heat Base: 18,3  Cool Base: 18,3  Method: Integration