NOAA-Style Climate Reports


Relatrio para o 2021 Junho
                   Monthly Climatological Summary for jun 2021

Name: Alto dos Moinhos, Cercal CDV   City: Cercal CDV   State: Portugal
Elevation: 124 m  Lat: N 39° 13' 34"   Lon: W 008° 59' 50"

                  Temperature (°C), Rain (mm), Wind Speed (km/h)

                                      Heat  Cool        Avg
    Mean                              Deg   Deg         Wind                 Dom
Day Temp  High   Time   Low    Time   Days  Days  Rain  Speed High   Time    Dir
----------------------------------------------------------------------------------
 1  16,9  19,1   16:15  14,3   23:55   1,5   0,1   0,0   5,5  23,1   16:34   NNO
 2  15,4  21,5   12:33  10,0   06:48   3,3   0,4   1,0   9,9  46,9   17:58   NNO
 3  15,4  20,2   15:42  12,0   06:11   3,1   0,2   0,0  24,0  53,4   16:55   NNO
 4  16,4  21,3   13:58  12,7   06:15   2,6   0,6   0,0  21,5  54,1   18:03   NNO
 5  17,5  23,4   15:07  13,7   01:15   2,1   1,3   0,0  20,3  47,6   18:35   NNO
 6  17,8  23,6   16:03  14,2   06:21   1,8   1,3   0,0  20,7  45,4   01:09   NNO
 7  17,2  23,2   14:36  14,4   23:31   2,0   0,9   0,0  21,1  49,0   17:30   NNO
 8  17,7  24,0   16:07  13,4   06:15   2,1   1,5   0,0  20,4  46,9   09:30   NNO
 9  19,4  27,8   15:24  14,1   03:20   1,6   2,7   0,0  17,6  38,9   07:07   NNO
10  18,5  25,0   13:52  15,0   04:03   1,4   1,6   0,0  20,4  46,1   14:36   NNO
11  18,4  23,4   15:26  15,6   05:15   1,2   1,3   0,0  19,5  47,6   02:39   NNO
12  21,2  33,3   16:51  15,0   07:40   0,9   3,8   0,0   7,4  33,2   00:11   NNO
13  22,3  28,6   13:34  17,3   05:58   0,1   4,1   0,0  10,4  39,6   17:01   NNO
14  21,7  29,8   15:23  16,3   05:10   0,3   3,4   0,0  12,3  36,8   16:22   NNO
15  21,8  31,3   14:06  15,8   06:42   0,5   4,1   0,0  12,1  34,6   18:01   NNO
16  20,2  26,1   15:51  17,2   07:01   0,2   2,1   0,0   8,2  28,1   14:28     S
17  16,7  18,6   14:21  14,8   22:30   1,6   0,0   1,6  10,6  38,9   20:40   NNO
18  16,8  22,6   15:02  14,6   00:26   2,0   0,5   6,8  10,5  35,3   00:20   NNO
19  16,9  21,8   14:49  14,3   22:29   1,8   0,5   1,0  13,0  41,8   16:04   NNO
20  17,9  22,4   13:56  14,5   03:28   1,3   0,9   1,0   9,8  38,2   13:03    NO
21  17,5  20,9   12:19  15,7   01:45   1,2   0,4   0,0  10,4  31,7   19:20   NNO
22  17,8  21,8   14:38  15,0   06:01   1,3   0,8   0,0  20,3  49,0   08:54   NNO
23  18,5  24,3   13:37  14,3   05:51   1,5   1,7   0,0  16,7  45,4   17:31   NNO
24  22,4  32,3   14:58  14,6   06:12   1,1   5,2   0,0  11,0  30,3   03:59   NNO
25  24,6  33,3   13:55  16,6   06:21   0,1   6,4   0,0  11,0  39,6   17:57   NNO
26  19,5  25,3   15:28  16,0   06:33   0,7   1,9   0,0  15,2  38,2   17:55   NNO
27  17,7  21,9   13:19  14,2   23:52   1,4   0,8   0,0  19,0  44,0   18:14   NNO
28  16,7  22,5   14:57  13,5   06:17   2,5   0,9   0,0  19,9  62,7   16:19   NNO
29  17,1  21,4   13:22  13,5   05:28   1,9   0,7   0,0  22,2  49,0   18:30   NNO
30  17,4  22,2   15:23  14,2   01:35   1,7   0,9   0,0  21,8  46,9   12:34   NNO
----------------------------------------------------------------------------------
    18,5  33,3    12    10,0     2    44,8  51,0  11,4  15,4  62,7    28     NNO

Max >=  25,0: 10
Max <=  18,0:  0
Min <=  10,0:  1
Min <=   5,0:  0
Max Rain: 6,8 on day 18
Days of Rain: 5 (>= 0,3 mm)  1 (>= 2,0 mm)  0 (>= 15,0 mm)
Heat Base: 18,3  Cool Base: 18,3  Method: Integration