NOAA-Style Climate Reports


Relatrio para o 2021 Maio
                   Monthly Climatological Summary for mai 2021

Name: Alto dos Moinhos, Cercal CDV   City: Cercal CDV   State: Portugal
Elevation: 124 m  Lat: N 39° 13' 34"   Lon: W 008° 59' 50"

                  Temperature (°C), Rain (mm), Wind Speed (km/h)

                                      Heat  Cool        Avg
    Mean                              Deg   Deg         Wind                 Dom
Day Temp  High   Time   Low    Time   Days  Days  Rain  Speed High   Time    Dir
----------------------------------------------------------------------------------
 1  13,5  18,5   14:43  10,3   04:20   4,8   0,0   0,0  15,9  41,1   12:04   NNO
 2  13,5  19,6   14:37   7,5   05:18   4,9   0,1   0,0  13,8  37,5   18:58   NNO
 3  16,3  23,6   13:04  11,1   02:32   3,2   1,2   0,0  12,6  36,8   18:56   NNO
 4  15,6  22,0   15:46  11,5   06:28   3,4   0,7   0,0  16,2  42,6   17:46   NNO
 5  16,4  22,0   15:20  12,5   00:01   2,6   0,7   0,0  20,3  46,9   18:15   NNO
 6  17,3  23,1   14:31  13,9   02:16   2,0   1,0   0,0  16,5  40,4   17:03   NNO
 7  17,9  24,1   15:28  14,5   00:56   1,8   1,4   0,0  15,9  36,1   11:18   NNO
 8  17,6  23,5   14:46  13,6   05:55   2,1   1,4   0,0   9,3  31,7   14:07   NNO
 9  15,5  20,2   14:13  12,2   23:30   2,9   0,1  17,8  10,7  46,9   10:08    NO
10  13,9  17,8   13:15  11,1   06:47   4,4   0,0   2,4   8,6  44,7   16:48    NO
11  14,7  20,1   14:06   9,6   07:13   3,8   0,2   0,0   6,5  27,4   17:18   ONO
12  16,4  20,6   14:14  13,3   23:26   2,2   0,4   3,6  12,6  47,6   14:15   NNO
13  15,3  20,2   14:44  10,9   04:15   3,1   0,1   1,8   9,2  34,6   14:28   NNO
14  16,5  22,1   15:08  13,1   04:00   2,4   0,6   0,0  12,8  39,6   16:45   NNO
15  17,4  23,3   15:44  13,8   01:54   1,7   0,7   0,0   9,7  36,1   17:12   NNO
16  17,8  21,3   13:31  14,2   23:56   1,1   0,6   0,2  11,6  36,1   14:23   NNO
17  17,2  23,7   15:24  12,7   05:51   2,5   1,3   0,0  13,1  35,3   18:18   NNO
18  17,0  22,4   14:26  13,4   03:22   2,0   0,7   0,0  12,1  38,2   17:00   NNO
19  17,1  22,6   13:43  13,1   02:29   2,3   1,1   0,0  18,5  48,3   15:19   NNO
20  13,8  14,2   00:00  13,8   00:41   4,5   0,0   0,0  15,1  31,0   00:20   NNO
21  17,3  21,9   11:12  13,4   23:47   1,8   0,8   0,0  20,2  46,1   16:11   NNO
22  14,9  18,8   17:53  11,9   23:31   3,4   0,0   0,0  16,2  43,3   18:46   NNO
23  15,0  19,7   14:55  10,4   03:28   3,4   0,1   0,0  19,9  55,5   10:18   NNO
24  16,2  21,3   14:40  13,0   01:37   2,4   0,3   0,4  16,0  44,7   10:30   NNO
25  16,6  23,1   15:05  11,6   06:29   2,8   1,1   0,0  16,9  44,0   04:04   NNO
26  18,2  25,8   15:19  13,9   04:17   1,9   1,8   0,0  15,9  36,1   17:06   NNO
27  18,1  25,0   14:13  13,6   06:20   1,9   1,7   0,0  14,9  34,6   16:59   NNO
28  18,2  25,5   14:38  13,7   05:40   1,9   1,9   0,0  16,1  40,4   17:42   NNO
29  14,3  16,9   18:50  14,0   00:42   4,0   0,0   0,0  20,3  46,1   23:40   NNO
30  18,4  25,7   15:39  14,3   04:23   1,8   1,9   0,0  17,4  40,4   00:43   NNO
31  18,0  24,5   13:20  14,2   06:31   1,7   1,4   0,0  10,2  36,8   16:56   NNO
----------------------------------------------------------------------------------
    16,3  25,8    26     7,5     2    84,7  23,3  26,2  14,4  55,5    23     NNO

Max >=  25,0:  4
Max <=  18,0:  3
Min <=  10,0:  2
Min <=   5,0:  0
Max Rain: 17,8 on day 9
Days of Rain: 5 (>= 0,3 mm)  3 (>= 2,0 mm)  1 (>= 15,0 mm)
Heat Base: 18,3  Cool Base: 18,3  Method: Integration