NOAA-Style Climate Reports


Relatrio para o 2021 Abril
                   Monthly Climatological Summary for abr 2021

Name: Alto dos Moinhos, Cercal CDV   City: Cercal CDV   State: Portugal
Elevation: 124 m  Lat: N 39° 13' 34"   Lon: W 008° 59' 50"

                  Temperature (°C), Rain (mm), Wind Speed (km/h)

                                      Heat  Cool        Avg
    Mean                              Deg   Deg         Wind                 Dom
Day Temp  High   Time   Low    Time   Days  Days  Rain  Speed High   Time    Dir
----------------------------------------------------------------------------------
 1  16,2  21,0   15:18  13,2   22:03   2,2   0,1   2,8   7,7  31,0   00:17     S
 2  15,4  20,0   17:09  13,2   05:28   2,9   0,0   0,0   7,6  26,7   12:49   NNO
 3  15,1  20,3   13:28  12,7   02:51   3,4   0,2   0,0  14,3  38,2   18:33   NNO
 4  16,8  25,4   15:29  12,6   03:32   2,9   1,4   0,0  11,6  32,4   00:37   NNO
 5  17,2  27,0   15:11   8,7   07:41   2,9   1,8   0,0   6,8  29,6   00:45   NNO
 6  16,4  25,0   14:13   9,5   07:05   3,2   1,3   0,0  10,8  31,0   17:27   NNO
 7  16,2  25,4   15:39  10,9   07:02   3,4   1,3   0,0   9,9  28,1   00:27   NNO
 8  14,7  23,0   16:21   7,6   07:28   4,2   0,7   0,0   6,0  26,7   18:19   NNO
 9  16,7  22,4   15:27  13,3   06:05   2,3   0,6   0,2   6,4  31,7   15:29     S
10  16,0  19,6   12:26  14,1   23:55   2,2   0,0  17,0   5,3  24,5   11:10     S
11  14,9  19,9   15:17  11,7   23:37   3,5   0,1   0,0  11,6  31,0   15:23   NNO
12  13,7  19,8   12:43   7,3   06:06   4,8   0,2   1,8   4,2  28,1   12:56   SSO
13  14,9  18,2   19:23  11,9   06:43   3,4   0,0   7,8   5,1  23,1   12:22   SSE
14  16,9  22,8   13:26  13,3   05:56   1,8   0,4   1,8   2,2  17,3   14:53   SSE
15  16,9  21,5   17:19  15,0   05:51   1,6   0,3   4,4   4,9  20,9   18:05     N
16  17,1  23,9   13:56  13,0   06:58   2,3   1,1   0,0   9,8  34,6   17:11   NNO
17  17,0  25,4   15:57  10,9   04:27   2,8   1,5   0,0   7,0  25,9   16:52   NNO
18  16,7  25,1   14:47  10,2   06:40   3,1   1,5   0,0   6,3  30,3   17:18   NNO
19  16,5  22,2   14:17  12,9   05:20   2,4   0,6   0,2  10,8  38,2   17:17   NNO
20  15,5  20,6   14:45  13,5   02:21   2,9   0,1   0,8  11,3  37,5   17:46   NNO
21  15,0  17,4   12:11  13,1   06:56   3,3   0,0   5,2   6,7  30,3   19:42   OSO
22  17,0  22,5   17:09  12,9   06:38   2,3   1,0   0,2   5,2  23,1   15:31   NNO
23  15,5  19,3   12:12  13,3   04:23   2,9   0,1   4,0   6,7  42,6   12:18     S
24  17,0  22,1   16:42  14,8   05:12   1,8   0,5   7,2   6,2  33,9   11:06     S
25  15,8  20,6   14:37  13,0   05:08   2,7   0,1   3,8   3,1  20,2   10:25   SSE
26  15,5  22,6   13:30  12,4   04:52   3,2   0,4  33,2   3,8  25,2   13:56     S
27  16,0  21,5   15:06  13,2   00:00   2,6   0,3   0,0   9,9  28,9   14:09   NNO
28  14,4  18,5   15:10  12,2   22:38   3,9   0,0   1,0  10,4  42,6   19:06   NNO
29  13,9  18,7   13:39  10,8   05:54   4,4   0,0   0,0  11,3  34,6   11:02   NNO
30  13,7  18,5   16:00   9,9   01:35   4,6   0,0   0,0  14,4  45,4   15:53   NNO
----------------------------------------------------------------------------------
    15,8  27,0     5     7,3    12    89,9  15,6  91,4   7,9  45,4    30     NNO

Max >=  25,0:  6
Max <=  18,0:  1
Min <=  10,0:  5
Min <=   5,0:  0
Max Rain: 33,2 on day 26
Days of Rain: 13 (>= 0,3 mm)  9 (>= 2,0 mm)  2 (>= 15,0 mm)
Heat Base: 18,3  Cool Base: 18,3  Method: Integration