NOAA-Style Climate Reports


Relatrio para o 2020 Junho
                   Monthly Climatological Summary for jun 2020

Name: Alto dos Moinhos, Cercal CDV   City: Cercal CDV   State: Portugal
Elevation: 124 m  Lat: N 39° 13' 34"   Lon: W 008° 59' 50"

                  Temperature (°C), Rain (mm), Wind Speed (km/h)

                                      Heat  Cool        Avg
    Mean                              Deg   Deg         Wind                 Dom
Day Temp  High   Time   Low    Time   Days  Days  Rain  Speed High   Time    Dir
----------------------------------------------------------------------------------
 1  20,1  24,4   13:24  16,6   05:41   0,5   2,3   0,0   6,4  23,1   17:24   NNO
 2  20,2  24,6   16:10  16,7   05:57   0,3   2,1   0,0   7,3  29,6   16:52   NNO
 3  19,5  24,8   13:55  14,3   06:30   0,9   2,0   0,0   9,0  32,4   18:07   NNO
 4  18,5  22,7   15:02  14,9   23:10   0,8   1,0   0,0  12,2  38,2   19:13   NNO
 5  17,8  22,9   14:11  14,9   00:00   1,5   1,0   0,0  15,5  38,9   16:45   NNO
 6  17,2  21,2   13:14  14,5   05:08   1,5   0,4   0,0  11,9  31,0   10:51   NNO
 7  17,0  20,9   14:56  14,0   23:18   1,7   0,3   0,0  17,9  49,7   18:15   NNO
 8  16,7  21,1   14:13  13,8   03:20   2,0   0,5   0,0  20,9  50,5   08:53   NNO
 9  16,8  21,2   14:55  14,1   05:46   2,0   0,6   0,0  19,6  43,3   08:04   NNO
10  16,7  21,5   14:33  13,8   03:37   2,1   0,5   0,0  19,3  46,1   17:44   NNO
11  15,8  19,6   16:59  13,5   05:05   2,6   0,0   0,2  14,1  41,1   16:08   NNO
12  15,8  19,8   13:14  13,1   05:15   2,6   0,0   1,4   9,4  34,6   16:36   NNO
13  16,6  22,5   15:04  10,2   06:18   2,6   0,9   0,0   6,8  31,0   14:54   NNO
14  16,8  22,8   15:32  10,6   06:19   2,4   0,9   0,0   9,6  33,9   16:37   NNO
15  18,1  23,5   15:06  13,9   05:58   1,5   1,3   0,0  11,7  34,6   13:38   NNO
16  17,9  23,8   14:08  13,9   03:35   1,7   1,3   0,0  10,5  36,1   17:12   NNO
17  17,6  22,2   15:12  14,6   05:12   1,6   0,9   0,0  13,5  41,1   16:11   NNO
18  17,1  21,9   15:22  13,5   06:31   1,9   0,7   0,0  20,7  49,7   15:53   NNO
19  17,4  21,8   14:44  14,1   05:20   1,7   0,8   0,0  20,2  48,3   13:58   NNO
20  18,9  24,7   14:28  15,0   02:25   1,1   1,7   0,0  19,2  43,3   17:43   NNO
21  19,5  24,2   14:13  16,2   02:03   0,6   1,8   0,0  20,7  49,0   18:48   NNO
22  20,9  27,8   15:49  16,2   07:25   0,5   3,1   0,0  16,6  40,4   00:46   NNO
23  18,7  23,2   14:48  16,6   23:57   0,7   1,1   0,0  20,2  42,6   13:39   NNO
24  18,0  23,0   15:33  15,9   06:43   1,1   0,8   0,0  21,0  44,0   13:45   NNO
25  17,7  22,5   15:55  16,0   03:02   1,1   0,5   0,0  22,8  47,6   18:34   NNO
26  18,7  23,7   16:04  15,5   06:16   0,9   1,3   0,0  15,4  39,6   10:18   NNO
27  19,9  25,2   14:42  17,4   07:11   0,1   1,8   0,2  13,2  35,3   23:21   NNO
28  20,2  25,5   14:09  17,7   07:16   0,1   2,1   0,0  20,5  44,7   16:05   NNO
29  19,5  24,4   14:29  16,2   23:46   0,6   1,8   0,0  20,9  46,9   17:22   NNO
30  19,1  24,0   15:32  16,0   02:42   0,6   1,5   0,0  19,4  46,1   16:43   NNO
----------------------------------------------------------------------------------
    18,2  27,8    22    10,2    13    39,3  35,0   1,8  15,6  50,5     8     NNO

Max >=  25,0:  3
Max <=  18,0:  0
Min <=  10,0:  0
Min <=   5,0:  0
Max Rain: 1,4 on day 12
Days of Rain: 1 (>= 0,3 mm)  0 (>= 2,0 mm)  0 (>= 15,0 mm)
Heat Base: 18,3  Cool Base: 18,3  Method: Integration