NOAA-Style Climate Reports


Relatrio para o 2020 Maio
                   Monthly Climatological Summary for mai 2020

Name: Alto dos Moinhos, Cercal CDV   City: Cercal CDV   State: Portugal
Elevation: 124 m  Lat: N 39° 13' 34"   Lon: W 008° 59' 50"

                  Temperature (°C), Rain (mm), Wind Speed (km/h)

                                      Heat  Cool        Avg
    Mean                              Deg   Deg         Wind                 Dom
Day Temp  High   Time   Low    Time   Days  Days  Rain  Speed High   Time    Dir
----------------------------------------------------------------------------------
 1  17,0  22,1   14:57  14,3   02:21   1,8   0,6   0,0   7,5  24,5   15:21     O
 2  17,3  24,4   16:00  11,7   07:05   2,2   1,2   0,0   6,5  27,4   18:34   NNO
 3  21,4  31,6   16:54  11,4   04:32   1,8   4,9   0,0   6,3  35,3   14:49     S
 4  18,0  22,4   15:07  14,0   23:34   1,1   0,8   0,2   6,9  46,1   14:03   SSO
 5  16,1  22,1   17:05  10,7   05:11   2,9   0,7   0,0   6,2  25,9   13:10   SSO
 6  16,3  22,2   15:57  11,5   03:02   2,8   0,8   0,0   7,3  31,7   16:31   NNO
 7  17,5  23,1   13:36  14,1   06:35   1,8   1,0   0,0  14,9  33,9   17:49   NNO
 8  16,1  20,2   15:50  12,0   23:56   2,3   0,0   0,0   9,5  29,6   00:23   NNO
 9  13,6  18,7   16:13   9,6   03:14   4,6   0,0   1,6   6,5  42,6   12:53   SSO
10  15,0  19,3   13:00  11,7   03:10   3,3   0,0   4,0   7,8  34,6   14:34   ONO
11  15,6  19,0   12:42  11,8   23:29   2,7   0,0   3,2   7,3  32,4   11:24   SSO
12  14,4  20,5   13:16  10,4   02:11   3,9   0,1   0,4   4,7  26,7   13:43   NNO
13  12,7  14,2   14:27  10,9   00:42   5,6   0,0   4,6   6,3  28,9   12:46   SSE
14  12,8  16,6   13:24  10,6   03:52   5,5   0,0  16,6   5,8  24,5   14:51   NNO
15  15,5  21,8   14:44  10,4   05:58   3,1   0,3   0,0   7,6  39,6   15:42     N
16  17,5  23,1   14:10  11,8   06:14   2,0   1,1   0,0   8,7  30,3   17:52   NNO
17  19,0  25,7   14:33  13,9   05:53   1,3   2,0   0,0  10,7  36,1   16:48   NNO
18  18,4  24,2   12:54  14,2   06:19   1,5   1,6   0,0  14,0  35,3   19:37   NNO
19  18,6  26,1   14:44  14,4   05:40   1,4   1,7   0,0  14,0  37,5   16:03   NNO
20  17,3  22,9   13:25  14,1   23:52   1,7   0,8   0,0  18,0  44,7   17:14   NNO
21  17,0  23,0   14:02  13,7   02:29   2,2   0,9   0,0  14,8  35,3   20:10   NNO
22  18,3  23,7   14:32  14,3   01:40   1,3   1,3   0,0  19,1  41,1   14:25   NNO
23  18,9  23,7   14:25  15,3   05:52   1,0   1,6   0,0  19,0  40,4   14:35   NNO
24  19,2  25,3   15:37  15,4   00:36   1,1   2,0   0,0  16,6  36,1   03:16   NNO
25  18,8  24,7   14:39  15,4   05:32   1,1   1,6   0,0  17,0  37,5   19:02   NNO
26  23,4  32,4   16:17  15,4   05:18   0,5   5,6   0,0   8,5  31,7   00:12     N
27  24,4  32,0   16:14  19,5   01:25   0,0   6,2   0,0   7,8  31,0   18:39     N
28  24,6  33,2   16:59  17,7   05:40   0,0   6,4   0,0   8,2  31,0   17:45     N
29  24,2  32,7   14:41  17,9   23:59   0,0   5,9   0,0   9,7  31,7   18:49   NNO
30  18,9  24,8   14:02  16,3   23:57   0,7   1,3   0,0  16,7  38,9   18:02   NNO
31  18,9  25,2   15:50  15,8   06:36   1,1   1,7   0,0  14,3  35,3   00:42   NNO
----------------------------------------------------------------------------------
    18,0  33,2    28     9,6     9    62,3  52,1  30,6  10,6  46,1     4     NNO

Max >=  25,0:  9
Max <=  18,0:  2
Min <=  10,0:  1
Min <=   5,0:  0
Max Rain: 16,6 on day 14
Days of Rain: 6 (>= 0,3 mm)  4 (>= 2,0 mm)  1 (>= 15,0 mm)
Heat Base: 18,3  Cool Base: 18,3  Method: Integration