NOAA-Style Climate Reports


Relatrio para o 2019 Dezembro
                   Monthly Climatological Summary for dez 2019

Name: Alto dos Moinhos, Cercal CDV   City: Cercal CDV   State: Portugal
Elevation: 124 m  Lat: N 39° 13' 34"   Lon: W 008° 59' 50"

                  Temperature (°C), Rain (mm), Wind Speed (km/h)

                                      Heat  Cool        Avg
    Mean                              Deg   Deg         Wind                 Dom
Day Temp  High   Time   Low    Time   Days  Days  Rain  Speed High   Time    Dir
----------------------------------------------------------------------------------
 1  12,1  13,2   00:00  10,9   23:52   6,2   0,0   2,8  15,0  54,1   17:15   NNO
 2  11,2  17,2   14:29   7,9   07:47   7,1   0,0   0,0   9,7  32,4   03:16   NNO
 3  10,5  19,5   14:01   5,0   07:52   7,8   0,0   0,0   4,8  23,1   15:46   NNO
 4   8,8  15,5   14:01   2,4   07:36   9,5   0,0   0,0   5,2  25,2   21:05   NNO
 5   8,7   9,7   00:35   6,5   03:57   6,8   0,0   0,0   4,9   8,6   02:06     S
 6  11,6  15,0   16:07   8,0   16:06   2,2   0,0   0,0   4,1  18,7   18:18    NO
 7  11,6  17,3   13:45   7,6   07:54   6,7   0,0   0,0   7,9  25,2   02:45   NNO
 8  13,5  15,9   14:46  11,5   05:52   4,8   0,0   0,0   5,9  26,7   21:04   NNO
 9  12,4  16,7   14:13   9,3   22:08   5,9   0,0   0,0  12,5  31,7   08:10   NNO
10  10,1  17,8   13:00   3,3   06:41   8,2   0,0   0,0   3,8  24,5   00:56   SSE
11  11,6  13,8   05:27   9,9   20:17   6,6   0,0   0,8  13,4  50,5   06:00   NNO
12  12,6  14,8   13:04  10,3   02:31   5,7   0,0   1,4  12,5  47,6   22:18   NNO
13  13,8  15,4   11:58  12,8   23:48   4,5   0,0   1,4  12,2  44,0   12:45   NNO
14  13,3  17,4   12:38  10,4   07:17   5,0   0,0   0,0   5,2  20,9   21:50   SSO
15  12,6  14,3   15:22  10,3   00:21   5,7   0,0   7,2  11,2  34,6   19:24     S
16  11,0  12,8   00:00   9,5   17:55   7,2   0,0   4,6  11,6  43,3   23:49   NNO
17  10,7  16,0   13:41   7,8   07:02   7,6   0,0   1,0   9,5  44,7   02:24    NO
18  13,4  16,3   21:40  10,0   00:00   4,9   0,0   3,3  11,5  40,4   23:50   SSE
19  16,5  17,4   09:20  15,4   01:15   1,4   0,0  30,0  20,6  64,2   18:05     S
20  16,0  17,4   14:11  14,5   08:35   2,3   0,0  35,6  10,7  49,0   12:47   OSO
21  16,2  17,7   11:02  14,7   23:16   2,1   0,0   6,0  10,4  49,0   14:02     O
22  14,6  17,3   10:36   9,0   23:57   3,7   0,0   0,0   8,2  36,1   11:39    NO
23  10,1  13,0   16:45   6,3   04:11   8,2   0,0   0,0   3,6  19,5   07:11    SE
24  12,8  19,6   14:57   9,0   05:34   5,5   0,1   0,0   6,1  21,6   12:47   SSE
25  13,3  16,7   14:42  10,2   07:34   5,0   0,0   0,0   7,9  29,6   11:19   SSE
26  11,6  17,9   15:37   8,0   23:01   6,7   0,0   0,0   5,0  20,9   10:37    NO
27  13,0  19,4   15:26   9,0   06:15   5,3   0,0   0,0   5,4  18,0   11:14   SSE
28  13,1  20,4   15:15   8,5   21:36   5,3   0,1   0,0   5,0  18,7   13:38   SSE
29  11,6  19,3   14:32   6,5   23:15   6,5   0,0   0,0   4,9  17,3   09:24   SSE
30  10,0  19,0   13:41   3,4   07:56   8,3   0,0   0,0   3,9  21,6   21:03    NO
31  10,2  16,6   14:03   5,5   23:53   8,1   0,0   0,0   6,4  24,5   05:26   NNO
----------------------------------------------------------------------------------
    12,2  20,4    28     2,4     4   180,8   0,2  94,1   8,3  64,2    19      NO

Max >=  25,0:  0
Max <=  18,0: 25
Min <=  10,0: 21
Min <=   5,0:  4
Max Rain: 35,6 on day 20
Days of Rain: 11 (>= 0,3 mm)  7 (>= 2,0 mm)  2 (>= 15,0 mm)
Heat Base: 18,3  Cool Base: 18,3  Method: Integration