NOAA-Style Climate Reports


Relatrio para o 2019 Julho
                   Monthly Climatological Summary for jul 2019

Name: Alto dos Moinhos, Cercal CDV   City: Cercal CDV   State: Portugal
Elevation: 124 m  Lat: N 39° 13' 34"   Lon: W 008° 59' 50"

                  Temperature (°C), Rain (mm), Wind Speed (km/h)

                                      Heat  Cool        Avg
    Mean                              Deg   Deg         Wind                 Dom
Day Temp  High   Time   Low    Time   Days  Days  Rain  Speed High   Time    Dir
----------------------------------------------------------------------------------
 1  18,3  22,0   14:49  16,5   05:11   0,7   0,6   0,0  24,4  48,3   16:13   NNO
 2  17,8  19,7   15:43  16,5   23:53   0,7   0,2   0,0  16,8  39,6   00:41   NNO
 3  19,4  24,4   15:03  16,3   05:54   0,7   1,8   0,0   8,8  31,7   19:03   NNO
 4  18,9  23,4   16:14  14,6   04:46   0,9   1,5   0,0   7,0  23,8   18:51     S
 5  18,6  26,0   16:22  11,2   06:21   2,0   2,3   0,0   6,0  30,3   15:02    SO
 6  19,2  24,8   16:59  14,7   05:48   0,9   1,8   0,0   8,2  34,6   17:54    NO
 7  19,1  25,0   14:51  14,7   04:18   1,0   1,7   0,0  10,0  39,6   15:01   NNO
 8  19,5  24,5   14:15  16,2   03:39   0,6   1,8   0,0  12,8  36,8   16:22   NNO
 9  20,5  25,8   14:19  17,7   04:22   0,1   2,3   0,0  15,2  38,9   16:08   NNO
10  22,8  32,0   13:17  17,7   06:20   0,1   4,6   0,0  15,6  37,5   17:26   NNO
11  26,0  30,3   11:13  18,8   01:39   0,0   7,7   0,0  12,0  31,7   00:17   NNO
12  22,9  30,2   00:00  17,8   06:51   0,0   4,5   0,0   7,5  27,4   11:12    NO
13  21,1  27,3   13:57  16,2   06:11   0,2   3,1   0,0   7,0  36,8   14:15   NNO
14  20,6  26,2   13:29  18,0   06:11   0,0   2,3   0,0  12,7  36,8   14:29   NNO
15  19,2  22,4   13:12  17,7   04:24   0,1   1,1   0,0  22,6  50,5   15:31   NNO
16  17,7  20,2   14:10  17,1   04:55   0,3   0,0   0,0  23,5  43,3   00:17   NNO
17  18,0  20,4   14:52  16,7   23:32   0,6   0,3   0,0  25,3  50,5   15:13   NNO
18  19,2  24,6   15:27  16,2   06:11   0,7   1,7   0,0  22,7  53,4   03:09   NNO
19  18,3  22,9   15:30  16,5   06:47   0,8   0,7   0,0  21,3  48,3   19:01   NNO
20  19,5  25,9   14:19  16,6   05:27   0,7   1,9   0,0  22,6  51,9   19:36   NNO
21  19,9  25,7   13:45  16,5   00:15   0,5   2,1   0,0  21,3  44,7   08:27   NNO
22  20,0  27,9   15:17  16,7   03:43   0,6   2,3   0,0  17,7  39,6   20:03   NNO
23  20,0  25,1   15:20  17,0   05:53   0,4   2,1   0,0  18,4  48,3   15:35   NNO
24  21,7  29,9   15:34  16,0   05:58   0,6   3,9   0,0  16,5  38,9   17:39   NNO
25  21,3  28,2   12:37  18,2   23:46   0,0   3,0   0,0  11,8  38,9   15:35   NNO
26  19,6  24,1   15:55  17,1   23:32   0,3   1,6   0,0  19,0  42,6   13:31   NNO
27  19,5  23,8   16:02  16,6   02:01   0,3   1,5   1,6  10,7  34,6   13:51   NNO
28  19,4  24,7   16:07  16,7   23:57   0,5   1,6   0,0  17,4  38,2   17:31   NNO
29  19,2  23,3   13:50  16,3   23:42   0,5   1,4   0,0  20,2  49,0   16:47   NNO
30  18,4  22,8   12:32  15,4   05:04   1,2   1,2   0,0  23,6  54,8   18:04   NNO
31  18,6  24,7   15:21  14,6   06:39   1,2   1,6   0,0  20,1  45,4   00:00   NNO
----------------------------------------------------------------------------------
    19,8  32,0    10    11,2     5    17,2  64,2   1,6  15,9  54,8    30     NNO

Max >=  25,0: 14
Max <=  18,0:  0
Min <=  10,0:  0
Min <=   5,0:  0
Max Rain: 1,6 on day 27
Days of Rain: 1 (>= 0,3 mm)  0 (>= 2,0 mm)  0 (>= 15,0 mm)
Heat Base: 18,3  Cool Base: 18,3  Method: Integration