NOAA-Style Climate Reports


Relatrio para o 2019 Junho
                   Monthly Climatological Summary for jun 2019

Name: Alto dos Moinhos, Cercal CDV   City: Cercal CDV   State: Portugal
Elevation: 124 m  Lat: N 39° 13' 34"   Lon: W 008° 59' 50"

                  Temperature (°C), Rain (mm), Wind Speed (km/h)

                                      Heat  Cool        Avg
    Mean                              Deg   Deg         Wind                 Dom
Day Temp  High   Time   Low    Time   Days  Days  Rain  Speed High   Time    Dir
----------------------------------------------------------------------------------
 1  24,9  34,0   14:12  15,7   06:37   0,1   6,8   0,0   9,5  33,9   18:05   NNO
 2  21,9  30,4   14:28  15,5   23:28   0,3   3,9   0,0  13,5  32,4   16:11   NNO
 3  19,0  24,9   15:12  15,2   00:39   1,1   1,8   0,0  14,9  36,1   04:13   NNO
 4  16,9  20,7   11:32  14,2   23:51   1,5   0,2   0,0  12,3  41,1   18:17   NNO
 5  15,4  20,0   16:44  11,5   23:39   3,0   0,1   0,0  14,2  42,6   16:07   NNO
 6  13,8  20,7   14:23   8,5   06:36   4,6   0,1   0,2   9,5  45,4   15:39   SSO
 7  14,7  20,0   15:44  10,3   05:19   3,7   0,2   0,0  13,7  37,5   16:55   NNO
 8  14,8  19,8   15:49  11,1   05:38   3,6   0,1   0,0  18,1  46,1   18:13   NNO
 9  16,4  22,0   16:34  11,4   04:51   2,6   0,7   0,0  13,1  36,8   12:22   NNO
10  15,9  20,8   13:06  12,2   04:53   2,7   0,3   0,0  19,0  50,5   19:33   NNO
11  16,2  21,1   13:48  12,9   06:16   2,5   0,4   0,0  21,6  51,2   16:01   NNO
12  15,3  20,1   15:07  11,5   06:24   3,2   0,2   0,0  19,9  49,7   18:36   NNO
13  15,2  20,1   14:38  11,7   05:49   3,3   0,2   0,0  18,1  49,0   13:35   NNO
14  15,2  20,4   15:37  11,4   03:56   3,3   0,2   0,0   8,7  39,6   15:29   NNO
15  15,8  22,8   13:56   9,4   05:04   3,1   0,8   0,0   9,8  40,4   16:40   NNO
16  17,3  21,8   15:20  12,8   02:42   1,5   0,7   0,0  16,2  36,1   16:35   NNO
17  16,9  25,0   14:07  12,2   06:22   2,7   1,3   0,0   8,5  31,0   16:17    NO
18  17,9  22,3   16:57  12,0   00:06   1,4   1,1   0,6   9,2  37,5   12:54     S
19  18,9  23,0   16:03  15,9   22:58   0,6   1,2   0,2   8,9  30,3   16:22   NNO
20  17,1  22,2   15:03  15,0   03:08   1,6   0,4   0,0  15,8  42,6   13:58   NNO
21  17,4  22,2   15:29  13,9   04:20   1,8   0,9   0,0  19,8  44,7   14:01   NNO
22  19,6  27,2   15:12  13,7   04:16   1,5   2,8   0,0  10,9  33,9   16:35   NNO
23  18,8  21,1   18:22  16,8   23:52   0,3   0,7   0,6   9,4  24,5   08:11   SSO
24  17,7  21,7   16:17  15,8   05:55   1,2   0,6   1,6   6,8  23,8   00:49   NNO
25  18,5  25,3   16:01  16,6   22:32   1,3   1,4   1,8   7,5  32,4   19:13   NNO
26  18,5  24,0   15:51  16,2   06:20   0,8   1,0   0,0   7,5  30,3   16:48   NNO
27  18,8  24,9   17:00  12,8   06:20   1,5   2,0   0,2   7,8  33,2   17:48   NNO
28  19,5  24,9   15:08  15,7   06:25   0,8   2,0   0,0  16,6  45,4   18:40   NNO
29  19,0  23,0   16:22  16,4   05:54   0,7   1,3   0,0  21,8  46,9   17:14   NNO
30  18,6  23,0   15:24  16,5   23:10   0,7   1,0   0,0  24,4  51,2   19:45   NNO
----------------------------------------------------------------------------------
    17,5  34,0     1     8,5     6    57,0  34,4   5,2  13,6  51,2    11     NNO

Max >=  25,0:  5
Max <=  18,0:  0
Min <=  10,0:  2
Min <=   5,0:  0
Max Rain: 1,8 on day 25
Days of Rain: 4 (>= 0,3 mm)  0 (>= 2,0 mm)  0 (>= 15,0 mm)
Heat Base: 18,3  Cool Base: 18,3  Method: Integration