NOAA-Style Climate Reports


Relatrio para o 2019 Fevereiro
                   Monthly Climatological Summary for fev 2019

Name: Alto dos Moinhos, Cercal CDV   City: Cercal CDV   State: Portugal
Elevation: 124 m  Lat: N 39° 13' 34"   Lon: W 008° 59' 50"

                  Temperature (°C), Rain (mm), Wind Speed (km/h)

                                      Heat  Cool        Avg
    Mean                              Deg   Deg         Wind                 Dom
Day Temp  High   Time   Low    Time   Days  Days  Rain  Speed High   Time    Dir
----------------------------------------------------------------------------------
 1  10,3  12,8   11:45   8,3   16:45   8,0   0,0   7,6  17,9  83,6   13:07   NNO
 2   9,1  12,5   13:17   6,0   23:59   9,2   0,0   2,2  16,7  67,1   01:22   NNO
 3   8,3  14,1   14:33   4,1   07:08  10,0   0,0   0,2   8,8  31,0   12:51   NNO
 4   7,7  17,0   14:33   0,2   07:13  10,6   0,0   0,0   4,3  18,7   16:27    NO
 5   8,9  19,9   14:26   0,7   07:20   9,4   0,0   0,0   3,1  14,4   20:51   ONO
 6   9,7  19,3   12:52   1,9   06:19   8,6   0,0   0,0   4,8  20,9   15:19   NNO
 7  11,6  15,8   14:11   9,0   01:44   6,7   0,0   0,0  10,5  30,3   10:58   NNO
 8  11,4  15,5   15:18   9,6   05:15   6,9   0,0   0,0   4,3  20,2   00:41   NNO
 9  11,9  15,4   15:09   9,1   02:00   6,4   0,0   0,0   5,2  25,9   12:52     S
10  13,4  16,9   13:41   9,3   23:58   4,9   0,0   1,0   8,9  36,1   13:30     O
11  10,3  14,8   15:30   6,6   23:58   8,0   0,0   0,0  10,6  31,0   11:20   NNO
12  11,2  20,5   16:34   4,7   02:02   7,2   0,2   0,0   3,3  21,6   11:18    SE
13  11,5  20,5   16:21   6,5   05:44   6,8   0,1   0,0   4,0  22,4   14:57   SSE
14  11,7  19,0   14:31   4,9   07:35   6,6   0,0   0,2   9,4  44,0   13:02     S
15  11,7  18,8   16:18   7,9   07:27   6,6   0,0   0,0   6,4  26,7   00:42   SSE
16  13,2  21,4   16:18   7,9   00:34   5,3   0,2   0,0   4,8  24,5   12:17   SSE
17  11,0  16,1   15:45   4,5   07:42   7,3   0,0  11,4   3,9  23,8   14:05     S
18  10,3  12,2   10:53   8,8   05:46   8,0   0,0   3,8  14,5  36,8   08:28   NNO
19  10,8  15,6   13:53   6,7   23:33   7,5   0,0   0,0  10,3  24,5   01:30   NNO
20   9,0  17,4   16:45   3,0   05:59   9,3   0,0   0,0   3,4  24,5   14:15     S
21  11,2  17,8   14:54   5,8   02:28   7,1   0,0   0,0   5,8  38,2   13:34   SSE
22  12,5  20,1   15:48   5,4   05:27   6,0   0,2   0,0   5,4  33,2   13:33   SSE
23  13,4  22,2   16:25   7,5   05:30   5,2   0,3   0,0   5,4  19,5   00:34     S
24  13,8  23,9   16:53   6,4   07:13   5,5   1,0   0,0   2,8  16,6   11:11    SE
25  13,4  25,1   16:55   6,2   05:28   5,7   0,8   0,0   3,8  23,1   12:20   SSE
26  13,0  20,4   16:07   5,2   06:59   5,5   0,3   0,0   5,3  25,9   21:27   SSE
27  12,0  17,8   13:18   7,2   03:40   6,3   0,0   0,0   6,5  33,2   15:29   NNO
28  12,0  16,3   13:42   9,6   07:02   6,3   0,0   0,0  14,1  31,7   15:27   NNO
----------------------------------------------------------------------------------
    11,2  25,1    25     0,2     4   200,9   3,1  26,4   7,3  83,6     1      NO

Max >=  25,0:  1
Max <=  18,0: 16
Min <=  10,0: 28
Min <=   5,0:  8
Max Rain: 11,4 on day 17
Days of Rain: 5 (>= 0,3 mm)  4 (>= 2,0 mm)  0 (>= 15,0 mm)
Heat Base: 18,3  Cool Base: 18,3  Method: Integration