NOAA-Style Climate Reports


Relatrio para o 2018 Novembro
                   Monthly Climatological Summary for nov 2018

Name: Alto dos Moinhos, Cercal CDV   City: Cercal CDV   State: Portugal
Elevation: 124 m  Lat: N 39° 13' 34"   Lon: W 008° 59' 50"

                  Temperature (°C), Rain (mm), Wind Speed (km/h)

                                      Heat  Cool        Avg
    Mean                              Deg   Deg         Wind                 Dom
Day Temp  High   Time   Low    Time   Days  Days  Rain  Speed High   Time    Dir
----------------------------------------------------------------------------------
 1  12,8  17,9   14:17   7,4   06:52   5,5   0,0   0,2   6,4  25,2   13:02   NNO
 2  15,1  16,6   15:04  14,0   23:55   3,2   0,0   0,6  13,9  34,6   21:37   NNO
 3  13,2  14,8   12:58  12,2   22:02   5,1   0,0   0,0  15,8  36,1   13:42   NNO
 4  13,4  15,3   13:01  11,7   23:39   4,9   0,0   4,8   9,6  45,4   20:29    SO
 5  11,5  15,4   11:41   9,1   05:00   6,8   0,0   2,4  12,1  48,3   14:26   NNO
 6  13,1  16,2   11:43   8,7   03:58   5,2   0,0   1,0   8,3  32,4   11:22     S
 7  13,4  17,7   13:03   9,1   23:34   4,9   0,0   0,2   5,7  27,4   00:07   NNO
 8  11,4  15,0   13:08   8,7   03:45   6,9   0,0   8,4   9,2  40,4   15:15   ONO
 9  12,8  17,5   14:36   5,9   06:50   5,3   0,0   0,6   6,3  31,0   21:13   SSO
10  16,8  18,7   12:24  16,0   05:23   1,5   0,0   5,8   9,5  39,6   08:07    SO
11  13,5  17,0   08:41   9,0   23:53   4,8   0,0  31,0   8,1  38,2   10:50     S
12  11,4  16,9   12:21   7,1   05:45   6,9   0,0   0,2   7,5  26,7   14:36   NNO
13  13,0  20,0   12:39   9,2   08:04   5,3   0,0   0,0   6,5  23,8   01:12    NO
14  15,3  21,8   15:14  10,2   00:06   3,5   0,5   0,0   3,6  17,3   13:50   SSE
15  14,4  20,0   14:15  10,3   05:38   4,1   0,2   0,4   3,3  29,6   13:11   SSE
16  14,5  21,0   14:32  10,4   05:03   4,1   0,2   0,2   5,3  27,4   12:23   SSE
17  14,5  17,2   12:45  10,3   03:59   3,8   0,0   0,4   7,1  38,9   12:46    SE
18  13,7  15,4   00:00  12,2   22:38   4,6   0,0  11,6   4,7  30,3   03:41   SSE
19  12,5  17,3   14:06   9,5   22:20   5,8   0,0   0,2   2,3  15,9   13:41   SSE
20  12,6  15,6   11:19  10,4   05:34   5,7   0,0   6,8   8,0  36,8   14:09   NNO
21  12,2  16,2   14:02   9,6   19:44   6,1   0,0   1,4   7,3  34,6   09:56   SSO
22   9,8  14,8   13:32   6,3   23:57   8,5   0,0   0,2   6,2  25,2   14:36   SSE
23   9,3  16,2   14:40   4,1   07:37   9,0   0,0   0,2   4,1  19,5   20:58     S
24  12,0  15,7   14:27   8,3   01:24   6,3   0,0  16,0  10,2  45,4   14:22     S
25  13,9  16,0   17:39  12,7   23:52   4,4   0,0   7,8  10,7  51,9   18:32    NO
26  12,2  15,0   11:39   7,5   23:57   6,1   0,0   0,0  14,8  46,9   02:47   NNO
27   9,4  17,4   14:19   5,0   07:33   8,9   0,0   0,0   2,1  12,3   17:31     S
28   7,2  14,2   16:03   2,1   05:33  11,1   0,0   0,2   3,7  33,2   14:23   SSE
29  10,4  13,9   14:15   7,5   00:05   7,8   0,0   8,4   9,3  29,6   10:19     S
30  11,2  15,7   14:13   6,9   08:17   7,1   0,0   0,2   5,0  28,9   11:52   NNO
----------------------------------------------------------------------------------
    12,6  21,8    14     2,1    28   173,2   0,9 109,2   7,6  51,9    25       O

Max >=  25,0:  0
Max <=  18,0: 25
Min <=  10,0: 19
Min <=   5,0:  3
Max Rain: 31,0 on day 11
Days of Rain: 16 (>= 0,3 mm)  10 (>= 2,0 mm)  2 (>= 15,0 mm)
Heat Base: 18,3  Cool Base: 18,3  Method: Integration