NOAA-Style Climate Reports


Relatrio para o 2018 Agosto
                   Monthly Climatological Summary for ago 2018

Name: Alto dos Moinhos, Cercal CDV   City: Cercal CDV   State: Portugal
Elevation: 124 m  Lat: N 39° 13' 34"   Lon: W 008° 59' 50"

                  Temperature (°C), Rain (mm), Wind Speed (km/h)

                                      Heat  Cool        Avg
    Mean                              Deg   Deg         Wind                 Dom
Day Temp  High   Time   Low    Time   Days  Days  Rain  Speed High   Time    Dir
----------------------------------------------------------------------------------
 1  21,0  28,2   15:05  15,8   06:11   0,8   3,4   0,0  16,6  38,9   01:19   NNO
 2  28,9  40,4   16:42  19,4   07:20   0,0  10,6   0,0   8,7  28,9   02:03    NO
 3  31,3  38,8   16:35  22,5   07:31   0,0  12,8   0,0   8,6  33,2   15:10   NNO
 4  32,9  42,2   14:41  24,3   07:26   0,0  14,4   0,0  10,2  34,6   16:20   NNO
 5  30,8  37,6   14:20  21,4   23:58   0,0  12,5   0,0  13,1  34,6   15:44   NNO
 6  21,0  25,0   14:40  18,5   06:43   0,0   2,7   0,0  21,2  47,6   16:04   NNO
 7  19,8  23,5   14:50  18,1   21:41   0,0   1,5   0,0  24,3  49,7   05:34   NNO
 8  19,6  24,3   15:21  16,1   07:09   0,5   1,8   0,0  21,9  49,0   12:58   NNO
 9  19,7  22,5   14:23  15,8   06:46   0,6   2,0   0,2  23,1  46,1   14:37   NNO
10  21,4  24,0   16:06  16,1   23:14   0,3   3,3   0,0  23,5  36,8   17:29   NNO
11  19,7  27,4   14:40  15,6   06:10   1,1   2,4   0,0  17,0  38,2   02:56   NNO
12  19,2  24,5   14:29  16,0   02:16   0,7   1,6   0,0  20,2  43,3   16:29   NNO
13  19,2  24,0   14:32  16,3   06:34   0,5   1,4   0,0  20,9  45,4   18:43   NNO
14  20,3  27,3   14:48  16,8   07:14   0,5   2,5   0,0  17,8  46,1   02:04   NNO
15  21,2  28,7   15:24  16,5   02:05   0,4   3,3   0,0  12,9  34,6   22:50   NNO
16  19,0  23,4   13:47  17,1   03:12   0,3   1,0   0,0  21,3  53,4   16:58   NNO
17  20,3  26,7   14:39  16,5   06:39   0,4   2,4   0,0  16,9  44,7   00:18   NNO
18  24,4  35,1   14:45  14,9   06:56   0,4   6,5   0,0   9,4  35,3   16:26   NNO
19  26,5  36,7   14:16  16,6   06:06   0,2   8,3   0,0   8,1  31,7   16:04   NNO
20  27,3  36,5   15:53  19,0   05:40   0,0   9,0   0,0   8,7  29,6   16:54   NNO
21  25,9  35,0   14:43  17,9   23:44   0,0   7,6   0,0   9,7  34,6   15:37   NNO
22  22,1  33,3   14:35  14,7   07:03   0,8   4,6   0,0   9,9  36,1   18:34   NNO
23  20,5  30,0   14:40  15,7   06:45   0,9   3,0   0,0  16,0  42,6   19:34   NNO
24  21,0  29,0   15:59  17,0   00:16   0,3   3,0   0,0  18,1  41,1   17:58   NNO
25  18,9  24,4   15:20  16,1   04:23   0,9   1,5   0,0  20,0  49,0   18:32   NNO
26  19,5  26,4   15:33  15,5   06:49   1,0   2,2   0,0  17,1  41,1   16:58   NNO
27  19,7  27,4   17:33  16,0   02:33   0,8   2,2   0,0  13,0  33,2   20:58   NNO
28  18,4  21,6   14:37  17,1   21:37   0,5   0,6   0,0  15,5  34,6   17:15   NNO
29  18,4  22,7   14:52  16,0   23:32   0,8   1,0   0,0  24,3  51,9   18:13   NNO
30  18,7  25,3   14:26  14,6   06:57   1,4   1,8   0,0  18,4  41,1   00:00   NNO
31  23,0  33,6   15:14  15,0   05:11   0,7   5,4   0,0  13,6  34,6   16:36   NNO
----------------------------------------------------------------------------------
    22,2  42,2     4    14,6    30    14,8 136,3   0,2  16,1  53,4    16     NNO

Max >=  25,0: 21
Max <=  18,0:  0
Min <=  10,0:  0
Min <=   5,0:  0
Max Rain: 0,2 on day 9
Days of Rain: 0 (>= 0,3 mm)  0 (>= 2,0 mm)  0 (>= 15,0 mm)
Heat Base: 18,3  Cool Base: 18,3  Method: Integration