NOAA-Style Climate Reports


Relatrio para o 2018 Junho
                   Monthly Climatological Summary for jun 2018

Name: Alto dos Moinhos, Cercal CDV   City: Cercal CDV   State: Portugal
Elevation: 124 m  Lat: N 39° 13' 34"   Lon: W 008° 59' 50"

                  Temperature (°C), Rain (mm), Wind Speed (km/h)

                                      Heat  Cool        Avg
    Mean                              Deg   Deg         Wind                 Dom
Day Temp  High   Time   Low    Time   Days  Days  Rain  Speed High   Time    Dir
----------------------------------------------------------------------------------
 1  14,8  19,4   14:38  11,9   07:10   3,5   0,0   0,0  15,9  45,4   13:42   NNO
 2  15,6  19,5   14:34  12,9   23:11   2,8   0,1   0,0  20,0  45,4   12:41   NNO
 3  14,7  17,6   13:20  13,0   09:22   3,6   0,0   0,4  10,2  31,7   16:42   NNO
 4  14,7  18,2   14:36  12,8   06:03   3,6   0,0   0,6  11,3  35,3   11:08   NNO
 5  15,3  20,1   15:04  12,2   05:36   3,1   0,1   0,2  11,6  37,5   15:10   NNO
 6  15,9  19,2   12:48  14,4   03:00   2,5   0,0   0,2  14,7  33,9   15:45   NNO
 7  15,7  17,4   17:14  14,3   06:23   2,6   0,0   1,8   9,3  35,3   16:23     S
 8  15,3  19,2   15:57  11,6   22:55   3,0   0,0   0,6   7,3  31,0   02:58    NO
 9  14,4  20,5   14:52   9,9   02:25   4,1   0,2   0,6   8,2  32,4   18:54    NO
10  14,8  17,1   12:01  13,5   00:16   3,5   0,0   1,0   8,2  31,7   18:49   NNO
11  16,9  21,5   15:52  13,9   07:01   1,9   0,5   0,0  12,4  32,4   14:22   NNO
12  16,3  20,1   14:50  14,9   23:49   2,0   0,0   0,0  20,0  44,0   13:35   NNO
13  16,7  21,4   14:29  14,6   01:44   2,0   0,5   0,0  21,6  46,9   16:17   NNO
14  17,0  21,7   15:50  14,7   07:28   1,8   0,5   0,0  20,6  42,6   17:24   NNO
15  16,2  18,0   11:44  14,9   21:47   2,1   0,0   0,0  23,3  49,0   18:51   NNO
16  17,4  22,2   13:39  14,3   06:29   1,7   0,8   0,0  24,9  54,1   16:11   NNO
17  19,3  25,5   14:42  14,8   06:41   1,1   2,1   0,0  18,6  39,6   03:33   NNO
18  25,8  37,4   15:57  16,8   06:18   0,2   7,8   0,0   9,4  25,2   00:01   NNO
19  23,6  31,9   15:48  19,1   23:47   0,0   5,3   0,0  11,3  32,4   16:51   SSO
20  22,9  27,9   13:52  19,0   00:53   0,0   4,6   1,2  10,9  31,7   12:41   NNO
21  20,8  28,3   14:55  18,1   07:36   0,0   2,5   8,6   8,0  37,5   04:09    NO
22  22,3  28,9   14:34  17,9   07:27   0,0   4,0   2,0   7,2  25,9   00:08   NNO
23  22,8  30,4   15:19  17,0   05:26   0,1   4,6   0,0   9,2  33,2   19:23    NO
24  19,0  24,4   13:38  15,8   05:57   0,6   1,4   0,0  12,2  34,6   16:51   NNO
25  18,8  22,8   14:02  16,1   23:43   0,6   1,1   0,0  12,1  31,7   16:32   NNO
26  18,6  23,3   14:33  15,2   04:17   1,1   1,4   0,0  16,3  41,8   15:16   NNO
27  18,8  23,6   13:27  16,2   01:19   0,8   1,2   0,0  17,7  38,2   15:38   NNO
28  18,9  24,1   15:18  16,5   02:26   0,7   1,2   0,0  17,6  41,1   18:25   NNO
29  17,9  22,2   13:20  16,2   02:32   1,0   0,6   0,8  13,2  28,9   03:17   NNO
30  18,2  23,1   17:29  14,1   06:16   1,0   0,9   1,0   5,4  25,9   16:50   SSO
----------------------------------------------------------------------------------
    18,0  37,4    18     9,9     9    51,0  41,4  19,0  13,6  54,1    16     NNO

Max >=  25,0:  7
Max <=  18,0:  4
Min <=  10,0:  1
Min <=   5,0:  0
Max Rain: 8,6 on day 21
Days of Rain: 11 (>= 0,3 mm)  2 (>= 2,0 mm)  0 (>= 15,0 mm)
Heat Base: 18,3  Cool Base: 18,3  Method: Integration