NOAA-Style Climate Reports


Relatrio para o 2017 Dezembro
                   Monthly Climatological Summary for dez 2017

Name: Alto dos Moinhos, Cercal CDV   City: Cercal CDV   State: Portugal
Elevation: 124 m  Lat: N 39° 13' 34"   Lon: W 008° 59' 50"

                  Temperature (°C), Rain (mm), Wind Speed (km/h)

                                      Heat  Cool        Avg
    Mean                              Deg   Deg         Wind                 Dom
Day Temp  High   Time   Low    Time   Days  Days  Rain  Speed High   Time    Dir
----------------------------------------------------------------------------------
 1   9,5  13,8   12:47   6,4   07:17   8,8   0,0   0,0   8,8  38,2   14:37   NNO
 2   7,8  16,7   14:00   1,7   23:36  10,5   0,0   0,0   1,5  14,4   13:49     O
 3   5,9  16,2   14:04   0,0   06:43  12,4   0,0   0,0   1,3  23,1   11:34   ENE
 4   7,0  17,9   14:53  -0,2   06:24  11,3   0,0   0,0   1,7  18,0   11:31   ESE
 5   8,0  18,3   15:02   3,1   22:34  10,3   0,0   0,0   2,9  18,0   10:41   SSE
 6   6,8  14,2   14:56   2,2   05:49  11,5   0,0   0,0   2,0  15,1   10:18   SSE
 7   8,4  18,9   13:40   1,8   07:28   9,9   0,0   0,0   0,9  13,0   10:27   SSE
 8  10,4  14,7   23:53   7,5   08:04   7,9   0,0   1,4   2,8  26,7   23:54   NNO
 9  15,0  17,3   11:58  14,2   06:24   3,3   0,0   0,0   7,8  32,4   00:56   NNO
10  15,3  16,8   11:38  11,7   23:54   3,0   0,0  15,0  10,0  81,5   21:50    SO
11  10,7  13,8   13:23   8,8   06:39   7,6   0,0  11,0  15,1  74,3   14:46   NNO
12   8,8  14,9   13:54   3,1   08:01   9,4   0,0   0,0   4,2  43,3   13:13   NNO
13   8,5  10,7   16:53   4,8   06:51   9,8   0,0   0,2   4,6  25,2   08:21   SSE
14  13,5  15,7   13:28   9,6   00:00   4,8   0,0   2,4   5,6  35,3   18:57   NNO
15  12,7  15,4   11:41   8,2   23:57   5,6   0,0   5,6   9,5  34,6   12:50   NNO
16   9,0  13,5   15:05   3,9   23:57   9,3   0,0   0,0   7,6  29,6   14:17   NNO
17   7,7  16,4   13:59   3,0   01:04  10,6   0,0   0,0   1,2  13,7   11:32    SE
18   7,9  15,8   12:47   1,7   07:27   9,6   0,0   0,0   3,9  28,9   22:07    NO
19  11,3  19,5   14:43   5,5   22:06   7,0   0,0   0,0   5,6  29,6   07:15    NO
20  10,5  19,4   13:30   2,2   07:57   7,8   0,0   0,0   4,0  23,8   20:04    NO
21   9,8  19,8   15:09   3,9   06:33   8,5   0,0   0,0   2,4  18,0   07:46   SSE
22   9,8  17,4   13:41   2,5   07:15   8,5   0,0   0,0   5,7  33,2   19:20   NNO
23  10,4  19,3   15:22   5,5   08:25   7,9   0,0   0,0   4,1  37,5   02:55   NNO
24  10,4  16,6   15:01   5,7   08:01   7,9   0,0   1,0   2,1  18,0   14:34   SSE
25  10,6  15,4   15:51   7,0   03:11   7,7   0,0   6,0   6,1  31,7   18:17     S
26  11,5  14,9   14:26   7,6   06:29   6,8   0,0   2,2   3,9  46,9   22:18     O
27  13,0  14,6   11:44  11,2   07:45   5,3   0,0   4,4  11,8  73,6   03:43   NNO
28  14,4  15,3   12:17  14,1   02:13   3,9   0,0   1,6  12,7  44,7   00:48   NNO
29  15,1  17,8   13:03  13,5   07:21   3,2   0,0   0,4   6,4  33,2   09:52   NNO
30  13,9  16,2   12:16  10,8   08:55   4,5   0,0   0,0   2,1  18,0   13:25   SSE
31  12,9  15,9   10:26   7,3   23:57   5,4   0,0   2,4   8,3  36,8   11:13    SO
----------------------------------------------------------------------------------
    10,5  19,8    21    -0,2     4   240,0   0,0  53,6   5,4  81,5    10      NO

Max >=  25,0:  0
Max <=  18,0: 25
Min <=  10,0: 25
Min <=   5,0: 14
Max Rain: 15,0 on day 10
Days of Rain: 12 (>= 0,3 mm)  8 (>= 2,0 mm)  1 (>= 15,0 mm)
Heat Base: 18,3  Cool Base: 18,3  Method: Integration