NOAA-Style Climate Reports


Relatrio para o 2017 Novembro
                   Monthly Climatological Summary for nov 2017

Name: Alto dos Moinhos, Cercal CDV   City: Cercal CDV   State: Portugal
Elevation: 124 m  Lat: N 39° 13' 34"   Lon: W 008° 59' 50"

                  Temperature (°C), Rain (mm), Wind Speed (km/h)

                                      Heat  Cool        Avg
    Mean                              Deg   Deg         Wind                 Dom
Day Temp  High   Time   Low    Time   Days  Days  Rain  Speed High   Time    Dir
----------------------------------------------------------------------------------
 1  15,8  21,5   13:15  11,5   02:35   3,1   0,5   0,0   3,6  33,2   13:28     S
 2  16,3  21,0   16:08  13,3   22:45   2,2   0,2   3,0   5,4  27,4   13:10     S
 3  14,5  17,7   13:16   0,0   06:12   3,9   0,0  30,4   7,5  38,2   15:47     S
 4  15,6  18,7   14:29  14,1   06:55   2,7   0,0  10,4  11,7  40,4   12:48   NNO
 5  14,1  17,6   13:08  11,2   23:58   4,2   0,0   0,0  14,4  48,3   08:38   NNO
 6  14,0  22,2   15:45   7,4   07:51   4,7   0,4   0,0   4,8  21,6   11:12    NO
 7  13,2  18,2   13:14   6,0   05:26   5,1   0,0   0,0   8,9  36,1   13:54   NNO
 8  12,9  17,3   13:10   9,4   06:52   5,4   0,0   0,0  14,3  50,5   10:27   NNO
 9  11,8  19,1   13:04   5,0   07:44   6,4   0,0   0,0   7,0  29,6   16:33   NNO
10  12,2  19,7   14:28   4,5   05:52   6,2   0,1   0,0   5,1  31,0   12:49    NO
11  13,8  19,4   14:21  11,4   21:59   4,5   0,1   0,0   8,3  24,5   16:20    NO
12  13,7  17,5   12:52  11,4   00:44   4,6   0,0   0,0  15,9  41,8   18:26   NNO
13  14,0  19,2   13:34   7,9   23:09   4,3   0,0   0,0  10,6  44,0   01:56   NNO
14  12,0  21,1   13:31   5,1   23:40   6,5   0,2   0,0   2,8  15,1   14:26    SE
15  11,4  21,5   13:26   5,0   01:15   7,1   0,2   0,0   2,5  18,0   11:03   SSE
16  12,2  23,4   12:51   3,5   07:34   6,6   0,6   0,0   3,1  20,2   22:59    NO
17  13,5  21,4   13:41   4,8   07:00   5,2   0,4   0,0   3,7  19,5   18:14    NO
18  14,1  23,1   14:26   6,2   07:29   4,8   0,6   0,0   3,8  16,6   03:07    NO
19  13,1  24,4   14:10   5,7   04:43   6,1   0,9   0,0   1,4  12,3   11:14   ESE
20  13,1  23,9   14:48   7,7   01:48   5,8   0,6   0,0   2,2  15,1   11:36   SSE
21   8,4  14,0   00:18   5,7   07:55   9,9   0,0   0,0   4,9  14,4   06:59   SSE
22  13,5  18,1   23:16   7,9   00:00   4,7   0,0   0,0   9,7  33,9   14:54   SSE
23  16,6  21,6   13:35  14,5   06:40   2,1   0,3  19,6  10,8  54,8   13:41     S
24  15,5  20,2   14:06  11,1   23:17   3,0   0,2   0,0   4,6  28,9   11:34     S
25  14,2  17,1   15:13  11,3   00:23   4,1   0,0   0,0   2,3  15,1   14:43    NO
26  13,6  20,5   14:27  10,5   07:47   4,7   0,1   0,0   3,0  23,1   13:08    SE
27  12,6  16,8   11:49  10,6   06:59   5,7   0,0   0,0   2,9  18,0   12:39   SSE
28  10,9  12,1   00:00   9,5   03:34   7,4   0,0   8,2   1,4  11,5   05:50    SE
29  11,1  15,0   14:06   7,5   23:01   7,2   0,0   0,2  10,5  38,2   10:23   NNO
30   8,8  16,4   12:19   2,9   08:19   9,5   0,0   0,0   5,5  23,1   13:42    NO
----------------------------------------------------------------------------------
    13,2  24,4    19     0,0     3   157,7   5,4  71,8   6,4  54,8    23      NO

Max >=  25,0:  0
Max <=  18,0: 10
Min <=  10,0: 19
Min <=   5,0:  7
Max Rain: 30,4 on day 3
Days of Rain: 5 (>= 0,3 mm)  5 (>= 2,0 mm)  2 (>= 15,0 mm)
Heat Base: 18,3  Cool Base: 18,3  Method: Integration