NOAA-Style Climate Reports


Relatrio para o 2017 Setembro
                   Monthly Climatological Summary for set 2017

Name: Alto dos Moinhos, Cercal CDV   City: Cercal CDV   State: Portugal
Elevation: 124 m  Lat: N 39° 13' 34"   Lon: W 008° 59' 50"

                  Temperature (°C), Rain (mm), Wind Speed (km/h)

                                      Heat  Cool        Avg
    Mean                              Deg   Deg         Wind                 Dom
Day Temp  High   Time   Low    Time   Days  Days  Rain  Speed High   Time    Dir
----------------------------------------------------------------------------------
 1  19,3  26,4   13:47  15,0   06:30   1,1   2,2   0,0  14,3  42,6   14:40   NNO
 2  22,1  32,3   14:02  12,3   07:48   1,0   4,8   0,0   8,2  47,6   22:15   NNO
 3  19,2  25,4   15:40  13,9   06:56   0,9   1,8   0,0  13,9  59,1   13:49   NNO
 4  20,0  24,3   15:06  18,2   21:07   0,0   1,7   0,0  11,6  38,2   17:27   NNO
 5  20,3  25,6   13:37  17,8   22:19   0,0   2,0   0,0  16,0  48,3   10:33   NNO
 6  19,8  25,9   15:25  16,3   08:16   0,6   2,1   0,0  15,0  46,9   18:54    NO
 7  21,1  30,8   14:11  16,0   07:17   0,6   3,4   0,0  12,8  40,4   21:14   NNO
 8  17,6  22,6   15:29  14,0   07:11   1,6   0,9   0,0  16,2  51,2   17:34   NNO
 9  18,4  22,0   13:14  15,4   23:27   0,7   0,8   0,0  17,9  51,2   15:02   NNO
10  17,6  23,1   12:33  13,0   07:29   1,8   1,0   0,0  14,5  52,6   23:22   NNO
11  18,9  25,7   13:58  15,5   05:27   1,1   1,7   0,0  15,0  55,5   19:15   NNO
12  18,7  24,6   14:53  14,5   06:00   1,2   1,6   0,0  13,9  41,1   16:43    NO
13  19,8  26,3   14:04  15,6   05:39   0,8   2,3   0,0  13,5  40,4   16:20    NO
14  18,7  24,1   14:12  15,0   23:38   0,8   1,1   0,0  17,6  44,0   17:46   NNO
15  16,0  20,7   13:40  13,4   07:39   2,6   0,3   0,0  20,2  58,4   19:16   NNO
16  15,8  21,2   14:11  12,0   07:10   3,0   0,5   0,0  15,4  43,3   15:46   NNO
17  15,9  21,4   14:24  12,2   06:27   2,9   0,5   0,0  14,1  40,4   14:01   NNO
18  18,0  23,3   13:36  14,1   01:36   1,5   1,2   0,0  11,5  37,5   15:11   NNO
19  17,4  22,0   15:28  13,8   22:54   1,7   0,8   0,0  12,8  37,5   15:10   NNO
20  17,3  24,6   15:43  13,5   07:45   2,3   1,3   0,0  12,4  37,5   17:28    NO
21  17,8  23,9   13:47  14,6   00:00   1,4   0,9   0,0  15,4  51,9   13:37   NNO
22  16,8  22,9   14:22  14,2   03:25   2,3   0,9   0,0  13,7  47,6   09:14    NO
23  17,5  27,4   14:39  13,8   07:19   2,2   1,5   0,0   9,7  41,1   03:39   NNO
24  19,6  28,4   15:12  13,3   05:50   1,5   2,8   0,0   7,3  30,3   17:43   NNO
25  18,2  25,0   14:34  14,8   05:35   1,5   1,4   0,0  12,0  51,9   15:22   NNO
26  18,0  25,7   14:29  13,2   07:25   1,9   1,6   0,0  12,2  38,9   13:03   NNO
27  20,0  27,8   14:44  14,8   07:25   1,0   2,8   0,0   9,5  49,7   17:13   NNO
28  20,9  30,0   14:55  13,8   07:17   0,7   3,3   0,0   6,2  33,2   17:05   NNO
29  19,7  27,6   15:25  14,0   07:25   0,8   2,2   0,0  10,8  43,3   08:06   NNO
30  17,7  21,8   15:06  15,6   07:00   1,1   0,6   0,0  16,5  45,4   18:17   NNO
----------------------------------------------------------------------------------
    18,6  32,3     2    12,0    16    40,6  50,0   0,0  13,3  59,1     3     NNO

Max >=  25,0: 15
Max <=  18,0:  0
Min <=  10,0:  0
Min <=   5,0:  0
Max Rain: 0,0 on day 0
Days of Rain: 0 (>= 0,3 mm)  0 (>= 2,0 mm)  0 (>= 15,0 mm)
Heat Base: 18,3  Cool Base: 18,3  Method: Integration