NOAA-Style Climate Reports


Relatrio para o 2017 Agosto
                   Monthly Climatological Summary for ago 2017

Name: Alto dos Moinhos, Cercal CDV   City: Cercal CDV   State: Portugal
Elevation: 124 m  Lat: N 39° 13' 34"   Lon: W 008° 59' 50"

                  Temperature (°C), Rain (mm), Wind Speed (km/h)

                                      Heat  Cool        Avg
    Mean                              Deg   Deg         Wind                 Dom
Day Temp  High   Time   Low    Time   Days  Days  Rain  Speed High   Time    Dir
----------------------------------------------------------------------------------
 1  19,1  25,3   15:19  15,1   06:46   1,1   2,0   0,0  13,8  44,7   18:05   NNO
 2  19,7  24,9   13:58  15,7   02:25   0,9   2,3   0,0  16,8  47,6   12:43   NNO
 3  22,7  29,1   15:48  18,6   06:48   0,0   4,4   0,0  15,0  51,9   16:23   NNO
 4  22,6  28,1   15:55  19,3   01:14   0,0   4,3   0,0  16,2  42,6   16:31   NNO
 5  20,0  24,0   15:19  17,1   23:56   0,1   1,8   0,0  18,5  52,6   03:34   NNO
 6  20,2  28,0   14:46  15,5   06:34   0,9   2,8   0,0  16,2  49,0   20:21   NNO
 7  18,2  22,7   15:41  15,6   23:56   0,8   0,8   0,0  18,2  46,9   12:38   NNO
 8  17,9  22,9   14:30  14,9   06:42   1,5   1,0   0,0  20,4  62,7   17:23   NNO
 9  17,8  22,2   15:21  14,6   06:30   1,4   0,9   0,0  19,8  65,6   19:41   NNO
10  20,3  28,3   13:00  14,2   05:04   1,2   3,2   0,0  10,3  37,5   17:19   NNO
11  23,4  34,4   14:00  12,2   06:53   0,9   6,0   0,0   8,1  38,2   16:23   NNO
12  24,2  33,3   12:11  15,6   07:13   0,2   6,1   0,0   9,1  39,6   19:32   NNO
13  22,9  32,5   14:29  16,8   06:58   0,1   4,6   0,0  11,3  34,6   22:33   NNO
14  19,1  25,2   15:41  15,4   05:29   0,9   1,7   0,0  15,0  44,0   17:45   NNO
15  19,7  26,1   15:08  16,3   23:53   0,5   2,0   0,0  16,5  48,3   05:08   NNO
16  19,6  26,1   14:28  14,9   05:12   1,0   2,3   0,0  14,3  42,6   18:58   NNO
17  21,6  28,7   14:05  18,4   23:25   0,0   3,3   0,0  15,9  53,4   18:10   NNO
18  20,9  25,6   17:01  16,8   07:47   0,2   2,8   0,0  15,8  48,3   13:52   NNO
19  20,5  26,3   15:04  16,8   04:01   0,3   2,5   0,0  15,6  45,4   15:34    NO
20  27,3  39,7   15:35  15,9   07:03   0,2   9,2   0,0   7,0  38,9   18:29   NNO
21  24,9  32,9   13:00  18,1   07:09   0,0   6,6   0,0   6,4  34,6   15:45   NNO
22  21,6  31,6   15:02  16,9   23:43   0,3   3,5   0,0   9,1  40,4   18:26   NNO
23  20,3  25,8   15:04  16,9   00:01   0,2   2,2   0,0  14,7  49,0   13:23   NNO
24  20,0  26,0   14:07  17,3   01:31   0,4   2,1   0,0  15,4  46,9   22:50   NNO
25  19,8  28,2   14:53  14,4   06:05   1,1   2,6   0,0  11,2  32,4   15:36   NNO
26  21,7  30,1   12:49  16,9   07:35   0,1   3,6   0,0   8,3  43,3   13:52   NNO
27  20,7  25,8   14:25  17,9   23:05   0,0   2,4   0,0   6,3  28,1   11:23    NO
28  17,7  21,9   12:58  13,8   04:11   1,2   0,6   0,2   3,6  31,7   18:25   NNO
29  19,2  23,6   15:15  17,2   06:31   0,3   1,2   1,4   8,5  46,9   16:41   NNO
30  19,8  24,9   15:27  16,8   23:30   0,3   1,8   0,0  11,1  40,4   16:12   NNO
31  19,5  25,8   13:57  16,0   02:08   0,7   2,0   0,0  14,0  40,4   15:16   NNO
----------------------------------------------------------------------------------
    20,7  39,7    20    12,2    11    16,8  92,6   1,6  13,0  65,6     9     NNO

Max >=  25,0: 23
Max <=  18,0:  0
Min <=  10,0:  0
Min <=   5,0:  0
Max Rain: 1,4 on day 29
Days of Rain: 1 (>= 0,3 mm)  0 (>= 2,0 mm)  0 (>= 15,0 mm)
Heat Base: 18,3  Cool Base: 18,3  Method: Integration