NOAA-Style Climate Reports


Relatrio para o 2017 Abril
                   Monthly Climatological Summary for abr 2017

Name: Alto dos Moinhos, Cercal CDV   City: Cercal CDV   State: Portugal
Elevation: 124 m  Lat: N 39° 13' 34"   Lon: W 008° 59' 50"

                  Temperature (°C), Rain (mm), Wind Speed (km/h)

                                      Heat  Cool        Avg
    Mean                              Deg   Deg         Wind                 Dom
Day Temp  High   Time   Low    Time   Days  Days  Rain  Speed High   Time    Dir
----------------------------------------------------------------------------------
 1  13,2  17,5   15:27  10,1   07:13   5,1   0,0   0,2   9,7  35,3   12:40   NNO
 2  13,3  20,1   15:18   9,2   06:57   5,1   0,1   0,0  10,0  43,3   23:24    NO
 3  15,3  23,5   14:03  10,3   03:37   3,9   0,9   0,0   9,2  29,6   17:28   NNO
 4  15,6  22,0   14:38  11,1   06:57   3,4   0,7   0,0  12,6  35,3   16:55    NO
 5  17,8  26,7   15:25   9,7   06:17   2,9   2,4   0,0   4,6  28,9   11:58     N
 6  17,4  24,6   15:59  11,4   23:58   2,4   1,6   0,0   6,1  33,2   13:27     E
 7  17,3  27,1   17:04   7,4   06:42   3,2   2,2   0,0   4,1  44,7   18:22    NO
 8  17,2  24,5   14:20   8,3   07:32   3,0   1,8   0,0   3,6  20,2   16:54   NNO
 9  16,9  25,6   16:37   8,6   06:29   3,3   2,0   0,0   3,9  36,8   14:53    SE
10  18,1  27,0   16:40  10,7   05:42   2,7   2,5   0,0   3,8  26,7   11:42   SSE
11  18,7  29,6   16:55   9,2   07:25   2,6   3,0   0,0   4,0  33,2   18:45    NO
12  18,3  28,7   15:30  10,3   07:05   2,5   2,5   0,0   5,6  27,4   19:28    NO
13  15,4  20,4   13:46  12,0   03:14   3,2   0,3   0,0  11,1  33,9   19:49    NO
14  16,5  22,0   15:41  13,1   07:20   2,4   0,6   0,0   9,3  35,3   16:35   NNO
15  16,2  21,4   14:22  13,1   06:53   2,5   0,5   0,0  10,5  39,6   13:01   NNO
16  16,2  24,0   16:08  12,2   06:22   3,1   1,1   0,0   9,4  30,3   18:17    NO
17  17,5  26,7   14:56  11,6   05:16   2,5   1,7   0,0   6,8  25,9   15:46    NO
18  18,5  24,8   14:22  12,9   03:11   1,2   1,4   0,0   5,1  52,6   09:15   NNO
19  19,8  27,0   14:33  14,1   23:53   0,9   2,4   0,0   6,1  42,6   13:23     S
20  19,0  25,5   17:42  13,2   02:52   1,6   2,3   0,0   5,6  43,3   11:01   ESE
21  18,2  24,2   16:24  12,4   07:27   1,5   1,4   0,0   5,4  36,8   13:24    SE
22  17,7  25,5   15:46  11,5   05:14   2,2   1,6   0,0   5,0  28,9   13:20    NE
23  18,3  26,1   13:49  13,9   07:04   1,7   1,7   0,0   7,8  31,0   18:20    NO
24  17,1  25,4   14:27  13,4   23:43   2,5   1,2   0,0   9,0  29,6   18:02   NNO
25  15,1  19,3   14:17  12,4   23:58   3,2   0,0   0,0  12,5  33,2   16:23   NNO
26  13,6  17,1   12:42  11,7   06:46   4,6   0,0   0,0  11,7  35,3   18:28   NNO
27  14,1  22,1   16:08   5,6   07:11   4,6   0,4   0,0   6,2  28,9   17:21   NNO
28  15,7  24,2   16:14   9,8   00:06   3,5   0,9   0,0   4,7  34,6   10:47   ENE
29  13,5  18,8   15:06   7,7   04:21   4,8   0,0   0,0   5,9  38,2   13:56    NO
30  13,6  17,1   16:35   9,7   23:59   4,7   0,0   3,4  10,9  49,7   10:26    NO
----------------------------------------------------------------------------------
    16,5  29,6    11     5,6    27    90,8  37,2   3,6   7,3  52,6    18     NNO

Max >=  25,0: 12
Max <=  18,0:  3
Min <=  10,0: 10
Min <=   5,0:  0
Max Rain: 3,4 on day 30
Days of Rain: 1 (>= 0,3 mm)  1 (>= 2,0 mm)  0 (>= 15,0 mm)
Heat Base: 18,3  Cool Base: 18,3  Method: Integration