NOAA-Style Climate Reports


Relatrio para o 2016 Dezembro
                   Monthly Climatological Summary for dez 2016

Name: Alto dos Moinhos, Cercal CDV   City: Cercal CDV   State: Portugal
Elevation: 124 m  Lat: N 39° 13' 34"   Lon: W 008° 59' 50"

                  Temperature (°C), Rain (mm), Wind Speed (km/h)

                                      Heat  Cool        Avg
    Mean                              Deg   Deg         Wind                 Dom
Day Temp  High   Time   Low    Time   Days  Days  Rain  Speed High   Time    Dir
----------------------------------------------------------------------------------
 1  12,4  13,4   16:35  11,1   09:38   8,0   0,0   2,0   2,3  16,6   14:26    SE
 2  12,0  14,3   15:13   9,9   08:24   6,3   0,0   0,5   3,6  23,1   09:10    SE
 3  13,4  14,8   13:10  12,3   00:00   4,0   0,0  29,8   6,0  38,2   13:04    SE
 4  14,6  17,4   14:52  13,1   23:57   3,7   0,0   1,8   5,5  41,8   13:13   SSE
 5  14,5  22,2   14:18  10,3   07:39   4,1   0,4   0,0   2,3  23,1   11:34   ESE
 6  13,9  20,4   14:42   9,3   06:01   4,6   0,1   0,0   3,5  20,9   12:23   SSE
 7  12,7  16,9   12:59   9,2   03:54   5,6   0,0   0,0   3,1  16,6   23:56   SSE
 8  12,4  17,9   13:30   8,9   03:47   5,9   0,0   0,0   5,1  37,5   12:51    SE
 9  12,8  19,6   14:13   6,4   08:17   5,5   0,1   0,0   4,6  33,2   15:03   SSE
10  13,3  18,5   14:46  10,7   02:59   4,8   0,0   0,0   5,0  25,9   10:38   SSE
11  13,6  21,2   14:52  10,5   23:56   4,8   0,2   0,0   3,1  15,1   11:09     S
12  12,0  21,2   14:00   6,2   07:52   6,4   0,1   0,0   1,3  15,9   19:16   NNO
13   9,2  11,6   16:18   6,5   04:10   9,1   0,0   0,0   2,0  18,7   23:07   SSE
14  11,9  15,8   13:45  10,0   22:09   6,4   0,0  18,3   9,4  49,7   13:48    NO
15   9,9  14,0   13:46   5,6   05:56   8,4   0,0   2,7   5,0  41,8   19:32     S
16  10,0  13,5   14:00   7,8   07:56   8,3   0,0  17,1  14,1  54,1   15:08   NNO
17  12,0  17,6   13:41   6,1   08:19   6,3   0,0   0,0   5,0  32,4   13:48     N
18  11,6  17,8   14:45   6,4   23:38   6,7   0,0   0,0   3,8  28,9   11:29   ESE
19   8,9  15,3   13:35   3,9   06:27   9,4   0,0   0,0   5,8  25,9   12:29    NO
20   8,9  15,0   14:18   2,2   04:52   9,4   0,0   0,0   6,4  23,8   12:55    NO
21  11,3  16,2   12:29   7,8   06:17   7,0   0,0   0,0   5,6  16,6   02:53    NO
22  12,5  18,6   13:00   7,7   07:23   5,8   0,0   0,0   5,3  22,4   13:59    NO
23  11,2  17,8   14:48   5,5   07:09   7,1   0,0   0,0   4,7  25,9   21:14    NO
24  11,2  19,1   14:02   4,7   07:55   7,1   0,0   0,0   2,8  18,7   00:20   NNO
25   9,9  17,7   15:15   5,6   04:09   8,4   0,0   0,0   1,5  17,3   12:07    SE
26   9,8  18,9   14:31   5,1   04:29   8,5   0,0   0,0   1,6  10,8   11:04   ESE
27   8,1  16,5   15:15   3,7   03:43  10,2   0,0   0,0   2,0  18,0   11:45   SSE
28  11,0  19,2   14:49   4,4   07:01   7,3   0,0   0,0   3,3  18,0   12:23   SSE
29  10,7  18,7   14:39   6,7   01:15   7,6   0,0   0,0   3,1  18,0   05:45    SE
30  10,6  18,6   14:24   5,0   23:50   7,7   0,0   0,0   2,3  20,9   11:22   SSE
31   8,0  16,3   14:51   4,2   06:48  10,3   0,0   0,0   1,6  15,1   11:57   SSE
----------------------------------------------------------------------------------
    11,4  22,2     5     2,2    20   214,7   0,9  72,2   4,2  54,1    16     SSE

Max >=  25,0:  0
Max <=  18,0: 19
Min <=  10,0: 25
Min <=   5,0:  7
Max Rain: 29,8 on day 3
Days of Rain: 7 (>= 0,3 mm)  5 (>= 2,0 mm)  3 (>= 15,0 mm)
Heat Base: 18,3  Cool Base: 18,3  Method: Integration