NOAA-Style Climate Reports


Relatrio para o 2016 Novembro
                   Monthly Climatological Summary for nov 2016

Name: Alto dos Moinhos, Cercal CDV   City: Cercal CDV   State: Portugal
Elevation: 124 m  Lat: N 39° 13' 34"   Lon: W 008° 59' 50"

                  Temperature (°C), Rain (mm), Wind Speed (km/h)

                                      Heat  Cool        Avg
    Mean                              Deg   Deg         Wind                 Dom
Day Temp  High   Time   Low    Time   Days  Days  Rain  Speed High   Time    Dir
----------------------------------------------------------------------------------
 1  17,6  23,2   14:45  12,9   07:22   1,7   0,9   0,0   2,6  24,5   11:55     S
 2  17,8  23,9   12:18  13,1   22:13   1,5   1,0   0,0   5,8  37,5   16:08   SSE
 3  16,6  23,6   14:39  13,3   00:00   2,5   0,8   0,2   3,3  38,2   05:55   SSE
 4  16,3  19,8   15:03  12,6   02:02   2,2   0,2   0,3   5,2  46,9   12:31   SSE
 5  14,4  16,3   09:55  11,6   23:39   3,9   0,0   2,0   7,2  36,8   12:05    NO
 6  11,3  16,7   12:18   5,8   07:19   7,0   0,0   0,0   6,0  29,6   14:44   NNO
 7  10,7  15,5   13:06   5,4   23:16   7,6   0,0   0,0   9,6  44,7   14:42   NNO
 8  11,6  16,8   13:58   7,4   08:10   6,7   0,0   0,0   5,0  23,1   16:02    NO
 9  14,8  17,4   14:05  13,4   21:12   3,4   0,0   5,5   6,5  32,4   13:54    NO
10  13,1  19,0   13:16   7,9   07:33   5,3   0,0   0,0   3,5  24,5   15:36   NNO
11  12,8  17,6   12:42   7,4   02:59   5,5   0,0   0,0   1,8  19,5   12:55   NNO
12  16,1  19,2   11:35  14,5   00:00   2,2   0,1   2,7   4,2  31,0   20:01   NNO
13  16,3  23,6   14:26  11,3   07:30   2,8   0,8   0,3   4,5  24,5   14:39   NNO
14  14,8  22,8   13:30   9,0   04:08   4,1   0,6   0,0   2,7  21,6   11:38   ESE
15  13,7  21,0   14:11   9,7   21:16   4,9   0,2   0,0   4,4  25,9   13:21   ESE
16  14,0  23,2   13:39   5,0   07:48   4,8   0,6   0,0   3,1  20,2   23:46    NO
17  14,6  20,6   13:41   9,2   05:25   3,9   0,2   0,0   7,6  21,6   15:49    NO
18  14,4  16,7   10:37  11,5   23:22   3,9   0,0   0,0   5,8  23,1   14:12   NNO
19  12,4  18,5   13:46   6,4   07:27   5,9   0,0   2,3   3,8  26,7   15:15     S
20  16,1  17,2   13:31  14,7   22:57   2,2   0,0  23,5   7,2  52,6   13:43   SSO
21  12,6  17,2   11:35   6,6   23:56   5,7   0,0   7,0   4,7  51,2   01:14    NO
22   8,4  15,3   12:44   3,4   07:27   9,9   0,0   0,2   3,1  21,6   14:17    NO
23   9,5  13,5   13:23   6,3   07:41   8,8   0,0   0,0   9,5  33,9   13:06    NO
24  10,0  14,0   10:21   3,6   07:09   7,3   0,0  13,3   5,0  79,3   23:31   SSO
25  11,7  14,5   12:25   9,5   23:56   6,6   0,0  14,5   6,2  62,7   09:31     S
26  10,4  13,9   12:32   8,9   21:18   7,9   0,0   1,3   3,2  29,6   13:12   SSE
27  11,7  16,7   14:16   8,4   05:16   6,6   0,0   0,3   4,9  30,3   15:01    NO
28  12,3  19,5   10:08   7,5   22:58   6,0   0,0   0,0   2,0  21,6   01:02    NO
29  11,0  16,3   13:53   7,4   02:25   7,3   0,0   0,0   3,1  25,2   13:48   SSE
30  12,5  15,8   14:00  10,3   06:02   5,8   0,0   0,3   3,6  39,6   14:20   SSE
----------------------------------------------------------------------------------
    13,3  23,9     2     3,4    22   153,9   5,4  73,7   4,8  79,3    24     ONO

Max >=  25,0:  0
Max <=  18,0: 17
Min <=  10,0: 19
Min <=   5,0:  3
Max Rain: 23,5 on day 20
Days of Rain: 13 (>= 0,3 mm)  8 (>= 2,0 mm)  1 (>= 15,0 mm)
Heat Base: 18,3  Cool Base: 18,3  Method: Integration