NOAA-Style Climate Reports


Relatrio para o 2016 Setembro
                   Monthly Climatological Summary for Set 2016

Name: Alto dos Moinhos, Cercal CDV   City: Cercal CDV   State: Portugal
Elevation: 124 m  Lat: N 39° 13' 34"   Lon: W 008° 59' 50"

                  Temperature (°C), Rain (mm), Wind Speed (km/h)

                                      Heat  Cool        Avg
    Mean                              Deg   Deg         Wind                 Dom
Day Temp  High   Time   Low    Time   Days  Days  Rain  Speed High   Time    Dir
----------------------------------------------------------------------------------
 1  21,7  31,6   15:00  17,4   07:11   0,2   3,4   0,0  10,5  41,8   11:27   NNO
 2  21,2  29,1   15:18  16,5   06:38   0,5   3,4   0,0  12,6  66,3   23:03    NO
 3  23,5  33,8   15:13  16,1   07:34   0,2   5,4   0,0   7,5  35,3   18:47   NNO
 4  24,5  32,0   16:58  16,2   06:37   0,2   6,5   0,0   8,3  29,6   15:24   NNO
 5  25,2  33,1   13:47  19,3   07:25   0,0   6,9   0,0  11,5  30,3   15:09    NO
 6  27,7  38,1   15:50  20,0   07:00   0,0   9,4   0,0   8,2  27,4   16:28   NNO
 7  19,7  24,1   13:45  16,2   07:58   0,5   1,9   0,0  13,4  55,5   17:31   NNO
 8  19,0  22,8   13:54  16,7   04:36   0,5   1,2   0,0  18,5  69,9   13:49   NNO
 9  19,3  24,0   13:59  16,0   04:10   0,7   1,7   0,0  17,8  77,1   14:05   NNO
10  20,5  25,6   15:27  16,9   07:18   0,2   2,4   0,0  16,8  58,4   19:09   NNO
11  21,0  26,9   14:08  17,5   07:03   0,1   2,8   0,0  13,1  51,2   14:24    NO
12  20,7  28,0   14:06  15,2   08:32   0,7   3,1   0,0   7,7  31,7   16:22    NO
13  19,0  23,0   15:32  15,9   23:33   0,5   1,2   8,5  10,8  49,0   16:55   NNO
14  17,0  21,7   15:01  12,7   06:52   1,9   0,6   1,3   7,1  44,0   15:47   NNO
15  17,4  22,0   14:26  14,6   06:00   1,5   0,6   2,5   4,9  31,0   14:57   NNO
16  18,2  23,8   13:55  14,6   07:11   1,3   1,2   0,2  12,4  46,1   17:23   NNO
17  20,7  28,8   13:58  15,6   07:02   0,8   3,1   0,0   8,7  31,0   14:51    NO
18  20,8  30,0   12:52  14,9   07:49   0,7   3,2   0,0   8,7  39,6   15:04   NNO
19  19,6  29,6   14:35  14,8   07:05   1,3   2,7   0,0   9,9  44,7   17:22    NO
20  18,0  23,2   15:35  15,1   04:45   1,3   1,0   0,0  12,5  33,9   21:40    NO
21  17,7  22,8   15:18  14,3   23:54   1,4   0,8   0,0  12,9  37,5   12:49   NNO
22  17,1  22,3   14:29  13,8   03:03   2,0   0,8   0,0  11,6  34,6   15:55   NNO
23  19,1  25,7   16:14  15,1   05:57   1,1   2,0   0,0   9,8  28,1   11:31   NNO
24  19,1  26,9   14:40  14,3   07:00   1,1   1,9   0,0   8,4  35,3   13:32   NNO
25  18,2  23,4   14:23  14,5   23:52   1,1   1,0   0,0  10,3  41,1   07:41   NNO
26  17,5  22,3   12:43  14,3   00:15   1,7   0,9   0,0  16,5  72,8   17:20   NNO
27  20,7  27,7   13:38  16,3   07:51   0,5   2,8   0,0  12,6  39,6   01:02    NO
28  24,0  33,7   14:54  13,9   07:09   0,6   6,3   0,0   5,3  32,4   12:35   NNE
29  23,2  31,1   16:27  18,3   07:31   0,0   4,9   0,0   5,7  28,9   17:28    NO
30  20,8  28,5   13:59  14,0   08:08   0,5   3,1   0,0   6,6  40,4   20:21   NNO
----------------------------------------------------------------------------------
    20,4  38,1     6    12,7    14    23,1  86,2  12,5  10,7  77,1     9     NNO

Max >=  25,0: 18
Max <=  18,0:  0
Min <=  10,0:  0
Min <=   5,0:  0
Max Rain: 8,5 on day 13
Days of Rain: 3 (>= 0,3 mm)  2 (>= 2,0 mm)  0 (>= 15,0 mm)
Heat Base: 18,3  Cool Base: 18,3  Method: Integration