NOAA-Style Climate Reports


Relatrio para o 2016 Agosto
                   Monthly Climatological Summary for Ago 2016

Name: Alto dos Moinhos, Cercal CDV   City: Cercal CDV   State: Portugal
Elevation: 124 m  Lat: N 39° 13' 34"   Lon: W 008° 59' 50"

                  Temperature (°C), Rain (mm), Wind Speed (km/h)

                                      Heat  Cool        Avg
    Mean                              Deg   Deg         Wind                 Dom
Day Temp  High   Time   Low    Time   Days  Days  Rain  Speed High   Time    Dir
----------------------------------------------------------------------------------
 1  19,6  25,4   15:08  16,3   03:28   0,7   2,1   0,0  16,6  57,7   18:55   NNO
 2  20,9  28,7   14:54  16,3   06:41   0,6   3,1   0,0  14,8  42,6   00:34   NNO
 3  20,2  24,3   16:04  17,2   04:13   0,3   2,2   0,0  19,3  56,2   17:56   NNO
 4  20,8  25,2   16:16  17,9   23:46   0,0   2,5   0,0  16,1  65,6   17:20   NNO
 5  21,0  27,0   15:30  17,4   04:32   0,3   2,9   0,0  15,9  89,4   17:53    NO
 6  24,1  37,7   14:56  18,7   06:25   0,0   5,8   0,0  10,3  33,2   01:55   NNO
 7  28,5  39,5   15:16  18,9   06:35   0,0  10,1   0,0   7,5  44,0   20:58    NO
 8  28,0  37,6   14:00  19,4   07:13   0,0   9,7   0,0   7,6  35,3   17:45   NNO
 9  23,1  29,4   13:19  17,9   23:46   0,0   4,8   0,0  14,9  46,1   06:19   NNO
10  23,5  32,0   14:42  16,8   06:00   0,3   5,5   0,0  10,3  38,2   00:58   NNO
11  27,3  35,9   15:49  19,6   01:48   0,0   9,0   0,0   7,2  37,5   19:47   NNO
12  27,8  37,5   14:42  20,8   02:37   0,0   9,5   0,0   7,9  39,6   16:21   NNO
13  27,8  35,5   14:30  20,4   23:29   0,0   9,5   0,0  12,5  48,3   18:57    NO
14  19,9  26,1   15:52  15,7   07:19   0,5   2,1   0,0  15,2  44,7   09:38   NNO
15  20,8  27,5   13:46  17,2   01:19   0,3   2,8   0,0  11,9  43,3   23:50   NNO
16  19,9  26,1   14:45  16,2   06:24   0,5   2,0   0,0  10,9  67,8   11:02   NNO
17  21,2  25,8   13:37  17,7   23:59   0,0   2,9   0,0  10,2  35,3   16:06   NNO
18  20,4  26,8   14:51  16,6   03:13   0,5   2,6   0,0  14,6  46,1   16:43   NNO
19  21,7  26,0   15:35  18,5   02:43   0,0   3,4   0,0   5,7  36,1   19:15   NNO
20  19,9  24,9   13:52  16,7   04:52   0,4   2,0   0,0  16,3  60,6   14:43   NNO
21  21,5  29,4   15:18  15,6   06:58   0,7   3,9   0,0  12,3  56,2   16:44    NO
22  24,6  36,9   14:42  15,8   07:30   0,2   6,5   0,0   8,1  54,1   20:03   NNO
23  22,2  27,8   13:20  17,0   06:43   0,1   4,0   0,0  13,3  43,3   16:15    NO
24  21,1  26,9   15:02  18,1   23:59   0,0   2,8   0,5  13,4  53,4   20:07    NO
25  20,2  25,0   14:59  17,3   04:44   0,2   1,9   0,0  14,8  49,0   19:03    NO
26  22,3  32,6   13:55  17,2   07:12   0,3   4,0   0,0  10,6  33,9   16:18    NO
27  20,6  27,4   14:22  17,3   06:47   0,2   2,5   0,0  10,8  58,4   14:38   NNO
28  20,4  26,1   13:53  16,7   02:31   0,4   2,5   0,0  16,2  65,6   19:05   NNO
29  19,6  25,6   13:52  15,8   05:22   0,8   2,1   0,0  15,3  52,6   04:17   NNO
30  20,1  25,6   14:26  17,7   00:18   0,2   2,0   0,0  17,1  61,3   21:58   NNO
31  19,9  24,6   13:56  17,4   05:08   0,1   1,7   0,0  17,4  52,6   17:10   NNO
----------------------------------------------------------------------------------
    22,2  39,5     7    15,6    21     7,6 128,4   0,5  12,7  89,4     5     NNO

Max >=  25,0: 28
Max <=  18,0:  0
Min <=  10,0:  0
Min <=   5,0:  0
Max Rain: 0,5 on day 24
Days of Rain: 1 (>= 0,3 mm)  0 (>= 2,0 mm)  0 (>= 15,0 mm)
Heat Base: 18,3  Cool Base: 18,3  Method: Integration