NOAA-Style Climate Reports


Relatrio para o 2016 Julho
                   Monthly Climatological Summary for Jul 2016

Name: Alto dos Moinhos, Cercal CDV   City: Cercal CDV   State: Portugal
Elevation: 124 m  Lat: N 39° 13' 34"   Lon: W 008° 59' 50"

                  Temperature (°C), Rain (mm), Wind Speed (km/h)

                                      Heat  Cool        Avg
    Mean                              Deg   Deg         Wind                 Dom
Day Temp  High   Time   Low    Time   Days  Days  Rain  Speed High   Time    Dir
----------------------------------------------------------------------------------
 1  18,2  20,7   17:08  16,5   22:41   0,6   0,5   0,0  18,7  61,3   16:17   NNO
 2  18,9  23,8   14:53  15,7   06:36   1,0   1,6   0,0  17,7  72,8   15:30   NNO
 3  21,5  29,6   14:58  15,6   05:32   0,8   4,0   0,0  14,0  41,1   15:00   NNO
 4  20,7  29,8   16:52  16,3   05:51   0,6   3,0   0,0  11,1  39,6   21:49   NNO
 5  22,3  32,0   14:42  16,1   06:47   0,5   4,5   0,0   7,3  31,0   16:06   NNO
 6  22,3  29,0   14:23  17,0   06:35   0,1   4,2   0,0   7,1  31,7   16:38     N
 7  23,2  30,8   15:20  17,4   23:44   0,0   4,9   0,0   8,2  35,3   17:40   NNO
 8  20,0  27,5   15:41  16,1   07:18   0,6   2,4   0,0  16,0  62,0   23:01   NNO
 9  21,0  27,6   16:35  15,9   06:45   0,5   3,2   0,0  15,3  41,1   04:14    NO
10  20,0  25,2   14:58  17,3   03:22   0,3   2,0   0,0  19,1  78,6   17:40   NNO
11  19,3  24,3   15:01  15,9   03:53   0,7   1,7   0,0  18,5  50,5   19:14   NNO
12  18,8  23,2   13:38  15,6   06:07   0,9   1,4   0,0  20,0  68,5   14:50   NNO
13  19,2  25,0   15:55  13,9   06:37   1,3   2,2   0,0  14,9  70,6   00:52   NNO
14  23,7  31,8   14:55  15,6   06:38   0,3   5,7   0,0   9,9  47,6   17:54   NNO
15  27,1  38,0   16:22  20,0   01:55   0,0   8,7   0,0   7,3  46,1   20:54   NNO
16  27,6  37,2   14:03  18,6   05:52   0,0   9,2   0,0   7,5  34,6   18:29    NO
17  24,9  32,5   15:02  20,2   06:20   0,0   6,6   0,0  11,9  36,8   16:55    NO
18  23,2  33,0   15:39  15,6   06:48   0,3   5,2   0,0   8,9  36,1   16:32    NO
19  21,2  30,9   14:03  14,6   04:57   0,7   3,6   0,0   7,9  54,1   14:42   NNO
20  20,2  26,2   14:23  16,6   05:23   0,4   2,4   0,0  15,4  47,6   17:31   NNO
21  20,8  25,9   14:38  17,5   04:16   0,2   2,7   0,0  17,5  81,5   14:34   NNO
22  20,5  23,9   17:44  18,0   23:23   0,0   2,2   0,0  17,1  52,6   13:53   NNO
23  23,4  31,4   13:42  16,8   05:55   0,3   5,4   0,0  12,1  39,6   12:57    NO
24  27,2  38,5   14:56  16,7   06:42   0,1   9,0   0,0   7,7  33,2   17:37   NNO
25  27,6  38,0   13:54  19,4   06:56   0,0   9,3   0,0   9,0  38,9   19:42   NNO
26  21,1  26,4   14:36  17,6   04:57   0,1   2,9   0,0  15,1  51,9   20:50   NNO
27  20,6  26,8   16:31  17,5   06:25   0,2   2,5   0,0  14,0  64,2   02:00   NNO
28  22,8  33,0   14:59  16,9   06:21   0,4   4,8   0,0  11,5  35,3   01:15    NO
29  23,8  32,9   14:08  16,6   05:44   0,2   5,6   0,0   9,0  35,3   16:23   NNO
30  20,0  25,4   15:17  16,8   02:48   0,2   1,9   0,0   7,4  63,4   22:11    NO
31  19,8  24,3   14:55  17,1   23:37   0,3   1,8   0,0  17,3  54,1   19:27   NNO
----------------------------------------------------------------------------------
    22,0  38,5    24    13,9    13    11,6 125,1   0,0  12,7  81,5    21     NNO

Max >=  25,0: 25
Max <=  18,0:  0
Min <=  10,0:  0
Min <=   5,0:  0
Max Rain: 0,0 on day 0
Days of Rain: 0 (>= 0,3 mm)  0 (>= 2,0 mm)  0 (>= 15,0 mm)
Heat Base: 18,3  Cool Base: 18,3  Method: Integration