NOAA-Style Climate Reports


Relatrio para o 2016 Maio
                   Monthly Climatological Summary for Mai 2016

Name: Alto dos Moinhos, Cercal CDV   City: Cercal CDV   State: Portugal
Elevation: 124 m  Lat: N 39° 13' 34"   Lon: W 008° 59' 50"

                  Temperature (°C), Rain (mm), Wind Speed (km/h)

                                      Heat  Cool        Avg
    Mean                              Deg   Deg         Wind                 Dom
Day Temp  High   Time   Low    Time   Days  Days  Rain  Speed High   Time    Dir
----------------------------------------------------------------------------------
 1  16,6  25,3   15:19   8,8   06:27   3,1   1,3   0,0   7,9  29,6   09:42     N
 2  17,0  25,8   13:19   7,9   05:49   3,2   1,9   0,0   7,5  38,9   16:49     N
 3  20,5  31,4   16:36   9,6   05:43   2,2   4,4   0,0   4,9  25,2   14:40   ENE
 4  20,3  27,2   15:35  13,6   04:12   1,0   3,0   0,0   4,7  31,7   08:54     S
 5  15,8  17,9   00:00  14,5   22:49   2,5   0,0  19,5   2,3  22,4   10:44     S
 6  13,8  15,8   12:08  11,6   23:11   4,5   0,0   9,0   6,2  28,9   18:35   NNO
 7  12,5  13,8   16:03  11,0   03:53   5,8   0,0  39,8  11,0  60,6   16:14     S
 8  14,3  17,5   14:27  11,6   07:42   4,0   0,0  11,3   9,4  63,4   10:52   SSO
 9  13,6  17,2   17:51  10,8   22:47   4,7   0,0   8,0   5,1  31,0   12:55   SSO
10  13,6  17,9   16:04  11,3   05:37   4,7   0,0  21,8   9,0  44,0   13:59     S
11  12,6  16,4   17:19  10,7   02:17   5,7   0,0   9,2   5,9  54,1   08:37   SSO
12  13,8  18,0   15:10  11,2   07:24   4,5   0,0  12,7   6,9  33,2   16:18    NO
13  14,5  18,5   14:41  11,9   03:43   3,8   0,0   0,0  11,0  51,9   15:00   NNO
14  14,5  18,6   14:26  12,5   04:29   3,8   0,0   0,0  11,5  38,9   16:00   NNO
15  15,6  19,5   15:37  13,3   00:00   2,8   0,1   0,0  15,0  36,8   18:51   NNO
16  15,4  20,3   14:01  13,4   00:00   3,1   0,2   0,0  13,8  38,2   15:33   NNO
17  14,8  17,5   15:39  13,0   23:56   3,2   0,0   0,0  16,4  52,6   01:13   NNO
18  15,4  18,9   14:35  13,1   00:00   2,9   0,0   0,0  18,8  46,9   07:23   NNO
19  16,6  21,6   14:45  13,1   04:45   2,2   0,6   0,0  17,5  41,8   00:50   NNO
20  19,0  27,7   14:10  14,4   02:00   1,8   2,5   0,0  11,7  34,6   04:41   NNO
21  16,1  22,5   15:19  13,6   04:19   2,6   0,4   0,0   9,5  35,3   16:35   NNO
22  16,4  20,6   15:44  12,5   23:31   2,2   0,3   0,0  12,2  63,4   13:49   NNO
23  17,2  25,2   16:21  10,0   05:30   2,8   1,7   0,0   5,3  25,9   00:42   ONO
24  16,1  21,0   14:08  11,5   04:48   2,6   0,3   0,3   5,1  28,9   13:37   ONO
25  17,0  22,1   16:21  11,8   23:52   2,1   0,7   0,0   4,8  41,8   08:55   ONO
26  15,8  22,4   15:24   8,9   06:29   3,2   0,8   0,0   5,3  31,7   18:08     S
27  16,6  21,4   15:12  11,3   03:28   2,3   0,6   0,0   7,9  39,6   11:14     S
28  16,6  19,9   13:27  13,5   07:33   1,8   0,2   8,0   4,5  36,1   16:13     O
29  16,5  20,6   16:43  13,8   05:44   2,0   0,2   0,5   6,8  30,3   16:07   NNO
30  16,6  21,1   15:38  12,9   05:30   2,3   0,5   0,0  10,1  41,8   17:25   NNO
31  17,9  24,5   13:47  13,1   04:00   2,0   1,6   0,0  11,2  36,8   16:15   NNO
----------------------------------------------------------------------------------
    15,9  31,4     3     7,9     2    95,4  21,3 140,1   9,0  63,4     8     NNO

Max >=  25,0:  6
Max <=  18,0:  9
Min <=  10,0:  5
Min <=   5,0:  0
Max Rain: 39,8 on day 7
Days of Rain: 11 (>= 0,3 mm)  9 (>= 2,0 mm)  3 (>= 15,0 mm)
Heat Base: 18,3  Cool Base: 18,3  Method: Integration