NOAA-Style Climate Reports


Relatrio para o 2016 Maro
                   Monthly Climatological Summary for Mar 2016

Name: Alto dos Moinhos, Cercal CDV   City: Cercal CDV   State: Portugal
Elevation: 124 m  Lat: N 39° 13' 34"   Lon: W 008° 59' 50"

                  Temperature (°C), Rain (mm), Wind Speed (km/h)

                                      Heat  Cool        Avg
    Mean                              Deg   Deg         Wind                 Dom
Day Temp  High   Time   Low    Time   Days  Days  Rain  Speed High   Time    Dir
----------------------------------------------------------------------------------
 1  11,9  17,4   14:44   8,9   06:40   6,4   0,0   0,0  11,9  37,5   23:10   NNO
 2  12,5  15,4   15:13  10,7   23:55   5,8   0,0   0,0  15,1  46,1   17:58   NNO
 3  11,7  15,5   13:58  10,0   01:56   6,6   0,0   0,0  19,3  56,2   07:33     N
 4  11,4  14,4   11:47   9,4   23:35   6,9   0,0   1,0  13,6  50,5   17:44   NNO
 5  10,3  14,4   14:11   8,2   05:19   8,0   0,0   0,7  10,8  41,1   16:10   NNO
 6   9,7  13,6   13:38   7,3   06:48   8,6   0,0   1,0  10,9  50,5   12:19   NNO
 7  10,7  13,2   13:42   9,1   02:03   7,6   0,0   2,2  19,0  85,1   14:48     N
 8  10,9  15,7   14:46   7,9   07:08   7,4   0,0   0,0  14,9  40,4   04:23     N
 9  10,7  13,4   12:08   8,5   03:27   7,6   0,0   3,0  14,6  46,9   12:32   NNO
10  11,4  14,6   12:12   9,6   03:32   6,8   0,0   0,0  18,4  56,2   13:03     N
11  11,8  18,3   13:43   7,0   06:57   6,5   0,0   0,0   9,2  31,0   00:08   NNO
12  11,1  20,1   15:01   3,2   06:40   7,3   0,1   0,0   4,7  25,9   15:22   NNO
13  12,5  20,6   15:05   4,9   07:10   5,9   0,2   0,0   5,6  34,6   16:36   NNO
14  11,7  18,0   12:36   4,7   07:08   6,6   0,0   0,0   3,9  24,5   16:41   NNO
15  10,8  16,0   14:50   7,5   00:50   7,5   0,0   2,0   4,6  23,8   15:04   NNO
16  12,3  17,0   14:42   8,3   00:03   6,0   0,0   0,0   8,3  33,2   20:40     N
17  12,5  17,4   12:51   9,3   06:48   5,8   0,0   0,0   6,6  24,5   15:48   NNO
18  12,4  16,6   15:07  10,1   00:40   5,9   0,0   7,8   4,8  24,5   12:55    NO
19  11,6  15,1   15:42  10,2   06:12   6,6   0,0   8,0   2,5  24,5   15:36    NO
20  11,0  15,4   12:58   9,4   06:14   7,3   0,0   1,5   3,2  23,1   13:34     N
21  11,0  16,8   13:08   7,0   03:28   7,3   0,0   5,7   4,8  33,4   13:43   NNO
22  11,9  16,8   12:45   8,8   03:05   6,4   0,0   0,0  12,1  68,5   18:49   NNO
23  11,8  16,0   14:24   9,2   06:35   6,4   0,0   0,5  11,4  47,6   08:40   NNO
24  12,8  18,0   12:47  10,1   00:06   5,5   0,0   0,0  13,0  41,8   12:02   NNO
25  13,0  17,6   12:50   9,3   06:23   5,0   0,0   0,0   7,7  28,9   09:08   NNO
26  15,8  14,8   14:16  11,5   23:59   4,3   1,8   4,8   7,7  39,6   12:26    SO
27  12,5  17,3   13:41   8,6   06:23   5,6   0,0   0,0   6,5  30,3   18:00    NO
28  14,0  17,6   13:24   9,9   01:11   4,3   0,0   0,0   5,3  31,0   13:27    SO
29  14,7  19,5   16:42   9,5   23:59   3,6   0,0   0,0   5,9  29,6   15:45     S
30  10,4  18,3   15:19   6,2   07:13   7,9   0,0   7,0   9,3  55,5   19:27     O
31  10,7  14,4   15:58   8,1   01:00   7,6   0,0   1,5  17,4  54,8   05:03   NNO
----------------------------------------------------------------------------------
    11,9  20,6    13     3,2    12   201,0   2,1  46,7   9,8  85,1     7     NNO

Max >=  25,0:  0
Max <=  18,0: 26
Min <=  10,0: 26
Min <=   5,0:  3
Max Rain: 8,0 on day 19
Days of Rain: 14 (>= 0,3 mm)  8 (>= 2,0 mm)  0 (>= 15,0 mm)
Heat Base: 18,3  Cool Base: 18,3  Method: Integration