NOAA-Style Climate Reports


Relatrio para o 2015 Novembro
                   Monthly Climatological Summary for Nov 2015

Name: Alto dos Moinhos, Cercal CDV   City: Cercal CDV   State: Portugal
Elevation: 124 m  Lat: N 39° 13' 34"   Lon: W 008° 59' 50"

                  Temperature (°C), Rain (mm), Wind Speed (km/h)

                                      Heat  Cool        Avg
    Mean                              Deg   Deg         Wind                 Dom
Day Temp  High   Time   Low    Time   Days  Days  Rain  Speed High   Time    Dir
----------------------------------------------------------------------------------
 1  14,4  18,4   19:01  11,6   01:03   3,9   0,0   6,5   3,1  34,6   19:09    NO
 2  14,6  16,0   13:11  13,5   23:13   3,7   0,0   2,0   4,4  28,1   02:03   SSE
 3  16,3  19,7   13:19  13,4   06:23   2,1   0,1   1,3   2,9   2,9   00:00     S
 4  17,0  20,8   13:52  15,6   22:43   1,5   0,2  10,5   3,9  24,5   13:55   SSO
 5  17,3  19,5   14:30  15,2   00:49   1,1   0,1   0,7   4,3  20,2   02:10     S
 6  18,8  25,3   13:46  14,9   23:19   0,6   1,1   0,0   2,0  16,6   14:06   SSE
 7  19,1  26,3   14:26  13,6   04:45   1,2   2,0   0,0   2,1  16,6   13:07    SE
 8  18,0  23,6   14:32  13,6   06:07   1,3   0,9   0,0   4,6  38,2   02:30   SSO
 9  17,2  26,0   13:59  11,6   07:11   2,7   1,6   0,0   0,8  13,0   14:25   ESE
10  17,0  24,2   14:43  12,5   23:41   2,3   1,0   0,0   3,0  15,9   10:08     S
11  16,5  25,0   13:26  11,3   05:55   2,9   1,1   0,0   2,3  15,9   22:51   ONO
12  15,5  22,5   12:51   8,7   07:06   3,5   0,7   0,0   2,6  17,3   15:49   NNO
13  15,9  20,9   13:57  12,3   23:59   2,6   0,2   0,0   8,1  24,5   14:15   NNO
14  14,3  23,0   15:11   9,0   04:24   4,5   0,6   0,2   1,7  14,4   11:17   SSE
15  15,2  22,8   14:10  10,4   03:03   3,6   0,5   0,0   2,5  15,1   10:35   SSE
16  15,1  19,4   11:39  11,0   23:53   3,2   0,1   0,0   5,1  22,4   14:43   NNO
17  14,9  20,4   13:36   9,8   07:54   3,6   0,2   0,0   6,4  28,1   21:44   NNO
18  15,6  20,5   13:40  10,7   07:50   2,9   0,2   0,0   7,5  26,7   14:48   NNO
19  16,0  22,0   13:50  13,7   07:11   2,7   0,4   0,0   7,2  23,1   14:46   NNO
20  15,8  20,6   14:27  13,5   01:50   2,7   0,2   0,0   9,5  28,1   16:18   NNO
21  14,1  16,5   06:26  10,0   23:42   4,2   0,0   1,0  17,9  64,9   10:22     N
22  10,5  13,5   11:16   7,4   02:48   7,8   0,0   6,5   7,9  34,6   13:45   NNO
23  10,1  17,2   13:51   3,7   23:50   8,2   0,0   0,0   4,9  29,6   01:41     N
24   9,3  15,3   14:36   2,4   05:02   9,0   0,0   0,0   6,9  39,6   14:45   NNO
25  14,4  17,2   12:42  12,7   07:54   3,9   0,0   0,0  15,1  46,1   17:13   NNO
26  14,6  18,5   13:56  12,8   06:19   3,7   0,0   0,0  16,8  51,9   08:52   NNO
27  14,7  18,0   12:38  12,8   02:52   3,6   0,0   0,0  14,5  45,4   13:57   NNO
28  13,4  17,6   13:23   9,8   23:59   4,9   0,0   0,0  11,3  42,6   06:21   NNO
29  11,5  20,6   14:21   6,9   06:49   7,0   0,1   0,0   1,1  14,4   13:27     E
30  10,5  19,1   14:40   4,9   07:22   7,8   0,0   0,0   1,7  12,3   12:35   SSE
----------------------------------------------------------------------------------
    14,9  26,3     7     2,4    24   112,7  11,3  28,7   6,1  64,9    21     NNO

Max >=  27,0:  0
Max <=   0,0:  0
Min <=   0,0:  0
Min <= -18,0:  0
Max Rain: 10,5 on day 4
Days of Rain: 8 (>= 0,2 mm)  4 (>= 2,0 mm)  0 (>= 20,0 mm)
Heat Base: 18,3  Cool Base: 18,3  Method: Integration