NOAA-Style Climate Reports


Relatrio para o 2015 Setembro
                   Monthly Climatological Summary for Set 2015

Name: Alto dos Moinhos, Cercal CDV   City: Cercal CDV   State: Portugal
Elevation: 124 m  Lat: N 39° 13' 34"   Lon: W 008° 59' 50"

                  Temperature (°C), Rain (mm), Wind Speed (km/h)

                                      Heat  Cool        Avg
    Mean                              Deg   Deg         Wind                 Dom
Day Temp  High   Time   Low    Time   Days  Days  Rain  Speed High   Time    Dir
----------------------------------------------------------------------------------
 1  19,8  22,5   15:44  17,8   23:36   0,0   1,5   0,0  14,0  45,4   20:03   NNO
 2  18,9  23,4   14:27  16,5   06:30   0,5   1,1   0,0  15,9  46,9   14:52   NNO
 3  18,3  22,1   16:11  16,5   06:25   0,7   0,7   0,0  17,1  56,2   17:56   NNO
 4  17,7  21,4   15:31  16,0   06:47   1,1   0,5   0,0  18,0  60,6   11:19   NNO
 5  19,0  27,8   16:35  15,1   07:19   1,1   1,9   0,0   8,0  28,9   01:11     N
 6  19,6  29,1   14:54  10,8   06:55   2,0   3,4   0,0   7,2  36,8   16:09   NNO
 7  23,0  32,4   14:08  17,1   06:42   0,1   4,8   0,0   9,4  41,1   16:10   NNO
 8  20,5  27,1   14:20  15,9   06:40   0,3   2,5   0,0  11,5  46,9   06:54   NNO
 9  19,9  26,7   14:02  14,6   02:25   0,9   2,5   0,0   8,1  44,0   00:00   NNO
10  18,3  23,1   15:43  15,3   06:32   1,0   1,1   0,0  12,7  45,4   12:05   NNO
11  18,6  24,8   15:15  14,8   07:13   1,1   1,4   0,0  12,7  47,6   19:42   NNO
12  19,0  23,8   13:49  15,6   23:37   0,7   1,3   0,0   6,8  42,6   17:12   NNO
13  17,6  23,6   13:34  11,9   07:22   1,7   0,9   2,7   4,3  38,9   08:22   ONO
14  18,4  23,1   14:37  14,3   23:56   1,0   1,1   0,3   6,5  33,9   12:28     N
15  18,4  23,5   14:18  12,4   03:25   1,4   1,4   3,2   9,9  45,4   23:46   SSO
16  19,7  23,1   13:36  15,0   23:50   0,3   1,7   8,3   9,6  49,7   03:03   ONO
17  16,9  22,7   16:53  11,4   07:26   2,5   1,1   0,0   6,7  45,4   13:44   NNO
18  17,4  23,6   13:37  13,3   06:23   2,1   1,2   0,0  11,5  43,3   12:17   NNO
19  20,7  31,5   14:35  14,0   06:25   1,4   3,8   0,0   9,4  37,5   15:51   NNO
20  23,1  32,9   13:45  14,4   06:50   0,4   5,2   0,0   7,2  29,6   19:17   NNO
21  18,8  25,1   13:25  15,2   07:32   0,9   1,5   0,0  12,6  39,6   09:06   NNO
22  17,3  21,4   14:50  14,6   07:41   1,4   0,4   0,0  17,0  48,3   17:25   NNO
23  18,1  23,7   14:13  15,2   07:37   1,5   1,2   0,0  15,7  48,3   03:29   NNO
24  18,9  26,5   14:52  15,7   07:50   1,3   1,9   0,0  12,6  44,7   09:16   NNO
25  19,5  27,0   14:34  15,9   01:26   1,0   2,2   0,0  11,8  34,6   16:49   NNO
26  18,2  23,7   14:43  15,7   23:55   1,2   1,1   0,0  14,3  39,6   18:25   NNO
27  18,4  27,3   14:24  14,9   03:38   1,7   1,8   0,0  12,4  39,6   02:46   NNO
28  19,2  28,1   14:46  13,0   05:59   1,6   2,5   0,0   8,4  34,6   16:53   NNO
29  19,3  27,9   15:42  14,1   02:05   1,1   2,1  12,5   5,5  49,0   16:21     S
30  19,4  26,3   13:51  13,3   07:53   1,2   2,2   0,0   5,6  26,7   14:23   NNO
----------------------------------------------------------------------------------
    19,1  32,9    20    10,8     6    33,2  56,0  27,0  10,8  60,6     4     NNO

Max >=  27,0: 10
Max <=   0,0:  0
Min <=   0,0:  0
Min <= -18,0:  0
Max Rain: 12,5 on day 29
Days of Rain: 5 (>= 0,2 mm)  4 (>= 2,0 mm)  0 (>= 20,0 mm)
Heat Base: 18,3  Cool Base: 18,3  Method: Integration