NOAA-Style Climate Reports


Relatrio para o 2015 Junho
                   Monthly Climatological Summary for Jun 2015

Name: Alto dos Moinhos, Cercal CDV   City: Cercal CDV   State: Portugal
Elevation: 124 m  Lat: N 39° 13' 34"   Lon: W 008° 59' 50"

                  Temperature (°C), Rain (mm), Wind Speed (km/h)

                                      Heat  Cool        Avg
    Mean                              Deg   Deg         Wind                 Dom
Day Temp  High   Time   Low    Time   Days  Days  Rain  Speed High   Time    Dir
----------------------------------------------------------------------------------
 1  16,7  21,4   15:01  13,6   23:58   2,0   0,4   0,0  21,6  59,9   16:42   NNO
 2  16,8  22,3   15:23  12,6   06:23   2,4   0,9   0,0  18,5  44,7   10:04   NNO
 3  18,3  24,4   14:32  14,6   05:22   1,5   1,5   0,0  18,6  46,9   18:43   NNO
 4  18,0  25,3   14:21  14,2   05:47   1,9   1,6   0,0  17,8  46,1   21:54   NNO
 5  17,9  25,5   13:30  13,8   05:48   1,8   1,4   0,0  20,9  59,9   15:37   NNO
 6  19,8  27,0   16:03  14,5   05:48   1,3   2,8   0,0  17,0  49,7   04:02   NNO
 7  22,6  35,6   14:53  15,2   05:26   0,7   5,0   1,3   7,9  61,3   18:02   NNO
 8  25,1  34,4   14:14  17,5   06:44   0,0   6,8   0,0   7,6  33,2   22:05     N
 9  24,3  31,2   14:50  18,7   23:08   0,0   6,0   0,0  11,6  41,1   14:46   NNO
10  18,6  24,8   14:06  15,1   05:36   1,0   1,3   0,2   9,8  46,1   15:16   NNO
11  16,6  19,8   11:23  13,9   23:50   1,8   0,1   2,5   8,5  36,8   19:16   NNO
12  15,8  21,4   16:27  11,3   06:46   2,8   0,4   0,0   8,2  40,4   14:06   NNO
13  15,3  20,9   14:27  10,1   05:34   3,2   0,3   1,3   5,0  35,3   16:34   OSO
14  16,0  19,5   18:09  13,5   06:17   2,4   0,0   7,3   6,1  33,9   18:24   ONO
15  16,9  22,2   14:26  11,7   03:00   2,2   0,8   0,0  12,7  49,0   19:56     N
16  18,7  23,8   15:07  15,5   04:57   1,1   1,5   0,0  16,8  46,1   19:14   NNO
17  21,7  30,2   14:00  15,4   06:12   0,8   4,2   0,0  14,2  42,6   18:02   NNO
18  25,5  36,1   15:51  15,8   04:45   0,2   7,3   0,0   9,2  41,1   17:09     N
19  26,5  36,5   14:11  17,2   05:54   0,1   8,3   0,0   8,2  43,3   15:24   NNO
20  27,7  38,1   15:02  17,8   06:16   0,0   9,4   0,0   9,5  37,5   17:22   NNO
21  23,0  32,0   15:25  17,1   06:01   0,1   4,8   0,0   9,4  38,2   19:42   ONO
22  19,2  24,4   14:58  16,8   23:40   0,5   1,4   0,0   9,4  51,2   17:42   NNO
23  18,8  22,3   17:10  16,0   23:54   0,5   1,0   0,0  11,2  34,6   17:22     N
24  18,7  23,7   14:57  15,0   04:28   1,2   1,5   0,0  14,2  43,3   17:21     N
25  20,1  27,9   14:33  14,9   06:30   1,1   2,8   0,0  12,8  41,1   20:06   NNO
26  20,1  27,7   14:31  15,6   05:42   1,0   2,7   0,0  15,6  43,3   16:03   NNO
27  21,7  30,6   14:51  14,9   05:58   0,9   4,3   0,0  15,6  41,8   16:04   NNO
28  20,9  27,2   13:40  16,8   06:39   0,2   2,9   0,0  18,7  49,7   16:58   NNO
29  21,8  31,3   14:46  16,2   06:37   0,6   4,1   0,0  15,5  39,6   00:26   NNO
30  20,3  27,6   13:34  16,4   05:38   0,5   2,5   0,0  14,0  46,9   21:58   NNO
----------------------------------------------------------------------------------
    20,1  38,1    20    10,1    13    33,8  88,0  12,6  12,9  61,3     7     NNO

Max >=  27,0: 15
Max <=   0,0:  0
Min <=   0,0:  0
Min <= -18,0:  0
Max Rain: 7,3 on day 14
Days of Rain: 5 (>= 0,2 mm)  2 (>= 2,0 mm)  0 (>= 20,0 mm)
Heat Base: 18,3  Cool Base: 18,3  Method: Integration