NOAA-Style Climate Reports


Relatrio para o 2015 Maio
                   Monthly Climatological Summary for Mai 2015

Name: Alto dos Moinhos, Cercal CDV   City: Cercal CDV   State: Portugal
Elevation: 124 m  Lat: N 39° 13' 34"   Lon: W 008° 59' 50"

                  Temperature (°C), Rain (mm), Wind Speed (km/h)

                                      Heat  Cool        Avg
    Mean                              Deg   Deg         Wind                 Dom
Day Temp  High   Time   Low    Time   Days  Days  Rain  Speed High   Time    Dir
----------------------------------------------------------------------------------
 1  17,8  22,2   16:12  14,2   05:11   1,4   0,9   0,0   4,8  32,4   14:01    NO
 2  17,9  24,0   13:34  14,3   07:52   1,5   1,1   0,0   6,1  36,8   13:42     O
 3  17,0  19,1   17:48  15,4   06:01   1,3   0,1   3,0   7,1  38,9   11:59     S
 4  16,6  20,5   13:44  12,8   23:55   1,9   0,2   7,3   9,9  58,4   13:08    SO
 5  14,6  19,3   14:48  10,4   23:57   3,8   0,0   0,0   6,3  47,6   13:50   NNO
 6  14,8  22,2   15:41   7,8   06:41   4,0   0,5   0,0   4,3  33,9   15:42   NNO
 7  16,1  23,8   14:39  16,9   23:58   2,8   0,9   0,0   6,8  46,1   13:06     S
 8  17,5  21,0   14:56  14,2   22:44   1,2   0,4   0,0   6,9  28,9   11:26   NNO
 9  17,4  23,9   15:12  13,5   01:21   2,1   1,3   0,0  10,5  31,0   20:25   NNO
10  18,4  28,6   14:48  13,7   06:40   2,1   2,2   0,0  12,9  39,6   18:28   NNO
11  21,1  30,9   15:02  13,6   05:28   1,3   4,1   0,0   9,7  34,6   00:46   NNO
12  19,8  31,5   15:56  11,2   06:39   1,6   3,1   0,0   7,5  37,5   19:42   ONO
13  19,0  26,0   13:41  13,8   03:25   1,4   2,1   0,0   9,5  35,3   23:06   NNO
14  16,5  20,6   13:36  13,8   21:38   2,0   0,2   0,0  21,6  56,9   16:50     N
15  15,8  19,9   17:06  12,5   06:06   2,6   0,1   0,0  25,8  64,2   09:16     N
16  19,7  27,5   13:23  13,4   06:32   1,5   3,0   0,0  12,4  36,8   16:26   NNO
17  22,8  33,4   15:01  12,9   06:00   0,9   5,4   0,0   8,6  44,0   17:30     N
18  18,6  22,0   12:12  15,4   23:09   0,8   1,1   0,0  20,3  64,2   19:34   NNO
19  15,1  18,5   16:18  12,9   23:31   3,2   0,0   0,0  29,7  90,9   12:28     N
20  14,8  19,5   15:08  10,9   06:25   3,6   0,1   0,0  21,1  65,6   02:03   NNO
21  17,8  25,6   13:26  11,3   05:58   2,3   1,8   0,0  13,2  41,1   17:01     N
22  18,5  27,0   14:19  10,2   05:15   1,9   2,1   0,0  11,3  44,0   16:42     N
23  18,4  26,9   13:29   9,5   06:35   2,0   2,1   0,0  11,4  46,1   17:11   NNO
24  19,7  28,9   13:55  10,9   06:44   1,6   3,1   0,0  12,2  48,3   16:53     N
25  20,1  28,2   14:03  11,4   06:13   1,6   3,5   0,0   9,2  40,4   00:51   NNO
26  22,7  30,8   13:47  15,5   06:18   0,3   4,7   0,0  11,5  36,8   13:59   NNO
27  23,3  33,4   14:53  14,4   05:58   0,4   5,4   0,0   9,7  41,1   16:45     N
28  23,2  33,7   14:04  16,1   05:57   0,3   5,1   0,0  10,6  41,1   15:45   NNO
29  17,5  21,6   14:46  14,4   23:32   1,6   0,8   0,0  19,4  58,4   13:22   NNO
30  16,6  21,2   14:03  13,4   04:12   2,2   0,5   0,0  21,2  51,2   11:51   NNO
31  17,3  21,9   14:48  14,2   00:18   1,7   0,7   0,0  24,0  57,7   09:40   NNO
----------------------------------------------------------------------------------
    18,3  33,7    28     7,8     6    56,9  56,6  10,3  12,8  90,9    19     NNO

Max >=  27,0: 11
Max <=   0,0:  0
Min <=   0,0:  0
Min <= -18,0:  0
Max Rain: 7,3 on day 4
Days of Rain: 2 (>= 0,2 mm)  2 (>= 2,0 mm)  0 (>= 20,0 mm)
Heat Base: 18,3  Cool Base: 18,3  Method: Integration