NOAA-Style Climate Reports


Relatrio para o 2015 Abril
                   Monthly Climatological Summary for Abr 2015

Name: Alto dos Moinhos, Cercal CDV   City: Cercal CDV   State: Portugal
Elevation: 124 m  Lat: N 39° 13' 34"   Lon: W 008° 59' 50"

                  Temperature (°C), Rain (mm), Wind Speed (km/h)

                                      Heat  Cool        Avg
    Mean                              Deg   Deg         Wind                 Dom
Day Temp  High   Time   Low    Time   Days  Days  Rain  Speed High   Time    Dir
----------------------------------------------------------------------------------
 1  17,2  28,0   14:06  10,5   07:22   3,2   2,1   0,0  12,1  43,3   04:13   NNO
 2  20,1  28,5   16:38  13,0   00:09   0,9   2,7   0,0   6,5  27,4   11:03     S
 3  19,2  27,2   13:40  12,0   07:39   1,6   2,5   0,0   3,6  19,5   17:20   NNO
 4  19,1  28,9   15:30  11,6   05:23   1,9   2,8   0,0   5,3  43,3   15:43   NNO
 5  16,4  26,5   15:40   9,9   07:44   3,3   1,4   0,0   7,1  46,9   18:25     N
 6  15,1  22,2   16:21  10,4   05:23   3,6   0,3   0,3   4,4  28,1   12:09     S
 7  17,4  22,3   15:18  13,3   04:26   1,8   0,9   0,2   5,4  42,6   13:19   SSE
 8  13,6  16,3   00:45  11,0   21:22   4,7   0,0   3,5   6,4  43,3   13:42   SSE
 9  13,2  18,2   14:40  10,5   02:59   5,1   0,0  14,3   4,4  33,9   12:38    SE
10  14,0  19,0   12:36  12,0   05:03   4,3   0,0   6,0   6,5  36,8   17:14   NNO
11  14,6  20,4   14:30  11,1   03:42   3,9   0,2   0,0  13,0  46,9   18:16   NNO
12  16,6  23,5   15:17   9,1   05:09   2,9   1,2   0,0   7,2  33,9   23:50   ESE
13  18,5  26,2   15:15  11,5   04:25   2,0   2,1   0,0   4,9  36,8   10:40   ESE
14  17,9  24,1   17:08  13,9   00:06   1,6   1,2   0,0   4,9  38,2   13:20   SSE
15  14,4  20,1   14:36  12,2   05:39   3,9   0,0  16,3   4,7  75,0   12:08   OSO
16  14,9  20,0   14:46  12,0   04:53   3,5   0,1   0,0   6,1  40,4   17:36   NNO
17  14,4  18,6   12:46  11,2   23:10   3,9   0,0   0,0   6,1  40,4   14:03   NNO
18  12,8  17,8   16:32   8,4   07:01   5,5   0,0   0,2   6,3  41,1   16:15   NNO
19  13,9  18,9   15:03  10,5   00:06   4,4   0,0   0,0   9,3  44,7   19:50     N
20  14,9  22,1   14:24   9,0   07:09   3,9   0,5   0,0   8,9  45,4   18:35   NNO
21  15,7  22,2   13:34  11,8   04:23   3,2   0,6   0,0   9,3  38,2   08:44   NNO
22  16,0  20,4   14:35  12,1   23:49   2,7   0,3   0,0   8,7  47,6   11:03   NNO
23  15,1  23,9   14:45   9,0   06:42   3,8   0,7   0,0   5,7  44,7   18:21     N
24  14,9  18,9   17:24  11,9   03:52   3,4   0,0   0,2   5,1  33,9   10:30    SO
25  16,2  19,3   15:50  13,7   04:17   2,2   0,1   8,3   8,8  41,1   10:55   SSO
26  14,9  17,6   15:13  13,0   07:01   3,4   0,0   7,0   7,6  46,9   14:37   NNO
27  14,8  19,0   14:50  11,7   06:51   3,5   0,0   0,2  10,9  44,0   15:57     N
28  14,8  19,5   14:21  11,2   05:49   3,6   0,1   0,0  10,5  44,7   17:51   NNO
29  14,8  20,2   14:36   8,8   07:00   3,7   0,2   0,0   6,0  37,5   17:29   NNO
30  16,9  22,6   15:08  12,3   06:12   2,3   0,9   0,0   7,1  36,8   10:20     N
----------------------------------------------------------------------------------
    15,7  28,9     4     8,4    18    97,7  20,9  56,5   7,1  75,0    15     NNO

Max >=  27,0:  4
Max <=   0,0:  0
Min <=   0,0:  0
Min <= -18,0:  0
Max Rain: 16,3 on day 15
Days of Rain: 11 (>= 0,2 mm)  6 (>= 2,0 mm)  0 (>= 20,0 mm)
Heat Base: 18,3  Cool Base: 18,3  Method: Integration