NOAA-Style Climate Reports


Relatrio para o 2015 Maro
                   Monthly Climatological Summary for Mar 2015

Name: Alto dos Moinhos, Cercal CDV   City: Cercal CDV   State: Portugal
Elevation: 124 m  Lat: N 39° 13' 34"   Lon: W 008° 59' 50"

                  Temperature (°C), Rain (mm), Wind Speed (km/h)

                                      Heat  Cool        Avg
    Mean                              Deg   Deg         Wind                 Dom
Day Temp  High   Time   Low    Time   Days  Days  Rain  Speed High   Time    Dir
----------------------------------------------------------------------------------
 1  13,1  15,5   15:05   9,6   06:55   5,2   0,0   0,3   8,4  42,6   01:45     N
 2  13,6  17,3   14:28  11,9   22:50   4,7   0,0   0,0   7,0  32,4   11:18   NNO
 3  14,2  18,6   13:15  11,9   00:00   4,1   0,0   0,0   9,7  40,4   01:44     N
 4  15,3  22,5   14:11  11,4   07:21   3,6   0,6   0,0   9,0  38,2   05:21     N
 5  12,5  19,4   15:23   6,4   23:25   5,9   0,1   0,0   8,1  44,7   10:58   SSE
 6  12,6  22,5   15:10   4,4   06:36   6,3   0,6   0,0   4,5  25,9   13:12   SSE
 7  14,5  24,0   16:02   4,4   05:10   4,8   1,0   0,0   5,7  30,3   13:32    SO
 8  16,1  23,0   13:51  11,2   23:57   3,0   0,8   0,0  13,8  46,9   13:20   NNO
 9  13,2  21,0   14:04   8,7   07:07   5,4   0,3   0,0  13,5  50,5   00:32   NNO
10  11,7  18,3   14:29   8,2   07:15   6,6   0,0   0,0  13,5  46,9   23:20   NNO
11  11,8  18,4   12:49   8,2   22:20   6,5   0,0   0,0  14,6  53,4   17:34   NNO
12  11,8  15,7   13:03   9,0   00:34   6,5   0,0   0,0  18,1  53,4   04:55     N
13  13,0  18,6   14:50   9,7   23:46   5,3   0,0   0,0  20,2  56,9   06:05   NNO
14  11,8  18,6   12:59   9,0   23:44   6,5   0,0   0,0  14,7  51,2   18:33   NNO
15  12,2  20,0   13:12   5,9   07:29   6,1   0,1   0,0   8,7  32,4   15:23   NNO
16  10,8  17,5   13:29   3,6   06:37   7,5   0,0   0,0   5,8  42,6   18:03   ONO
17   8,9  11,8   13:05   5,7   01:22   9,4   0,0   8,2   5,6  32,4   10:10     S
18  11,2  16,2   14:15   7,5   21:54   7,1   0,0   1,3   3,9  26,7   17:00   ENE
19  13,1  20,0   13:16   7,8   05:53   5,3   0,1   0,0   6,5  49,0   16:11    NE
20  16,0  21,7   14:04  11,2   00:00   2,8   0,5   0,0   5,5  38,2   14:51     E
21  14,3  19,2   13:49  11,7   05:27   4,0   0,0   0,0   6,0  38,2   11:59   NNE
22  13,0  18,7   10:58   8,4   06:41   4,9   0,0   0,5   3,2  24,5   10:35   ENE
23  10,4  14,6   11:02   6,3   06:14   7,9   0,0   0,0  18,2  90,9   17:18     N
24  11,8  16,7   14:21   8,6   03:16   6,5   0,0   1,7  30,1  92,3   08:56     N
25  10,7  14,0   12:56   7,0   05:53   7,6   0,0   0,0  25,7  99,5   15:11     N
26  12,2  14,8   14:47  10,1   02:04   6,1   0,0   0,0  18,9  64,9   02:50   NNO
27  13,6  17,5   14:12  11,6   22:22   4,7   0,0   0,0  18,7  58,4   15:17   NNO
28  12,8  17,4   15:13  10,7   22:31   5,5   0,0   0,0  20,3  52,6   17:50   NNO
29  13,1  17,2   13:30  11,1   07:23   5,0   0,0   0,0  18,9  90,1   20:21   NNO
30  13,9  20,6   16:02  10,8   00:57   4,7   0,2   0,0  20,0  63,4   02:44   NNO
31  13,5  18,6   15:20  10,4   04:57   4,8   0,0   0,0  22,5  93,0   16:44   NNO
----------------------------------------------------------------------------------
    12,8  24,0     7     3,6    16   174,3   4,3  12,0  12,9  99,5    25       N

Max >=  27,0:  0
Max <=   0,0:  0
Min <=   0,0:  0
Min <= -18,0:  0
Max Rain: 8,2 on day 17
Days of Rain: 5 (>= 0,2 mm)  1 (>= 2,0 mm)  0 (>= 20,0 mm)
Heat Base: 18,3  Cool Base: 18,3  Method: Integration