NOAA-Style Climate Reports


Relatrio para o 2014 Agosto
                   Monthly Climatological Summary for Ago 2014

Name: Alto dos Moinhos, Cercal CDV   City: Cercal CDV   State: Portugal
Elevation: 124 m  Lat: N 39° 13' 34"   Lon: W 008° 59' 50"

                  Temperature (°C), Rain (mm), Wind Speed (km/h)

                                      Heat  Cool        Avg
    Mean                              Deg   Deg         Wind                 Dom
Day Temp  High   Time   Low    Time   Days  Days  Rain  Speed High   Time    Dir
----------------------------------------------------------------------------------
 1  19,1  23,3   16:20  18,4   06:55   0,0   0,4   0,0  15,9  40,9   06:52   NNO
 2  20,3  24,1   13:02  17,6   05:03   0,1   1,8   0,0   8,8  37,3   11:25   NNO
 3  20,7  25,2   15:24  18,1   04:15   0,1   2,4   0,3  12,2  47,4   15:53   NNO
 4  19,4  24,3   13:39  15,7   06:33   0,7   1,8   0,0  19,8  43,8   13:09   NNO
 5  20,9  25,5   15:19  18,0   05:22   0,0   2,6   0,0  21,4  56,2   11:56   NNO
 6  21,2  25,6   14:06  18,7   06:53   0,0   2,9   0,0  22,4  52,1   11:22   NNO
 7  21,8  25,9   15:34  19,9   02:27   0,0   3,5   0,0  19,0  54,3   14:59   NNO
 8  22,3  26,0   15:16  20,1   06:43   0,0   4,0   0,0  12,6  36,9   01:50   NNO
 9  22,8  27,5   15:24  20,1   07:02   0,0   4,4   0,0   8,7  40,7   14:12   NNO
10  22,7  27,3   13:33  18,7   07:16   0,0   4,4   0,0   8,2  35,1   16:13   NNO
11  20,6  23,6   14:58  17,8   23:17   0,0   2,3   0,0  19,5  40,1   12:53   NNO
12  20,7  26,0   15:54  16,7   06:17   0,3   2,8   0,3  18,5  54,9   01:55   NNO
13  19,5  23,4   12:25  16,3   06:45   0,4   1,6   0,2  23,4  61,2   16:44     N
14  18,8  23,2   15:03  15,5   06:56   0,9   1,4   0,0  22,1  61,2   17:16   NNO
15  19,3  24,9   14:59  15,5   06:27   0,9   1,8   0,0  20,6  66,0   22:15   NNO
16  20,6  28,0   13:32  14,8   07:07   1,0   3,3   0,0  16,7  53,1   00:12   NNO
17  24,3  33,4   14:39  16,0   07:27   0,2   6,2   0,0  11,1  40,2   16:08   NNO
18  20,5  26,2   14:03  17,1   06:55   0,2   2,4   0,0  17,6  48,3   18:27   NNO
19  19,5  24,4   15:11  16,6   07:07   0,4   1,6   0,0  21,2  56,3   16:42   NNO
20  19,9  25,8   14:59  16,4   06:18   0,6   2,2   0,0  19,9  53,1   06:21   NNO
21  19,9  25,8   14:49  16,7   03:57   0,5   2,2   0,0  18,1  53,1   16:39     N
22  19,6  25,0   14:16  16,6   23:47   0,6   1,9   0,0  20,2  53,1   14:15     N
23  18,9  25,1   14:32  15,7   05:12   1,1   1,7   0,0  19,4  49,9   16:47   NNO
24  19,1  25,6   13:59  15,5   01:11   1,2   1,9   0,0  21,3  53,1   21:26   NNO
25  20,5  28,4   14:56  15,4   04:41   1,0   3,1   0,0  22,1  49,9   11:40   NNO
26  21,8  26,3   16:24  19,4   03:14   0,0   3,5   0,0  17,5  53,1   17:01     N
27  23,0  28,4   15:13  19,7   07:03   0,0   4,7   0,0  18,2  51,5   09:46     N
28  22,3  27,6   14:33  18,8   23:58   0,0   4,0   0,0  18,3  48,3   15:54     N
29  20,0  25,3   14:43  17,1   04:02   0,3   2,0   0,0  22,6  62,8   16:29   NNO
30  20,1  25,6   16:01  17,0   03:54   0,4   2,2   0,0  23,1  56,3   08:48   NNO
31  22,4  30,8   14:20  17,1   07:24   0,2   4,3   0,0  12,3  43,5   00:57   NNO
----------------------------------------------------------------------------------
    20,7  33,4    17    14,8    16    11,1  85,3   0,8  17,9  66,0    15     NNO

Max >=  27,0:  8
Max <=   0,0:  0
Min <=   0,0:  0
Min <= -18,0:  0
Max Rain: 0,3 on day 3
Days of Rain: 3 (>= 0,2 mm)  0 (>= 2,0 mm)  0 (>= 20,0 mm)
Heat Base: 18,3  Cool Base: 18,3  Method: Integration