NOAA-Style Climate Reports


Relatrio para o 2014 Julho
                   Monthly Climatological Summary for Jul 2014

Name: Alto dos Moinhos, Cercal CDV   City: Cercal CDV   State: Portugal
Elevation: 124 m  Lat: N 39° 13' 34"   Lon: W 008° 59' 50"

                  Temperature (°C), Rain (mm), Wind Speed (km/h)

                                      Heat  Cool        Avg
    Mean                              Deg   Deg         Wind                 Dom
Day Temp  High   Time   Low    Time   Days  Days  Rain  Speed High   Time    Dir
----------------------------------------------------------------------------------
 1  18,6  21,5   16:13  16,4   06:50   0,5   0,8   1,3  12,5  40,1   16:24   NNO
 2  18,4  21,7   16:14  16,2   08:07   0,7   0,8   1,8  17,1  47,1   12:55   NNO
 3  20,7  26,5   12:32  17,3   06:07   0,1   2,5   0,0  15,9  54,2   15:35   NNO
 4  18,7  21,9   15:38  17,0   22:53   0,2   0,6   0,0  18,5  43,9   17:00   NNO
 5  19,3  24,0   16:14  16,7   04:52   0,5   1,5   0,0  17,3  46,3   01:42   NNO
 6  19,1  22,5   14:26  15,9   23:38   0,2   1,0   1,0  10,6  39,1   16:56   NNO
 7  18,0  22,1   15:40  14,7   05:34   1,3   1,0   0,0  18,9  43,8   13:45     N
 8  18,9  23,9   13:31  15,2   05:56   1,0   1,6   0,0  19,5  52,1   09:42   NNO
 9  20,8  27,3   15:01  15,4   05:49   0,8   3,3   0,0  16,3  40,9   16:12   NNO
10  23,3  32,0   13:26  14,4   05:23   0,3   5,4   0,0  11,2  40,6   17:23     N
11  23,4  32,7   13:11  13,7   06:35   0,6   5,6   0,0  10,5  46,5   17:36   NNO
12  20,4  26,8   13:26  16,5   06:20   0,4   2,5   0,0  19,0  41,6   17:21   NNO
13  19,1  23,5   15:36  16,5   06:46   0,5   1,3   0,0  22,8  52,2   00:52   NNO
14  19,9  25,6   16:02  16,9   07:07   0,4   2,0   0,0  21,3  41,1   14:55   NNO
15  19,1  25,7   15:25  16,5   23:50   0,6   1,4   0,0  20,0  49,3   06:24   NNO
16  20,6  27,5   18:21  15,3   04:49   1,0   3,3   0,0  15,8  42,0   14:13   NNO
17  20,1  26,1   15:58  16,2   03:29   0,5   2,3   0,0  15,5  40,4   19:17   NNO
18  20,0  23,8   17:26  17,0   03:52   0,3   2,0   0,0  10,0  34,8   00:03   NNO
19  19,9  22,9   15:06  17,0   23:46   0,1   1,7   3,0   9,1  38,6   16:51    NO
20  19,8  24,8   14:36  16,1   04:18   0,5   2,0   0,0  13,0  40,2   18:54     N
21  19,9  26,9   14:40  15,2   05:10   0,9   2,5   0,0  14,4  40,4   18:41   NNO
22  19,7  24,5   14:33  16,6   02:11   0,5   1,9   0,0  19,2  44,8   23:51   NNO
23  19,5  23,4   14:47  17,9   04:05   0,1   1,3   0,0  24,3  51,7   00:25   NNO
24  19,7  23,1   15:26  17,7   06:18   0,1   1,5   0,0  23,3  49,5   02:00   NNO
25  19,6  23,3   16:43  17,9   07:04   0,0   1,4   0,0  20,1  45,2   03:21   NNO
26  22,3  29,0   15:38  18,7   00:00   0,0   4,0   0,0  11,7  39,0   00:55   NNO
27  21,5  31,2   15:41  16,0   06:29   0,3   3,4   0,0   8,5  33,2   17:56   NNO
28  20,2  26,6   15:23  16,8   01:58   0,4   2,3   0,0  14,4  40,7   17:27   NNO
29  22,9  30,5   13:26  17,4   06:53   0,1   4,7   0,0  15,1  40,6   00:52   NNO
30  23,7  32,6   16:31  16,7   06:26   0,1   5,5   0,0  10,0  33,3   12:11     O
31  20,5  26,5   16:58  16,8   04:01   0,3   2,5   0,0   6,7  36,4   18:11    NO
----------------------------------------------------------------------------------
    20,2  32,7    11    13,7    11    13,3  73,6   7,1  15,6  54,2     3     NNO

Max >=  27,0:  8
Max <=   0,0:  0
Min <=   0,0:  0
Min <= -18,0:  0
Max Rain: 3,0 on day 19
Days of Rain: 4 (>= 0,2 mm)  1 (>= 2,0 mm)  0 (>= 20,0 mm)
Heat Base: 18,3  Cool Base: 18,3  Method: Integration