NOAA-Style Climate Reports


Relatrio para o 2014 Maio
                   Monthly Climatological Summary for Mai 2014

Name: Alto dos Moinhos, Cercal CDV   City: Cercal CDV   State: Portugal
Elevation: 124 m  Lat: N 39° 13' 34"   Lon: W 008° 59' 50"

                  Temperature (°C), Rain (mm), Wind Speed (km/h)

                                      Heat  Cool        Avg
    Mean                              Deg   Deg         Wind                 Dom
Day Temp  High   Time   Low    Time   Days  Days  Rain  Speed High   Time    Dir
----------------------------------------------------------------------------------
 1  16,5  20,7   15:17  13,7   23:40   2,2   0,4   0,0  18,9  54,4   14:07   NNO
 2  18,4  25,2   13:24  13,1   06:28   1,8   1,9   0,0  16,2  45,5   00:00   NNO
 3  20,7  28,9   15:42  12,2   05:27   1,0   3,4   0,0   9,1  31,5   16:44     N
 4  20,0  30,5   16:07  11,0   06:52   1,6   3,4   0,0   6,9  37,7   16:31     N
 5  18,2  27,0   14:25  13,1   03:52   2,1   1,9   0,0  13,0  41,8   16:05   NNO
 6  16,9  23,7   15:26  12,6   02:38   2,3   0,9   0,0  18,2  53,6   19:36   NNO
 7  17,2  21,8   14:39  14,2   06:10   1,6   0,6   0,0  18,8  55,6   21:13   NNO
 8  16,4  20,8   15:05  13,5   06:16   2,1   0,3   0,0  20,0  53,3   07:04   NNO
 9  16,6  20,2   14:45  14,8   05:51   2,0   0,3   0,0  19,6  41,4   20:52   NNO
10  16,6  21,2   13:37  14,2   06:29   2,2   0,5   0,0  21,4  51,7   14:48   NNO
11  16,8  21,1   12:32  12,9   23:59   2,0   0,5   0,0  21,5  54,6   17:27   NNO
12  16,2  22,1   13:17  12,1   03:03   2,8   0,7   0,0  19,5  52,2   17:19   NNO
13  16,7  22,5   15:40  11,7   06:18   2,6   1,0   0,0  16,8  42,4   14:45   NNO
14  21,6  30,2   15:39  11,7   02:32   0,8   4,1   0,0   8,8  35,1   11:17   ENE
15  21,6  30,7   15:21  15,0   02:56   0,5   3,8   0,0  10,2  50,9   18:30     N
16  22,2  29,8   15:31  18,7   07:15   0,0   3,9   0,0  14,5  52,3   05:46     N
17  21,0  29,5   15:45  12,8   06:30   0,6   3,2   0,0   9,2  37,9   16:45   NNO
18  18,4  26,2   15:34  11,1   04:21   2,0   2,0   0,0   7,9  41,8   18:20   NNO
19  14,2  18,2   15:19   8,5   23:51   4,1   0,0   0,0   8,3  46,2   15:59   NNO
20  11,8  16,4   14:20   7,8   00:43   6,5   0,0  18,5   7,6  45,4   12:29     S
21  11,8  15,5   15:34   9,0   05:44   6,5   0,0   9,5   8,7  41,4   15:04   OSO
22  14,1  18,0   13:21  10,6   02:59   4,2   0,0  10,5   6,9  39,3   16:47    NO
23  14,0  17,8   13:50  10,9   23:58   4,3   0,0   0,5  12,7  42,7   15:36     N
24  13,2  17,6   16:07  10,5   03:32   5,1   0,0   0,0  16,1  54,0   16:34   NNO
25  13,3  17,2   14:01  10,6   03:48   5,0   0,0   0,0  14,6  51,4   17:38     N
26  13,2  17,9   15:26   9,8   07:07   4,6   0,0   0,0  15,0  51,2   14:02   NNO
27  14,8  19,1   15:21  11,0   05:27   3,6   0,0   0,0  12,5  38,6   15:36   NNO
28  15,7  20,0   15:57  13,2   06:02   2,7   0,2   0,8  11,6  45,2   15:33   NNO
29  15,9  18,4   15:10  14,1   00:00   2,4   0,0   1,5  10,9  38,9   16:50   NNO
30  15,7  19,4   15:08  14,1   05:48   2,6   0,1   0,0  20,9  69,8   17:41   NNO
31  17,0  22,0   14:47  13,3   05:14   2,0   0,8   0,0  19,3  56,4   00:12   NNO
----------------------------------------------------------------------------------
    16,7  30,7    15     7,8    20    83,8  33,9  41,3  14,0  69,8    30     NNO

Max >=  27,0:  7
Max <=   0,0:  0
Min <=   0,0:  0
Min <= -18,0:  0
Max Rain: 18,5 on day 20
Days of Rain: 6 (>= 0,2 mm)  3 (>= 2,0 mm)  0 (>= 20,0 mm)
Heat Base: 18,3  Cool Base: 18,3  Method: Integration