NOAA-Style Climate Reports


Relatrio para o 2014 Maro
                   Monthly Climatological Summary for Mar 2014

Name: Alto dos Moinhos, Cercal CDV   City: Cercal CDV   State: Portugal
Elevation: 124 m  Lat: N 39° 13' 34"   Lon: W 008° 59' 50"

                  Temperature (°C), Rain (mm), Wind Speed (km/h)

                                      Heat  Cool        Avg
    Mean                              Deg   Deg         Wind                 Dom
Day Temp  High   Time   Low    Time   Days  Days  Rain  Speed High   Time    Dir
----------------------------------------------------------------------------------
 1  12,6  13,5   13:57  10,8   01:50   5,7   0,0   9,3  18,5  96,2   19:56   NNO
 2  12,6  13,2   15:25  11,1   23:56   5,7   0,0  11,8  18,5  67,7   00:45   NNO
 3  11,0  13,5   13:35   9,6   08:37   7,3   0,0   0,3  21,8  73,0   11:34   NNO
 4  11,4  14,2   12:01   8,9   06:58   6,9   0,0   1,3  13,0  50,0   13:32     N
 5  12,2  14,7   13:27  10,0   23:56   6,1   0,0   2,5  20,2  54,7   18:53   NNO
 6  13,0  21,8   15:03   9,4   07:03   5,7   0,4   0,0  10,5  37,5   21:51   NNO
 7  13,9  22,7   15:10   7,4   06:58   5,0   0,7   0,0   7,5  32,0   01:26   NNO
 8  15,5  22,1   15:11   9,8   00:37   3,5   0,7   0,0   8,3  46,4   13:07   SSE
 9  14,1  19,8   15:33  11,4   07:33   4,3   0,1   0,0   7,9  31,0   03:06   SSE
10  14,3  22,4   16:07   8,8   07:01   4,6   0,6   0,0   7,0  34,2   14:56    SE
11  15,2  23,8   15:36   7,5   03:26   4,3   1,1   0,0   4,9  25,7   12:54     E
12  14,2  21,6   15:42   7,8   02:40   4,5   0,5   0,0   5,0  26,1   19:00    NE
13  13,0  21,2   14:48   6,0   06:10   5,7   0,3   0,0   6,6  31,7   18:03     N
14  13,1  20,8   15:57   7,2   05:31   5,5   0,2   0,0   6,8  31,3   16:44   ONO
15  14,5  22,9   14:31   7,8   07:11   4,6   0,8   0,0   8,8  33,2   17:32   NNO
16  15,3  22,2   14:43   8,8   05:47   3,6   0,6   0,0   9,2  27,0   15:31   NNO
17  12,8  20,2   13:28   7,6   03:16   5,6   0,1   0,0  12,5  39,9   23:46   NNO
18  12,7  16,1   13:50  10,7   04:53   5,3   0,0   0,0  20,2  49,6   14:47   NNO
19  13,3  21,4   15:39   8,0   05:44   5,3   0,3   0,0   7,4  31,5   20:53   NNO
20  12,7  18,0   14:26   9,6   03:54   5,6   0,0   0,0   9,8  49,0   05:40   NNO
21  12,0  15,7   15:55   8,0   06:00   6,3   0,0   2,3   6,6  53,8   01:59    SO
22  11,0  14,1   12:52   8,7   07:16   7,3   0,0   0,8  15,6  53,1   14:33   NNO
23  10,3  15,6   15:28   6,5   23:31   8,0   0,0   0,0   9,2  45,2   04:43   NNO
24  10,2  15,4   14:59   4,9   04:15   8,1   0,0   3,5  12,3  44,6   13:27   NNO
25  11,6  13,6   11:28   9,3   03:33   6,7   0,0   0,0  20,3  62,4   18:32   NNO
26  10,2  13,9   15:08   7,8   06:29   8,1   0,0   1,5  18,4  38,9   14:51     N
27   9,1  12,6   09:02   6,3   05:24   9,2   0,0   6,5   9,0  45,9   15:38     S
28   8,2  13,4   16:27   3,9   23:51  10,1   0,0   5,0   5,9  31,0   13:04     S
29   8,9  15,9   14:34   2,6   02:04   9,4   0,0   0,0   6,0  32,6   16:50     N
30   9,7  16,2   16:38   3,9   05:06   8,3   0,0  10,5   7,5  50,0   12:57     S
31  12,1  14,0   17:09  10,3   00:00   6,2   0,0  24,8   9,0  44,6   11:34     S
----------------------------------------------------------------------------------
    12,3  23,8    11     2,6    29   192,5   6,4  80,1  11,1  96,2     1     NNO

Max >=  27,0:  0
Max <=   0,0:  0
Min <=   0,0:  0
Min <= -18,0:  0
Max Rain: 24,8 on day 31
Days of Rain: 13 (>= 0,2 mm)  9 (>= 2,0 mm)  1 (>= 20,0 mm)
Heat Base: 18,3  Cool Base: 18,3  Method: Integration