NOAA-Style Climate Reports


Relatrio para o 2013 Novembro
                   Monthly Climatological Summary for Nov 2013

Name: Alto dos Moinhos, Cercal CDV   City: Cercal CDV   State: Portugal
Elevation: 120 m  Lat: N 39° 13' 34"   Lon: W 008° 59' 50"

                  Temperature (°C), Rain (mm), Wind Speed (km/h)

                                      Heat  Cool        Avg
    Mean                              Deg   Deg         Wind                 Dom
Day Temp  High   Time   Low    Time   Days  Days  Rain  Speed High   Time    Dir
----------------------------------------------------------------------------------
 1  15,2  18,3   15:32  12,0   08:50   3,1   0,0   0,0   3,5  14,1   11:44     N
 2  16,9  20,8   15:07  14,1   06:19   1,6   0,2   0,0   4,1  50,6   18:08    SO
 3  15,6  19,6   13:02  12,1   21:14   2,8   0,1   0,0   7,4  60,9   23:03     N
 4  15,9  18,6   10:26  13,4   00:47   2,4   0,0   5,3   9,9  39,6   12:17   NNO
 5  16,2  18,8   12:05  13,3   23:45   2,1   0,0   2,8   9,7  36,5   04:26     N
 6  16,0  18,8   15:10  13,4   00:00   2,3   0,0   0,3   2,7  17,2   12:27   NNO
 7  16,3  18,9   12:59  14,0   08:04   2,0   0,0   0,0   3,8  21,9   22:56   SSO
 8  15,6  18,4   13:09  11,8   23:30   2,7   0,0   5,3  11,9  50,9   11:44   NNO
 9  13,1  17,8   13:16   7,0   07:20   5,2   0,0   0,0   8,1  37,6   12:57   NNO
10  15,5  19,0   13:18  13,7   23:21   2,9   0,0   0,0  12,8  41,9   15:10     N
11  14,6  19,1   13:26  12,0   07:48   3,8   0,0   0,0  14,6  40,6   15:37   NNO
12  14,9  20,2   13:31  12,0   07:16   3,5   0,1   0,0  14,7  41,5   15:55   NNO
13  16,3  23,4   14:31  11,1   06:52   2,8   0,8   0,0   9,3  37,0   00:35     N
14  15,5  22,5   14:03   8,8   23:26   3,0   0,5   0,0   6,3  29,1   12:22   NNO
15  11,7  16,3   11:50   5,7   02:22   6,6   0,0   0,0  10,5  41,7   14:35   NNO
16  10,1  14,4   14:58   6,4   07:33   8,2   0,0   0,0   7,1  29,2   22:56     N
17   9,9  15,5   13:29   4,3   06:23   8,4   0,0   0,0   7,3  33,5   15:06   NNO
18  11,6  15,1   12:57   8,3   07:22   6,7   0,0   0,0  15,4  50,9   11:10     N
19  12,2  15,5   13:53   9,9   02:00   6,1   0,0   0,0  16,7  54,5   13:10     N
20   9,8  16,5   13:55   3,4   23:46   8,5   0,0   0,0   6,1  22,8   04:36   NNO
21   8,8  14,4   13:23   2,8   03:21   9,4   0,0   0,0   2,5  24,2   13:27   ONO
22   9,4  10,4   00:00   8,5   23:54   8,9   0,0   6,3   5,3  23,3   11:58   SSE
23   8,3  11,4   13:11   5,9   07:09  10,0   0,0   0,0   6,6  27,0   11:26   SSE
24   9,4  17,3   14:39   2,0   06:47   8,9   0,0   0,0   6,0  34,4   15:34   NNE
25   8,8  17,3   14:10   2,4   05:26   9,5   0,0   0,0   3,8  22,8   14:14   ESE
26   8,5  15,4   15:06   1,7   04:39   9,8   0,0   0,0   5,1  25,5   13:30   SSE
27   7,7  14,7   14:08   3,9   05:48  10,6   0,0   0,0   6,2  24,6   11:32   SSE
28   7,9  13,7   14:17   3,5   07:15  10,4   0,0   0,0   6,3  32,4   19:24    SE
29   9,1  17,1   14:25   3,5   23:39   9,2   0,0   0,0   5,9  22,8   12:43   SSE
30   7,6  11,3   10:15   0,2   07:21  10,7   0,0   0,0   4,1  30,1   20:28     N
----------------------------------------------------------------------------------
    12,3  23,4    13     0,2    30   182,1   1,7  20,0   7,8  60,9     3       N

Max >=  27,0:  0
Max <=   0,0:  0
Min <=   0,0:  0
Min <= -18,0:  0
Max Rain: 6,3 on day 22
Days of Rain: 5 (>= 0,2 mm)  4 (>= 2,0 mm)  0 (>= 20,0 mm)
Heat Base: 18,3  Cool Base: 18,3  Method: Integration