NOAA-Style Climate Reports


Relatrio para o 2013 Agosto
                   Monthly Climatological Summary for Ago 2013

Name: Alto dos Moinhos, Cercal CDV   City: Cercal CDV   State: Portugal
Elevation: 120 m  Lat: N 39° 13' 34"   Lon: W 008° 59' 50"

                  Temperature (°C), Rain (mm), Wind Speed (km/h)

                                      Heat  Cool        Avg
    Mean                              Deg   Deg         Wind                 Dom
Day Temp  High   Time   Low    Time   Days  Days  Rain  Speed High   Time    Dir
----------------------------------------------------------------------------------
 1  21,3  28,1   15:33  16,7   06:50   0,4   3,4   0,0  11,4  51,1   16:29     N
 2  20,8  25,3   14:42  17,4   23:58   0,1   2,5   0,0   9,9  32,4   13:29     N
 3  19,6  24,2   14:38  16,3   06:53   0,6   1,9   0,0  13,3  34,6   16:21     N
 4  20,1  26,6   14:29  16,2   06:43   0,7   2,5   0,0  15,6  37,4   16:37     N
 5  20,5  25,6   16:15  17,4   00:40   0,2   2,4   0,0  15,0  33,1   14:33     N
 6  20,6  25,1   14:09  17,4   23:59   0,1   2,4   0,0  15,3  41,0   17:54     N
 7  19,5  24,7   14:50  15,8   06:29   0,6   1,8   0,0  15,8  36,0   15:43     N
 8  20,5  25,9   13:02  16,4   05:35   0,5   2,7   0,0  15,0  34,6   03:31     N
 9  25,2  37,3   14:37  16,8   06:35   0,2   7,1   0,0  10,2  30,2   16:21     N
10  26,5  38,0   13:29  16,9   07:19   0,0   8,3   0,0   9,4  30,2   16:46     N
11  24,5  35,4   15:31  18,5   07:11   0,0   6,2   0,0  12,4  32,4   18:41     N
12  21,3  28,4   15:54  17,0   07:13   0,2   3,2   0,0  11,6  32,4   22:14     N
13  22,7  30,8   13:38  17,7   00:00   0,0   4,4   0,0  13,4  33,1   16:37     N
14  24,2  33,1   14:37  18,7   06:32   0,0   5,5   0,0  12,9  28,8   01:20     N
15  22,0  29,7   15:05  18,4   02:54   0,0   3,7   0,0  13,1  32,4   17:55     N
16  19,6  24,1   17:41  17,1   06:39   0,1   1,4   0,0  20,4  45,4   20:40     N
17  20,6  25,6   15:50  17,8   07:24   0,0   2,3   0,0  18,8  41,0   04:35     N
18  20,3  26,7   15:38  16,4   07:02   0,4   2,4   0,0  17,0  33,8   17:10     N
19  22,1  28,2   16:19  17,9   06:48   0,0   3,8   0,0  14,9  32,4   13:09   NNO
20  25,4  37,2   14:18  17,9   05:53   0,0   7,1   0,0   9,2  34,6   01:41     N
21  21,2  29,4   14:46  16,5   06:30   0,5   3,3   0,0  11,7  28,1   13:52     N
22  20,8  27,1   14:42  17,6   04:09   0,2   2,6   0,0  16,4  44,6   19:56     N
23  19,9  24,2   15:44  17,0   03:26   0,3   1,9   0,0  20,3  45,4   20:36     N
24  19,7  24,0   14:59  16,9   23:40   0,3   1,7   0,0  19,8  41,8   11:09     N
25  20,3  28,5   14:31  14,9   06:27   1,0   3,0   0,0  15,1  35,3   22:08   NNO
26  19,8  28,0   15:15  14,7   05:28   1,2   2,7   0,0  13,0  33,1   07:26   NNO
27  20,6  30,9   14:31  13,2   06:21   1,3   3,6   0,0   6,9  29,5   17:15     N
28  22,2  32,0   14:23  15,8   06:22   0,4   4,0   0,0   9,2  30,2   16:31     N
29  23,4  31,3   15:45  15,6   04:20   0,2   5,3   0,0   7,9  33,1   16:26   NNE
30  22,7  33,9   14:42  13,5   07:12   0,7   5,0   0,0   6,4  28,8   16:51     N
31  25,1  33,1   13:59  18,9   07:30   0,0   6,8   0,0   8,5  25,9   17:10   NNO
----------------------------------------------------------------------------------
    21,7  38,0    10    13,2    27    10,2 114,9   0,0  13,2  51,1     1       N

Max >=  27,0: 19
Max <=   0,0:  0
Min <=   0,0:  0
Min <= -18,0:  0
Max Rain: 0,0 on day 0
Days of Rain: 0 (>= 0,2 mm)  0 (>= 2,0 mm)  0 (>= 20,0 mm)
Heat Base: 18,3  Cool Base: 18,3  Method: Integration