NOAA-Style Climate Reports


Relatrio para o 2013 Junho
                   Monthly Climatological Summary for Jun 2013

Name: Alto dos Moinhos, Cercal CDV   City: Cercal CDV   State: Portugal
Elevation: 120 m  Lat: N 39° 13' 34"   Lon: W 008° 59' 50"

                  Temperature (°C), Rain (mm), Wind Speed (km/h)

                                      Heat  Cool        Avg
    Mean                              Deg   Deg         Wind                 Dom
Day Temp  High   Time   Low    Time   Days  Days  Rain  Speed High   Time    Dir
----------------------------------------------------------------------------------
 1  17,5  23,8   14:23  11,3   06:20   2,4   1,7   0,0  10,6  30,2   17:14   NNO
 2  20,3  30,9   15:48  10,0   06:38   1,9   3,9   0,0   9,0  29,5   16:25     N
 3  21,8  30,5   13:48  12,6   04:17   0,9   4,4   0,0   6,6  26,6   15:05     N
 4  19,8  28,6   14:15  12,1   05:29   1,5   3,0   0,0   7,4  32,4   16:47   NNO
 5  16,3  22,0   14:27  11,8   05:55   2,7   0,7   0,0  13,2  33,8   15:11   NNO
 6  14,8  19,3   16:59  10,6   05:02   3,5   0,0   0,8   5,8  24,5   00:40   NNO
 7  13,9  17,4   11:43  11,3   06:18   4,4   0,0   2,5   7,6  31,0   15:23   NNO
 8  13,5  16,6   15:11  11,2   05:36   4,8   0,0   0,8   7,7  28,8   17:25   NNO
 9  14,2  17,0   15:16  11,9   12:26   4,0   0,0   0,0   7,3  25,9   15:18   NNO
10  14,9  19,1   17:53  13,3   23:28   3,3   0,0   0,0   2,9  18,7   19:47    NO
11  16,3  22,7   16:13  10,1   04:14   2,9   0,8   0,0   4,2  22,3   17:45   NNO
12  18,2  24,2   13:52  15,0   23:46   1,4   1,3   0,0  11,6  30,2   17:02   NNO
13  17,6  22,6   16:41  14,1   23:54   1,7   1,0   0,0  16,7  33,1   16:14   NNO
14  16,7  22,7   14:22  13,1   03:11   2,4   0,8   0,0  17,5  38,9   16:28   NNO
15  16,9  21,7   14:31  13,8   23:53   2,0   0,6   0,0  17,3  36,0   14:56   NNO
16  16,8  21,4   14:30  13,1   06:14   2,0   0,5   0,8  13,4  32,4   11:19   NNO
17  15,3  18,8   13:40  12,4   06:20   3,0   0,0   3,0  12,6  32,4   13:48   NNO
18  15,1  19,2   15:28  12,7   01:09   3,2   0,0  11,8  17,1  36,7   18:34   NNO
19  15,2  18,0   15:03  13,5   02:08   3,1   0,0   0,0  17,5  36,0   16:21   NNO
20  15,7  19,2   15:04  13,3   06:20   2,6   0,0   0,0  19,2  43,9   15:39   NNO
21  16,3  19,4   14:29  13,7   23:51   2,1   0,1   0,0  16,2  43,2   16:16   NNO
22  17,7  24,1   14:50  13,1   05:37   2,1   1,4   0,0  15,9  34,6   00:02   NNO
23  17,3  22,0   16:54  13,8   06:03   1,9   0,9   0,0  19,8  40,3   15:45   NNO
24  22,9  34,7   14:57  12,1   06:29   1,3   6,0   0,0   9,5  42,5   10:14   NNO
25  25,9  35,1   14:09  16,3   02:29   0,2   7,8   0,0   6,9  25,2   20:58     N
26  24,9  33,9   15:39  15,4   06:04   0,2   6,8   0,0   7,7  25,9   17:37   NNO
27  24,6  33,9   15:08  16,2   05:42   0,2   6,5   0,0   8,7  25,9   16:14   NNO
28  25,1  33,9   14:20  15,7   06:16   0,3   7,1   0,0   6,6  27,4   15:49   NNO
29  26,3  36,7   16:35  16,2   04:04   0,2   8,2   0,0   6,9  26,6   17:31     N
30  26,8  37,3   14:34  17,5   06:47   0,0   8,5   0,0   8,0  32,4   15:17   NNO
----------------------------------------------------------------------------------
    18,6  37,3    30    10,0     2    62,2  72,0  19,7  11,0  43,9    20     NNO

Max >=  27,0: 10
Max <=   0,0:  0
Min <=   0,0:  0
Min <= -18,0:  0
Max Rain: 11,8 on day 18
Days of Rain: 6 (>= 0,2 mm)  3 (>= 2,0 mm)  0 (>= 20,0 mm)
Heat Base: 18,3  Cool Base: 18,3  Method: Integration